{"id":26284,"date":"2025-12-12T18:24:30","date_gmt":"2025-12-12T17:24:30","guid":{"rendered":"https:\/\/test.ecbeaute.com\/?post_type=product&#038;p=26284"},"modified":"2025-12-12T18:24:33","modified_gmt":"2025-12-12T17:24:33","slug":"noreva-sensidiane-legere-creme-apaisante-40ml-2","status":"publish","type":"product","link":"https:\/\/paracherkaoui.ma\/index.php\/produit\/noreva-sensidiane-legere-creme-apaisante-40ml-2\/","title":{"rendered":"NOREVA SENSIDIANE LEGERE CREME APAISANTE 40ML"},"content":{"rendered":"<p>Sensidiane cr\u00e8me apaisante l\u00e9g\u00e8re pr\u00e9vient et prot\u00e8ge efficacement les peaux mixtes, sensibles ou sujettes aux flushes des sensations d\u2019inconfort ou de tiraillements. Hautement concentr\u00e9 en NeutrazenTM Pro, ce soin r\u00e9duit et r\u00e9gule durablement la sensibilit\u00e9 cutan\u00e9e.Sa texture ultra-fine p\u00e9n\u00e8tre rapidement sans laisser de film gras. Apais\u00e9e et hydrat\u00e9e, la peau redevient intens\u00e9ment plus douce, plus souple et plus confortable.<br \/>\nConseils d&rsquo;utilisation:<br \/>\nSe nettoyer pr\u00e9alablement le visage le matin avec l&rsquo;Eau micellaire apaisante. Appliquer g\u00e9n\u00e9reusement la Cr\u00e8me apaisante l\u00e9g\u00e8re.<br \/>\nCOMPOSITION :<br \/>\nAQUA (WATER), ISONONYL ISONONANOATE, GLYCERIN, SQUALANE, C20-22 ALKYL PHOSPHATE, C20-22 ALCOHOLS, CETEARYL ALCOHOL, PENTYLENE GLYCOL, CETYL ALCOHOL,<br \/>\nMETHYLPROPANEDIOL, HYDROXYETHYL ACRYLATE\/SODIUM ACRYLOYLDIMETHYL TAURATE COPOLYMER, BUTYLENE GLYCOL, DILINOLEIC ACID\/PROPANEDIOL COPOLYMER, ETHYLHEXYLGLYCERIN, CHLORPHENESIN, SODIUM HYDROXIDE, PHYTOSTERYL SUNFLOWERSEEDATE,<br \/>\nCAPRYLHYDROXAMIC ACID, ALLANTOIN, DISODIUM EDTA, FICUS CARICA (FIG) FRUIT EXTRACT, LACTIC ACID, HYDROGENATED VEGETABLE GLYCERIDE, POLYSORBATE 60, SORBITAN ISOSTEARATE, SODIUM BENZOATE, XANTHAN GUM, POTASSIUM SORBATE, DEXTRAN, PALMITOYL TRIPEPTIDE-8.<\/p>\n","protected":false},"excerpt":{"rendered":"<p>Sensidiane cr\u00e8me apaisante l\u00e9g\u00e8re pr\u00e9vient et prot\u00e8ge efficacement les peaux mixtes, sensibles ou sujettes aux flushes des sensations d\u2019inconfort ou<\/p>\n","protected":false},"featured_media":24975,"comment_status":"open","ping_status":"closed","template":"","meta":[],"product_brand":[403],"product_cat":[522],"product_tag":[],"class_list":{"0":"post-26284","1":"product","2":"type-product","3":"status-publish","4":"has-post-thumbnail","6":"product_brand-noreva","7":"product_cat-soins-anti-rougeurs","9":"first","10":"instock","11":"sale","12":"shipping-taxable","13":"purchasable","14":"product-type-simple"},"yoast_head":"<!-- This site is optimized with the Yoast SEO plugin v26.6 - https:\/\/yoast.com\/wordpress\/plugins\/seo\/ -->\r\n<title>NOREVA SENSIDIANE LEGERE CREME APAISANTE 40ML - Paracherkaoui.ma<\/title>\r\n<meta name=\"robots\" content=\"index, follow, max-snippet:-1, max-image-preview:large, max-video-preview:-1\" \/>\r\n<link rel=\"canonical\" href=\"https:\/\/paracherkaoui.ma\/index.php\/produit\/noreva-sensidiane-legere-creme-apaisante-40ml-2\/\" \/>\r\n<meta property=\"og:locale\" content=\"fr_FR\" \/>\r\n<meta property=\"og:type\" content=\"article\" \/>\r\n<meta property=\"og:title\" content=\"NOREVA SENSIDIANE LEGERE CREME APAISANTE 40ML - Paracherkaoui.ma\" \/>\r\n<meta property=\"og:description\" content=\"Sensidiane cr\u00e8me apaisante l\u00e9g\u00e8re pr\u00e9vient et prot\u00e8ge efficacement les peaux mixtes, sensibles ou sujettes aux flushes des sensations d\u2019inconfort ou\" \/>\r\n<meta property=\"og:url\" content=\"https:\/\/paracherkaoui.ma\/index.php\/produit\/noreva-sensidiane-legere-creme-apaisante-40ml-2\/\" \/>\r\n<meta property=\"og:site_name\" content=\"Paracherkaoui.ma\" \/>\r\n<meta property=\"article:modified_time\" content=\"2025-12-12T17:24:33+00:00\" \/>\r\n<meta property=\"og:image\" content=\"https:\/\/paracherkaoui.ma\/wp-content\/uploads\/2025\/12\/noreva-noreva-sensidiane-legere-creme-apaisante-40ml-soins-anti-rougeurs.jpg\" \/>\r\n\t<meta property=\"og:image:width\" content=\"700\" \/>\r\n\t<meta property=\"og:image:height\" content=\"700\" \/>\r\n\t<meta property=\"og:image:type\" content=\"image\/jpeg\" \/>\r\n<meta name=\"twitter:card\" content=\"summary_large_image\" \/>\r\n<meta name=\"twitter:label1\" content=\"Dur\u00e9e de lecture estim\u00e9e\" \/>\n\t<meta name=\"twitter:data1\" content=\"1 minute\" \/>\r\n<script type=\"application\/ld+json\" class=\"yoast-schema-graph\">{\"@context\":\"https:\/\/schema.org\",\"@graph\":[{\"@type\":\"WebPage\",\"@id\":\"https:\/\/paracherkaoui.ma\/index.php\/produit\/noreva-sensidiane-legere-creme-apaisante-40ml-2\/\",\"url\":\"https:\/\/paracherkaoui.ma\/index.php\/produit\/noreva-sensidiane-legere-creme-apaisante-40ml-2\/\",\"name\":\"NOREVA SENSIDIANE LEGERE CREME APAISANTE 40ML - Paracherkaoui.ma\",\"isPartOf\":{\"@id\":\"https:\/\/paracherkaoui.ma\/#website\"},\"primaryImageOfPage\":{\"@id\":\"https:\/\/paracherkaoui.ma\/index.php\/produit\/noreva-sensidiane-legere-creme-apaisante-40ml-2\/#primaryimage\"},\"image\":{\"@id\":\"https:\/\/paracherkaoui.ma\/index.php\/produit\/noreva-sensidiane-legere-creme-apaisante-40ml-2\/#primaryimage\"},\"thumbnailUrl\":\"https:\/\/paracherkaoui.ma\/wp-content\/uploads\/2025\/12\/noreva-noreva-sensidiane-legere-creme-apaisante-40ml-soins-anti-rougeurs.jpg\",\"datePublished\":\"2025-12-12T17:24:30+00:00\",\"dateModified\":\"2025-12-12T17:24:33+00:00\",\"breadcrumb\":{\"@id\":\"https:\/\/paracherkaoui.ma\/index.php\/produit\/noreva-sensidiane-legere-creme-apaisante-40ml-2\/#breadcrumb\"},\"inLanguage\":\"fr-FR\",\"potentialAction\":[{\"@type\":\"ReadAction\",\"target\":[\"https:\/\/paracherkaoui.ma\/index.php\/produit\/noreva-sensidiane-legere-creme-apaisante-40ml-2\/\"]}]},{\"@type\":\"ImageObject\",\"inLanguage\":\"fr-FR\",\"@id\":\"https:\/\/paracherkaoui.ma\/index.php\/produit\/noreva-sensidiane-legere-creme-apaisante-40ml-2\/#primaryimage\",\"url\":\"https:\/\/paracherkaoui.ma\/wp-content\/uploads\/2025\/12\/noreva-noreva-sensidiane-legere-creme-apaisante-40ml-soins-anti-rougeurs.jpg\",\"contentUrl\":\"https:\/\/paracherkaoui.ma\/wp-content\/uploads\/2025\/12\/noreva-noreva-sensidiane-legere-creme-apaisante-40ml-soins-anti-rougeurs.jpg\",\"width\":700,\"height\":700},{\"@type\":\"BreadcrumbList\",\"@id\":\"https:\/\/paracherkaoui.ma\/index.php\/produit\/noreva-sensidiane-legere-creme-apaisante-40ml-2\/#breadcrumb\",\"itemListElement\":[{\"@type\":\"ListItem\",\"position\":1,\"name\":\"Accueil\",\"item\":\"https:\/\/paracherkaoui.ma\/\"},{\"@type\":\"ListItem\",\"position\":2,\"name\":\"Boutique\",\"item\":\"https:\/\/paracherkaoui.ma\/index.php\/boutique\/\"},{\"@type\":\"ListItem\",\"position\":3,\"name\":\"NOREVA SENSIDIANE LEGERE CREME APAISANTE 40ML\"}]},{\"@type\":\"WebSite\",\"@id\":\"https:\/\/paracherkaoui.ma\/#website\",\"url\":\"https:\/\/paracherkaoui.ma\/\",\"name\":\"Paracherkaoui.ma\",\"description\":\"Achetez en ligne sur Paracherkaoui.ma\",\"potentialAction\":[{\"@type\":\"SearchAction\",\"target\":{\"@type\":\"EntryPoint\",\"urlTemplate\":\"https:\/\/paracherkaoui.ma\/?s={search_term_string}\"},\"query-input\":{\"@type\":\"PropertyValueSpecification\",\"valueRequired\":true,\"valueName\":\"search_term_string\"}}],\"inLanguage\":\"fr-FR\"}]}<\/script>\r\n<!-- \/ Yoast SEO plugin. -->","yoast_head_json":{"title":"NOREVA SENSIDIANE LEGERE CREME APAISANTE 40ML - Paracherkaoui.ma","robots":{"index":"index","follow":"follow","max-snippet":"max-snippet:-1","max-image-preview":"max-image-preview:large","max-video-preview":"max-video-preview:-1"},"canonical":"https:\/\/paracherkaoui.ma\/index.php\/produit\/noreva-sensidiane-legere-creme-apaisante-40ml-2\/","og_locale":"fr_FR","og_type":"article","og_title":"NOREVA SENSIDIANE LEGERE CREME APAISANTE 40ML - Paracherkaoui.ma","og_description":"Sensidiane cr\u00e8me apaisante l\u00e9g\u00e8re pr\u00e9vient et prot\u00e8ge efficacement les peaux mixtes, sensibles ou sujettes aux flushes des sensations d\u2019inconfort ou","og_url":"https:\/\/paracherkaoui.ma\/index.php\/produit\/noreva-sensidiane-legere-creme-apaisante-40ml-2\/","og_site_name":"Paracherkaoui.ma","article_modified_time":"2025-12-12T17:24:33+00:00","og_image":[{"width":700,"height":700,"url":"https:\/\/paracherkaoui.ma\/wp-content\/uploads\/2025\/12\/noreva-noreva-sensidiane-legere-creme-apaisante-40ml-soins-anti-rougeurs.jpg","type":"image\/jpeg"}],"twitter_card":"summary_large_image","twitter_misc":{"Dur\u00e9e de lecture estim\u00e9e":"1 minute"},"schema":{"@context":"https:\/\/schema.org","@graph":[{"@type":"WebPage","@id":"https:\/\/paracherkaoui.ma\/index.php\/produit\/noreva-sensidiane-legere-creme-apaisante-40ml-2\/","url":"https:\/\/paracherkaoui.ma\/index.php\/produit\/noreva-sensidiane-legere-creme-apaisante-40ml-2\/","name":"NOREVA SENSIDIANE LEGERE CREME APAISANTE 40ML - Paracherkaoui.ma","isPartOf":{"@id":"https:\/\/paracherkaoui.ma\/#website"},"primaryImageOfPage":{"@id":"https:\/\/paracherkaoui.ma\/index.php\/produit\/noreva-sensidiane-legere-creme-apaisante-40ml-2\/#primaryimage"},"image":{"@id":"https:\/\/paracherkaoui.ma\/index.php\/produit\/noreva-sensidiane-legere-creme-apaisante-40ml-2\/#primaryimage"},"thumbnailUrl":"https:\/\/paracherkaoui.ma\/wp-content\/uploads\/2025\/12\/noreva-noreva-sensidiane-legere-creme-apaisante-40ml-soins-anti-rougeurs.jpg","datePublished":"2025-12-12T17:24:30+00:00","dateModified":"2025-12-12T17:24:33+00:00","breadcrumb":{"@id":"https:\/\/paracherkaoui.ma\/index.php\/produit\/noreva-sensidiane-legere-creme-apaisante-40ml-2\/#breadcrumb"},"inLanguage":"fr-FR","potentialAction":[{"@type":"ReadAction","target":["https:\/\/paracherkaoui.ma\/index.php\/produit\/noreva-sensidiane-legere-creme-apaisante-40ml-2\/"]}]},{"@type":"ImageObject","inLanguage":"fr-FR","@id":"https:\/\/paracherkaoui.ma\/index.php\/produit\/noreva-sensidiane-legere-creme-apaisante-40ml-2\/#primaryimage","url":"https:\/\/paracherkaoui.ma\/wp-content\/uploads\/2025\/12\/noreva-noreva-sensidiane-legere-creme-apaisante-40ml-soins-anti-rougeurs.jpg","contentUrl":"https:\/\/paracherkaoui.ma\/wp-content\/uploads\/2025\/12\/noreva-noreva-sensidiane-legere-creme-apaisante-40ml-soins-anti-rougeurs.jpg","width":700,"height":700},{"@type":"BreadcrumbList","@id":"https:\/\/paracherkaoui.ma\/index.php\/produit\/noreva-sensidiane-legere-creme-apaisante-40ml-2\/#breadcrumb","itemListElement":[{"@type":"ListItem","position":1,"name":"Accueil","item":"https:\/\/paracherkaoui.ma\/"},{"@type":"ListItem","position":2,"name":"Boutique","item":"https:\/\/paracherkaoui.ma\/index.php\/boutique\/"},{"@type":"ListItem","position":3,"name":"NOREVA SENSIDIANE LEGERE CREME APAISANTE 40ML"}]},{"@type":"WebSite","@id":"https:\/\/paracherkaoui.ma\/#website","url":"https:\/\/paracherkaoui.ma\/","name":"Paracherkaoui.ma","description":"Achetez en ligne sur Paracherkaoui.ma","potentialAction":[{"@type":"SearchAction","target":{"@type":"EntryPoint","urlTemplate":"https:\/\/paracherkaoui.ma\/?s={search_term_string}"},"query-input":{"@type":"PropertyValueSpecification","valueRequired":true,"valueName":"search_term_string"}}],"inLanguage":"fr-FR"}]}},"_links":{"self":[{"href":"https:\/\/paracherkaoui.ma\/index.php\/wp-json\/wp\/v2\/product\/26284","targetHints":{"allow":["GET"]}}],"collection":[{"href":"https:\/\/paracherkaoui.ma\/index.php\/wp-json\/wp\/v2\/product"}],"about":[{"href":"https:\/\/paracherkaoui.ma\/index.php\/wp-json\/wp\/v2\/types\/product"}],"replies":[{"embeddable":true,"href":"https:\/\/paracherkaoui.ma\/index.php\/wp-json\/wp\/v2\/comments?post=26284"}],"version-history":[{"count":1,"href":"https:\/\/paracherkaoui.ma\/index.php\/wp-json\/wp\/v2\/product\/26284\/revisions"}],"predecessor-version":[{"id":26314,"href":"https:\/\/paracherkaoui.ma\/index.php\/wp-json\/wp\/v2\/product\/26284\/revisions\/26314"}],"wp:featuredmedia":[{"embeddable":true,"href":"https:\/\/paracherkaoui.ma\/index.php\/wp-json\/wp\/v2\/media\/24975"}],"wp:attachment":[{"href":"https:\/\/paracherkaoui.ma\/index.php\/wp-json\/wp\/v2\/media?parent=26284"}],"wp:term":[{"taxonomy":"product_brand","embeddable":true,"href":"https:\/\/paracherkaoui.ma\/index.php\/wp-json\/wp\/v2\/product_brand?post=26284"},{"taxonomy":"product_cat","embeddable":true,"href":"https:\/\/paracherkaoui.ma\/index.php\/wp-json\/wp\/v2\/product_cat?post=26284"},{"taxonomy":"product_tag","embeddable":true,"href":"https:\/\/paracherkaoui.ma\/index.php\/wp-json\/wp\/v2\/product_tag?post=26284"}],"curies":[{"name":"wp","href":"https:\/\/api.w.org\/{rel}","templated":true}]}}