{"id":25946,"date":"2025-12-12T18:23:36","date_gmt":"2025-12-12T17:23:36","guid":{"rendered":"https:\/\/test.ecbeaute.com\/?post_type=product&#038;p=25946"},"modified":"2025-12-12T18:23:39","modified_gmt":"2025-12-12T17:23:39","slug":"hyfac-fotoker-creme-dermatologique-50-ml","status":"publish","type":"product","link":"https:\/\/paracherkaoui.ma\/index.php\/produit\/hyfac-fotoker-creme-dermatologique-50-ml\/","title":{"rendered":"HYFAC FOTOKER CREME DERMATOLOGIQUE 50 ML"},"content":{"rendered":"<p>La cr\u00e8me dermatologique Fotoker est \u00e0 la fois un \u00e9cran solaire 50+ et un r\u00e9parateur d\u2019ADN endommag\u00e9 par l\u2019exposition au soleil. Il peut s\u2019utiliser sur les k\u00e9ratoses actiniques.<\/p>\n<p>L\u2019exposition au soleil a des effets b\u00e9n\u00e9fiques (r\u00e9chauffement, bronzage, production de vitamine D) mais \u00e9galement des effets n\u00e9gatifs. En effet, certains rayonnements solaires, tels les UVA, les UVB et les infrarouges, participent au photovieillissement de la peau et peuvent induire des pathologies. L\u2019ADN m\u00eame de la peau peut \u00eatre alt\u00e9r\u00e9 par les rayonnements, particuli\u00e8rement les infrarouges.<\/p>\n<p>La cr\u00e8me dermatologique Fotoker est un \u00e9cran solaire d\u2019indice 50 +. Ce chiffre indique un tr\u00e8s haut degr\u00e9 de protection face aux rayonnements solaires. Mais Fotoker va plus loin qu\u2019une simple protection\u00a0: il inclut de la photolyase, une enzyme extraite d\u2019une algue. Une fois d\u00e9pos\u00e9e sur la peau et activ\u00e9e par la lumi\u00e8re, cette enzyme a la capacit\u00e9 de r\u00e9parer tr\u00e8s rapidement les dommages caus\u00e9s par les rayonnements solaires \u00e0 l\u2019ADN cutan\u00e9.<\/p>\n<p>Fotoker peut \u00eatre appliqu\u00e9 sur une peau marqu\u00e9e par les manifestations de la k\u00e9ratose actinique. C\u2019est une l\u00e9sion cutan\u00e9e caract\u00e9ris\u00e9e par la pr\u00e9sence sur les zones les plus expos\u00e9es au soleil de squames, de rugosit\u00e9s et de rougeurs. Elle peut s\u2019aggraver en cancer. La cr\u00e8me Fotoker prot\u00e8ge des rayonnements solaires sans utiliser d\u2019\u00e9cran min\u00e9ral (parfois appel\u00e9 \u00e9cran physique), ce type d\u2019\u00e9cran \u00e9tant incompatible avec certains traitements de la k\u00e9ratose actinique.<\/p>\n<p>Enfin, la cr\u00e8me dermatologique Fotoker est agr\u00e9able \u00e0 appliquer sur la peau.<\/p>\n<p>Contenance : Tube de 50 ml<br \/>\nAppliquez cette cr\u00e8me deux fois par jour sur les endroits de la peau expos\u00e9s au soleil et surtout sur les zones l\u00e9s\u00e9es par la k\u00e9ratose actinique.<\/p>\n","protected":false},"excerpt":{"rendered":"<p>La cr\u00e8me dermatologique Fotoker est \u00e0 la fois un \u00e9cran solaire 50+ et un r\u00e9parateur d\u2019ADN endommag\u00e9 par l\u2019exposition au<\/p>\n","protected":false},"featured_media":25983,"comment_status":"open","ping_status":"closed","template":"","meta":[],"product_brand":[365],"product_cat":[502],"product_tag":[],"class_list":{"0":"post-25946","1":"product","2":"type-product","3":"status-publish","4":"has-post-thumbnail","6":"product_brand-hyfac","7":"product_cat-soins-anti-imperfections","9":"first","10":"instock","11":"sale","12":"shipping-taxable","13":"purchasable","14":"product-type-simple"},"yoast_head":"<!-- This site is optimized with the Yoast SEO plugin v26.6 - https:\/\/yoast.com\/wordpress\/plugins\/seo\/ -->\r\n<title>HYFAC FOTOKER CREME DERMATOLOGIQUE 50 ML - Paracherkaoui.ma<\/title>\r\n<meta name=\"robots\" content=\"index, follow, max-snippet:-1, max-image-preview:large, max-video-preview:-1\" \/>\r\n<link rel=\"canonical\" href=\"https:\/\/paracherkaoui.ma\/index.php\/produit\/hyfac-fotoker-creme-dermatologique-50-ml\/\" \/>\r\n<meta property=\"og:locale\" content=\"fr_FR\" \/>\r\n<meta property=\"og:type\" content=\"article\" \/>\r\n<meta property=\"og:title\" content=\"HYFAC FOTOKER CREME DERMATOLOGIQUE 50 ML - Paracherkaoui.ma\" \/>\r\n<meta property=\"og:description\" content=\"La cr\u00e8me dermatologique Fotoker est \u00e0 la fois un \u00e9cran solaire 50+ et un r\u00e9parateur d\u2019ADN endommag\u00e9 par l\u2019exposition au\" \/>\r\n<meta property=\"og:url\" content=\"https:\/\/paracherkaoui.ma\/index.php\/produit\/hyfac-fotoker-creme-dermatologique-50-ml\/\" \/>\r\n<meta property=\"og:site_name\" content=\"Paracherkaoui.ma\" \/>\r\n<meta property=\"article:modified_time\" content=\"2025-12-12T17:23:39+00:00\" \/>\r\n<meta property=\"og:image\" content=\"https:\/\/paracherkaoui.ma\/wp-content\/uploads\/2025\/12\/hyfac-hyfac-fotoker-creme-dermatologique-50-ml-soins-anti-imperfections.jpg\" \/>\r\n\t<meta property=\"og:image:width\" content=\"700\" \/>\r\n\t<meta property=\"og:image:height\" content=\"700\" \/>\r\n\t<meta property=\"og:image:type\" content=\"image\/jpeg\" \/>\r\n<meta name=\"twitter:card\" content=\"summary_large_image\" \/>\r\n<meta name=\"twitter:label1\" content=\"Dur\u00e9e de lecture estim\u00e9e\" \/>\n\t<meta name=\"twitter:data1\" content=\"2 minutes\" \/>\r\n<script type=\"application\/ld+json\" class=\"yoast-schema-graph\">{\"@context\":\"https:\/\/schema.org\",\"@graph\":[{\"@type\":\"WebPage\",\"@id\":\"https:\/\/paracherkaoui.ma\/index.php\/produit\/hyfac-fotoker-creme-dermatologique-50-ml\/\",\"url\":\"https:\/\/paracherkaoui.ma\/index.php\/produit\/hyfac-fotoker-creme-dermatologique-50-ml\/\",\"name\":\"HYFAC FOTOKER CREME DERMATOLOGIQUE 50 ML - Paracherkaoui.ma\",\"isPartOf\":{\"@id\":\"https:\/\/paracherkaoui.ma\/#website\"},\"primaryImageOfPage\":{\"@id\":\"https:\/\/paracherkaoui.ma\/index.php\/produit\/hyfac-fotoker-creme-dermatologique-50-ml\/#primaryimage\"},\"image\":{\"@id\":\"https:\/\/paracherkaoui.ma\/index.php\/produit\/hyfac-fotoker-creme-dermatologique-50-ml\/#primaryimage\"},\"thumbnailUrl\":\"https:\/\/paracherkaoui.ma\/wp-content\/uploads\/2025\/12\/hyfac-hyfac-fotoker-creme-dermatologique-50-ml-soins-anti-imperfections.jpg\",\"datePublished\":\"2025-12-12T17:23:36+00:00\",\"dateModified\":\"2025-12-12T17:23:39+00:00\",\"breadcrumb\":{\"@id\":\"https:\/\/paracherkaoui.ma\/index.php\/produit\/hyfac-fotoker-creme-dermatologique-50-ml\/#breadcrumb\"},\"inLanguage\":\"fr-FR\",\"potentialAction\":[{\"@type\":\"ReadAction\",\"target\":[\"https:\/\/paracherkaoui.ma\/index.php\/produit\/hyfac-fotoker-creme-dermatologique-50-ml\/\"]}]},{\"@type\":\"ImageObject\",\"inLanguage\":\"fr-FR\",\"@id\":\"https:\/\/paracherkaoui.ma\/index.php\/produit\/hyfac-fotoker-creme-dermatologique-50-ml\/#primaryimage\",\"url\":\"https:\/\/paracherkaoui.ma\/wp-content\/uploads\/2025\/12\/hyfac-hyfac-fotoker-creme-dermatologique-50-ml-soins-anti-imperfections.jpg\",\"contentUrl\":\"https:\/\/paracherkaoui.ma\/wp-content\/uploads\/2025\/12\/hyfac-hyfac-fotoker-creme-dermatologique-50-ml-soins-anti-imperfections.jpg\",\"width\":700,\"height\":700},{\"@type\":\"BreadcrumbList\",\"@id\":\"https:\/\/paracherkaoui.ma\/index.php\/produit\/hyfac-fotoker-creme-dermatologique-50-ml\/#breadcrumb\",\"itemListElement\":[{\"@type\":\"ListItem\",\"position\":1,\"name\":\"Accueil\",\"item\":\"https:\/\/paracherkaoui.ma\/\"},{\"@type\":\"ListItem\",\"position\":2,\"name\":\"Boutique\",\"item\":\"https:\/\/paracherkaoui.ma\/index.php\/boutique\/\"},{\"@type\":\"ListItem\",\"position\":3,\"name\":\"HYFAC FOTOKER CREME DERMATOLOGIQUE 50 ML\"}]},{\"@type\":\"WebSite\",\"@id\":\"https:\/\/paracherkaoui.ma\/#website\",\"url\":\"https:\/\/paracherkaoui.ma\/\",\"name\":\"Paracherkaoui.ma\",\"description\":\"Achetez en ligne sur Paracherkaoui.ma\",\"potentialAction\":[{\"@type\":\"SearchAction\",\"target\":{\"@type\":\"EntryPoint\",\"urlTemplate\":\"https:\/\/paracherkaoui.ma\/?s={search_term_string}\"},\"query-input\":{\"@type\":\"PropertyValueSpecification\",\"valueRequired\":true,\"valueName\":\"search_term_string\"}}],\"inLanguage\":\"fr-FR\"}]}<\/script>\r\n<!-- \/ Yoast SEO plugin. -->","yoast_head_json":{"title":"HYFAC FOTOKER CREME DERMATOLOGIQUE 50 ML - Paracherkaoui.ma","robots":{"index":"index","follow":"follow","max-snippet":"max-snippet:-1","max-image-preview":"max-image-preview:large","max-video-preview":"max-video-preview:-1"},"canonical":"https:\/\/paracherkaoui.ma\/index.php\/produit\/hyfac-fotoker-creme-dermatologique-50-ml\/","og_locale":"fr_FR","og_type":"article","og_title":"HYFAC FOTOKER CREME DERMATOLOGIQUE 50 ML - Paracherkaoui.ma","og_description":"La cr\u00e8me dermatologique Fotoker est \u00e0 la fois un \u00e9cran solaire 50+ et un r\u00e9parateur d\u2019ADN endommag\u00e9 par l\u2019exposition au","og_url":"https:\/\/paracherkaoui.ma\/index.php\/produit\/hyfac-fotoker-creme-dermatologique-50-ml\/","og_site_name":"Paracherkaoui.ma","article_modified_time":"2025-12-12T17:23:39+00:00","og_image":[{"width":700,"height":700,"url":"https:\/\/paracherkaoui.ma\/wp-content\/uploads\/2025\/12\/hyfac-hyfac-fotoker-creme-dermatologique-50-ml-soins-anti-imperfections.jpg","type":"image\/jpeg"}],"twitter_card":"summary_large_image","twitter_misc":{"Dur\u00e9e de lecture estim\u00e9e":"2 minutes"},"schema":{"@context":"https:\/\/schema.org","@graph":[{"@type":"WebPage","@id":"https:\/\/paracherkaoui.ma\/index.php\/produit\/hyfac-fotoker-creme-dermatologique-50-ml\/","url":"https:\/\/paracherkaoui.ma\/index.php\/produit\/hyfac-fotoker-creme-dermatologique-50-ml\/","name":"HYFAC FOTOKER CREME DERMATOLOGIQUE 50 ML - Paracherkaoui.ma","isPartOf":{"@id":"https:\/\/paracherkaoui.ma\/#website"},"primaryImageOfPage":{"@id":"https:\/\/paracherkaoui.ma\/index.php\/produit\/hyfac-fotoker-creme-dermatologique-50-ml\/#primaryimage"},"image":{"@id":"https:\/\/paracherkaoui.ma\/index.php\/produit\/hyfac-fotoker-creme-dermatologique-50-ml\/#primaryimage"},"thumbnailUrl":"https:\/\/paracherkaoui.ma\/wp-content\/uploads\/2025\/12\/hyfac-hyfac-fotoker-creme-dermatologique-50-ml-soins-anti-imperfections.jpg","datePublished":"2025-12-12T17:23:36+00:00","dateModified":"2025-12-12T17:23:39+00:00","breadcrumb":{"@id":"https:\/\/paracherkaoui.ma\/index.php\/produit\/hyfac-fotoker-creme-dermatologique-50-ml\/#breadcrumb"},"inLanguage":"fr-FR","potentialAction":[{"@type":"ReadAction","target":["https:\/\/paracherkaoui.ma\/index.php\/produit\/hyfac-fotoker-creme-dermatologique-50-ml\/"]}]},{"@type":"ImageObject","inLanguage":"fr-FR","@id":"https:\/\/paracherkaoui.ma\/index.php\/produit\/hyfac-fotoker-creme-dermatologique-50-ml\/#primaryimage","url":"https:\/\/paracherkaoui.ma\/wp-content\/uploads\/2025\/12\/hyfac-hyfac-fotoker-creme-dermatologique-50-ml-soins-anti-imperfections.jpg","contentUrl":"https:\/\/paracherkaoui.ma\/wp-content\/uploads\/2025\/12\/hyfac-hyfac-fotoker-creme-dermatologique-50-ml-soins-anti-imperfections.jpg","width":700,"height":700},{"@type":"BreadcrumbList","@id":"https:\/\/paracherkaoui.ma\/index.php\/produit\/hyfac-fotoker-creme-dermatologique-50-ml\/#breadcrumb","itemListElement":[{"@type":"ListItem","position":1,"name":"Accueil","item":"https:\/\/paracherkaoui.ma\/"},{"@type":"ListItem","position":2,"name":"Boutique","item":"https:\/\/paracherkaoui.ma\/index.php\/boutique\/"},{"@type":"ListItem","position":3,"name":"HYFAC FOTOKER CREME DERMATOLOGIQUE 50 ML"}]},{"@type":"WebSite","@id":"https:\/\/paracherkaoui.ma\/#website","url":"https:\/\/paracherkaoui.ma\/","name":"Paracherkaoui.ma","description":"Achetez en ligne sur Paracherkaoui.ma","potentialAction":[{"@type":"SearchAction","target":{"@type":"EntryPoint","urlTemplate":"https:\/\/paracherkaoui.ma\/?s={search_term_string}"},"query-input":{"@type":"PropertyValueSpecification","valueRequired":true,"valueName":"search_term_string"}}],"inLanguage":"fr-FR"}]}},"_links":{"self":[{"href":"https:\/\/paracherkaoui.ma\/index.php\/wp-json\/wp\/v2\/product\/25946","targetHints":{"allow":["GET"]}}],"collection":[{"href":"https:\/\/paracherkaoui.ma\/index.php\/wp-json\/wp\/v2\/product"}],"about":[{"href":"https:\/\/paracherkaoui.ma\/index.php\/wp-json\/wp\/v2\/types\/product"}],"replies":[{"embeddable":true,"href":"https:\/\/paracherkaoui.ma\/index.php\/wp-json\/wp\/v2\/comments?post=25946"}],"version-history":[{"count":1,"href":"https:\/\/paracherkaoui.ma\/index.php\/wp-json\/wp\/v2\/product\/25946\/revisions"}],"predecessor-version":[{"id":25984,"href":"https:\/\/paracherkaoui.ma\/index.php\/wp-json\/wp\/v2\/product\/25946\/revisions\/25984"}],"wp:featuredmedia":[{"embeddable":true,"href":"https:\/\/paracherkaoui.ma\/index.php\/wp-json\/wp\/v2\/media\/25983"}],"wp:attachment":[{"href":"https:\/\/paracherkaoui.ma\/index.php\/wp-json\/wp\/v2\/media?parent=25946"}],"wp:term":[{"taxonomy":"product_brand","embeddable":true,"href":"https:\/\/paracherkaoui.ma\/index.php\/wp-json\/wp\/v2\/product_brand?post=25946"},{"taxonomy":"product_cat","embeddable":true,"href":"https:\/\/paracherkaoui.ma\/index.php\/wp-json\/wp\/v2\/product_cat?post=25946"},{"taxonomy":"product_tag","embeddable":true,"href":"https:\/\/paracherkaoui.ma\/index.php\/wp-json\/wp\/v2\/product_tag?post=25946"}],"curies":[{"name":"wp","href":"https:\/\/api.w.org\/{rel}","templated":true}]}}