{"id":25565,"date":"2025-12-12T18:22:46","date_gmt":"2025-12-12T17:22:46","guid":{"rendered":"https:\/\/test.ecbeaute.com\/?post_type=product&#038;p=25565"},"modified":"2025-12-12T18:22:51","modified_gmt":"2025-12-12T17:22:51","slug":"swissderma-gel-nettoyant-peaux-grasses-200-ml-2","status":"publish","type":"product","link":"https:\/\/paracherkaoui.ma\/index.php\/produit\/swissderma-gel-nettoyant-peaux-grasses-200-ml-2\/","title":{"rendered":"SWISSDERMA GEL NETTOYANT PEAUX GRASSES 200 ML"},"content":{"rendered":"<p>Swissderma gel nettoyant purifiant permet de nettoyer la peau en douceur, facilite l\u2019\u00e9limination des impuret\u00e9s et l\u2019exc\u00e8s de s\u00e9bum tout en limitant la prolif\u00e9ration bact\u00e9rienne et pr\u00e9pare la peau aux soins dermatologiques.<br \/>\nprincipaux actifs :<br \/>\nLa b\u00e9ta\u00efne<br \/>\nLa b\u00e9ta\u00efne qui un v\u00e9ritable hydratant qui contr\u00f4le l&rsquo;\u00e9quilibre hydrique de la peau, renforce la barri\u00e8re cutan\u00e9e pour obtenir une peau plus ferme et plus \u00e9lastique, r\u00e9duit les irritations chimiques et m\u00e9caniques, am\u00e9liore le toucher et exerce une action anti-inflammatoire.<br \/>\nLes prot\u00e9ines de bl\u00e9<br \/>\nLes prot\u00e9ines de bl\u00e9 sont fr\u00e9quemment utilis\u00e9es dans les produits cosm\u00e9tiques en raison de leurs propri\u00e9t\u00e9s hydratantes en effet, elles permettent de pr\u00e9server la r\u00e9tention d&rsquo;eau et hydratent la peau en profondeur, les Prot\u00e9ines de Bl\u00e9 agissent \u00e9galement comme agents filmog\u00e8nes, tenseurs ce qui assure une bonne hydratation de la peau.<br \/>\nL&rsquo;acide salicylique<br \/>\nL&rsquo;acide salicylique aide \u00e0 dissoudre les \u00ab\u00a0points noirs\u00a0\u00bb et les points blancs, p\u00e9n\u00e8tre efficacement dans les pores remplis de s\u00e9bum et exfolie les cellules mortes de la peau qui s&rsquo;y accumulent et bloque les pores de la peau, r\u00e9duisant par le fait m\u00eame la s\u00e9cr\u00e9tion de s\u00e9bum et l&rsquo;inflammation des boutons.<br \/>\nConseils d&rsquo;utilisation :<br \/>\nAppliquer matin et soir de pr\u00e9f\u00e9rence avant l\u2019application des traitements anti acn\u00e9iques, Appliquer une noisette de gel sur une peau d\u00e9j\u00e0 humidifi\u00e9e, masser du bout des doigts pour faire mousser et Rincer abondamment.<\/p>\n","protected":false},"excerpt":{"rendered":"<p>Swissderma gel nettoyant purifiant permet de nettoyer la peau en douceur, facilite l\u2019\u00e9limination des impuret\u00e9s et l\u2019exc\u00e8s de s\u00e9bum tout<\/p>\n","protected":false},"featured_media":21122,"comment_status":"open","ping_status":"closed","template":"","meta":[],"product_brand":[423],"product_cat":[502],"product_tag":[],"class_list":{"0":"post-25565","1":"product","2":"type-product","3":"status-publish","4":"has-post-thumbnail","6":"product_brand-swissderma","7":"product_cat-soins-anti-imperfections","9":"first","10":"instock","11":"sale","12":"shipping-taxable","13":"purchasable","14":"product-type-simple"},"yoast_head":"<!-- This site is optimized with the Yoast SEO plugin v26.6 - https:\/\/yoast.com\/wordpress\/plugins\/seo\/ -->\r\n<title>SWISSDERMA GEL NETTOYANT PEAUX GRASSES 200 ML - Paracherkaoui.ma<\/title>\r\n<meta name=\"robots\" content=\"index, follow, max-snippet:-1, max-image-preview:large, max-video-preview:-1\" \/>\r\n<link rel=\"canonical\" href=\"https:\/\/paracherkaoui.ma\/index.php\/produit\/swissderma-gel-nettoyant-peaux-grasses-200-ml-2\/\" \/>\r\n<meta property=\"og:locale\" content=\"fr_FR\" \/>\r\n<meta property=\"og:type\" content=\"article\" \/>\r\n<meta property=\"og:title\" content=\"SWISSDERMA GEL NETTOYANT PEAUX GRASSES 200 ML - Paracherkaoui.ma\" \/>\r\n<meta property=\"og:description\" content=\"Swissderma gel nettoyant purifiant permet de nettoyer la peau en douceur, facilite l\u2019\u00e9limination des impuret\u00e9s et l\u2019exc\u00e8s de s\u00e9bum tout\" \/>\r\n<meta property=\"og:url\" content=\"https:\/\/paracherkaoui.ma\/index.php\/produit\/swissderma-gel-nettoyant-peaux-grasses-200-ml-2\/\" \/>\r\n<meta property=\"og:site_name\" content=\"Paracherkaoui.ma\" \/>\r\n<meta property=\"article:modified_time\" content=\"2025-12-12T17:22:51+00:00\" \/>\r\n<meta property=\"og:image\" content=\"https:\/\/paracherkaoui.ma\/wp-content\/uploads\/2025\/12\/swissderma-swissderma-gel-nettoyant-peaux-grasses-200-ml-soins-anti-imperfections.jpg\" \/>\r\n\t<meta property=\"og:image:width\" content=\"700\" \/>\r\n\t<meta property=\"og:image:height\" content=\"700\" \/>\r\n\t<meta property=\"og:image:type\" content=\"image\/jpeg\" \/>\r\n<meta name=\"twitter:card\" content=\"summary_large_image\" \/>\r\n<meta name=\"twitter:label1\" content=\"Dur\u00e9e de lecture estim\u00e9e\" \/>\n\t<meta name=\"twitter:data1\" content=\"1 minute\" \/>\r\n<script type=\"application\/ld+json\" class=\"yoast-schema-graph\">{\"@context\":\"https:\/\/schema.org\",\"@graph\":[{\"@type\":\"WebPage\",\"@id\":\"https:\/\/paracherkaoui.ma\/index.php\/produit\/swissderma-gel-nettoyant-peaux-grasses-200-ml-2\/\",\"url\":\"https:\/\/paracherkaoui.ma\/index.php\/produit\/swissderma-gel-nettoyant-peaux-grasses-200-ml-2\/\",\"name\":\"SWISSDERMA GEL NETTOYANT PEAUX GRASSES 200 ML - Paracherkaoui.ma\",\"isPartOf\":{\"@id\":\"https:\/\/paracherkaoui.ma\/#website\"},\"primaryImageOfPage\":{\"@id\":\"https:\/\/paracherkaoui.ma\/index.php\/produit\/swissderma-gel-nettoyant-peaux-grasses-200-ml-2\/#primaryimage\"},\"image\":{\"@id\":\"https:\/\/paracherkaoui.ma\/index.php\/produit\/swissderma-gel-nettoyant-peaux-grasses-200-ml-2\/#primaryimage\"},\"thumbnailUrl\":\"https:\/\/paracherkaoui.ma\/wp-content\/uploads\/2025\/12\/swissderma-swissderma-gel-nettoyant-peaux-grasses-200-ml-soins-anti-imperfections.jpg\",\"datePublished\":\"2025-12-12T17:22:46+00:00\",\"dateModified\":\"2025-12-12T17:22:51+00:00\",\"breadcrumb\":{\"@id\":\"https:\/\/paracherkaoui.ma\/index.php\/produit\/swissderma-gel-nettoyant-peaux-grasses-200-ml-2\/#breadcrumb\"},\"inLanguage\":\"fr-FR\",\"potentialAction\":[{\"@type\":\"ReadAction\",\"target\":[\"https:\/\/paracherkaoui.ma\/index.php\/produit\/swissderma-gel-nettoyant-peaux-grasses-200-ml-2\/\"]}]},{\"@type\":\"ImageObject\",\"inLanguage\":\"fr-FR\",\"@id\":\"https:\/\/paracherkaoui.ma\/index.php\/produit\/swissderma-gel-nettoyant-peaux-grasses-200-ml-2\/#primaryimage\",\"url\":\"https:\/\/paracherkaoui.ma\/wp-content\/uploads\/2025\/12\/swissderma-swissderma-gel-nettoyant-peaux-grasses-200-ml-soins-anti-imperfections.jpg\",\"contentUrl\":\"https:\/\/paracherkaoui.ma\/wp-content\/uploads\/2025\/12\/swissderma-swissderma-gel-nettoyant-peaux-grasses-200-ml-soins-anti-imperfections.jpg\",\"width\":700,\"height\":700},{\"@type\":\"BreadcrumbList\",\"@id\":\"https:\/\/paracherkaoui.ma\/index.php\/produit\/swissderma-gel-nettoyant-peaux-grasses-200-ml-2\/#breadcrumb\",\"itemListElement\":[{\"@type\":\"ListItem\",\"position\":1,\"name\":\"Accueil\",\"item\":\"https:\/\/paracherkaoui.ma\/\"},{\"@type\":\"ListItem\",\"position\":2,\"name\":\"Boutique\",\"item\":\"https:\/\/paracherkaoui.ma\/index.php\/boutique\/\"},{\"@type\":\"ListItem\",\"position\":3,\"name\":\"SWISSDERMA GEL NETTOYANT PEAUX GRASSES 200 ML\"}]},{\"@type\":\"WebSite\",\"@id\":\"https:\/\/paracherkaoui.ma\/#website\",\"url\":\"https:\/\/paracherkaoui.ma\/\",\"name\":\"Paracherkaoui.ma\",\"description\":\"Achetez en ligne sur Paracherkaoui.ma\",\"potentialAction\":[{\"@type\":\"SearchAction\",\"target\":{\"@type\":\"EntryPoint\",\"urlTemplate\":\"https:\/\/paracherkaoui.ma\/?s={search_term_string}\"},\"query-input\":{\"@type\":\"PropertyValueSpecification\",\"valueRequired\":true,\"valueName\":\"search_term_string\"}}],\"inLanguage\":\"fr-FR\"}]}<\/script>\r\n<!-- \/ Yoast SEO plugin. -->","yoast_head_json":{"title":"SWISSDERMA GEL NETTOYANT PEAUX GRASSES 200 ML - Paracherkaoui.ma","robots":{"index":"index","follow":"follow","max-snippet":"max-snippet:-1","max-image-preview":"max-image-preview:large","max-video-preview":"max-video-preview:-1"},"canonical":"https:\/\/paracherkaoui.ma\/index.php\/produit\/swissderma-gel-nettoyant-peaux-grasses-200-ml-2\/","og_locale":"fr_FR","og_type":"article","og_title":"SWISSDERMA GEL NETTOYANT PEAUX GRASSES 200 ML - Paracherkaoui.ma","og_description":"Swissderma gel nettoyant purifiant permet de nettoyer la peau en douceur, facilite l\u2019\u00e9limination des impuret\u00e9s et l\u2019exc\u00e8s de s\u00e9bum tout","og_url":"https:\/\/paracherkaoui.ma\/index.php\/produit\/swissderma-gel-nettoyant-peaux-grasses-200-ml-2\/","og_site_name":"Paracherkaoui.ma","article_modified_time":"2025-12-12T17:22:51+00:00","og_image":[{"width":700,"height":700,"url":"https:\/\/paracherkaoui.ma\/wp-content\/uploads\/2025\/12\/swissderma-swissderma-gel-nettoyant-peaux-grasses-200-ml-soins-anti-imperfections.jpg","type":"image\/jpeg"}],"twitter_card":"summary_large_image","twitter_misc":{"Dur\u00e9e de lecture estim\u00e9e":"1 minute"},"schema":{"@context":"https:\/\/schema.org","@graph":[{"@type":"WebPage","@id":"https:\/\/paracherkaoui.ma\/index.php\/produit\/swissderma-gel-nettoyant-peaux-grasses-200-ml-2\/","url":"https:\/\/paracherkaoui.ma\/index.php\/produit\/swissderma-gel-nettoyant-peaux-grasses-200-ml-2\/","name":"SWISSDERMA GEL NETTOYANT PEAUX GRASSES 200 ML - Paracherkaoui.ma","isPartOf":{"@id":"https:\/\/paracherkaoui.ma\/#website"},"primaryImageOfPage":{"@id":"https:\/\/paracherkaoui.ma\/index.php\/produit\/swissderma-gel-nettoyant-peaux-grasses-200-ml-2\/#primaryimage"},"image":{"@id":"https:\/\/paracherkaoui.ma\/index.php\/produit\/swissderma-gel-nettoyant-peaux-grasses-200-ml-2\/#primaryimage"},"thumbnailUrl":"https:\/\/paracherkaoui.ma\/wp-content\/uploads\/2025\/12\/swissderma-swissderma-gel-nettoyant-peaux-grasses-200-ml-soins-anti-imperfections.jpg","datePublished":"2025-12-12T17:22:46+00:00","dateModified":"2025-12-12T17:22:51+00:00","breadcrumb":{"@id":"https:\/\/paracherkaoui.ma\/index.php\/produit\/swissderma-gel-nettoyant-peaux-grasses-200-ml-2\/#breadcrumb"},"inLanguage":"fr-FR","potentialAction":[{"@type":"ReadAction","target":["https:\/\/paracherkaoui.ma\/index.php\/produit\/swissderma-gel-nettoyant-peaux-grasses-200-ml-2\/"]}]},{"@type":"ImageObject","inLanguage":"fr-FR","@id":"https:\/\/paracherkaoui.ma\/index.php\/produit\/swissderma-gel-nettoyant-peaux-grasses-200-ml-2\/#primaryimage","url":"https:\/\/paracherkaoui.ma\/wp-content\/uploads\/2025\/12\/swissderma-swissderma-gel-nettoyant-peaux-grasses-200-ml-soins-anti-imperfections.jpg","contentUrl":"https:\/\/paracherkaoui.ma\/wp-content\/uploads\/2025\/12\/swissderma-swissderma-gel-nettoyant-peaux-grasses-200-ml-soins-anti-imperfections.jpg","width":700,"height":700},{"@type":"BreadcrumbList","@id":"https:\/\/paracherkaoui.ma\/index.php\/produit\/swissderma-gel-nettoyant-peaux-grasses-200-ml-2\/#breadcrumb","itemListElement":[{"@type":"ListItem","position":1,"name":"Accueil","item":"https:\/\/paracherkaoui.ma\/"},{"@type":"ListItem","position":2,"name":"Boutique","item":"https:\/\/paracherkaoui.ma\/index.php\/boutique\/"},{"@type":"ListItem","position":3,"name":"SWISSDERMA GEL NETTOYANT PEAUX GRASSES 200 ML"}]},{"@type":"WebSite","@id":"https:\/\/paracherkaoui.ma\/#website","url":"https:\/\/paracherkaoui.ma\/","name":"Paracherkaoui.ma","description":"Achetez en ligne sur Paracherkaoui.ma","potentialAction":[{"@type":"SearchAction","target":{"@type":"EntryPoint","urlTemplate":"https:\/\/paracherkaoui.ma\/?s={search_term_string}"},"query-input":{"@type":"PropertyValueSpecification","valueRequired":true,"valueName":"search_term_string"}}],"inLanguage":"fr-FR"}]}},"_links":{"self":[{"href":"https:\/\/paracherkaoui.ma\/index.php\/wp-json\/wp\/v2\/product\/25565","targetHints":{"allow":["GET"]}}],"collection":[{"href":"https:\/\/paracherkaoui.ma\/index.php\/wp-json\/wp\/v2\/product"}],"about":[{"href":"https:\/\/paracherkaoui.ma\/index.php\/wp-json\/wp\/v2\/types\/product"}],"replies":[{"embeddable":true,"href":"https:\/\/paracherkaoui.ma\/index.php\/wp-json\/wp\/v2\/comments?post=25565"}],"version-history":[{"count":1,"href":"https:\/\/paracherkaoui.ma\/index.php\/wp-json\/wp\/v2\/product\/25565\/revisions"}],"predecessor-version":[{"id":25611,"href":"https:\/\/paracherkaoui.ma\/index.php\/wp-json\/wp\/v2\/product\/25565\/revisions\/25611"}],"wp:featuredmedia":[{"embeddable":true,"href":"https:\/\/paracherkaoui.ma\/index.php\/wp-json\/wp\/v2\/media\/21122"}],"wp:attachment":[{"href":"https:\/\/paracherkaoui.ma\/index.php\/wp-json\/wp\/v2\/media?parent=25565"}],"wp:term":[{"taxonomy":"product_brand","embeddable":true,"href":"https:\/\/paracherkaoui.ma\/index.php\/wp-json\/wp\/v2\/product_brand?post=25565"},{"taxonomy":"product_cat","embeddable":true,"href":"https:\/\/paracherkaoui.ma\/index.php\/wp-json\/wp\/v2\/product_cat?post=25565"},{"taxonomy":"product_tag","embeddable":true,"href":"https:\/\/paracherkaoui.ma\/index.php\/wp-json\/wp\/v2\/product_tag?post=25565"}],"curies":[{"name":"wp","href":"https:\/\/api.w.org\/{rel}","templated":true}]}}