{"id":25204,"date":"2025-12-12T18:22:11","date_gmt":"2025-12-12T17:22:11","guid":{"rendered":"https:\/\/test.ecbeaute.com\/?post_type=product&#038;p=25204"},"modified":"2025-12-12T18:22:13","modified_gmt":"2025-12-12T17:22:13","slug":"novexpert-trio-zinc-peeling-anti-imperfections-peau-nette-30-ml","status":"publish","type":"product","link":"https:\/\/paracherkaoui.ma\/index.php\/produit\/novexpert-trio-zinc-peeling-anti-imperfections-peau-nette-30-ml\/","title":{"rendered":"NOVEXPERT TRIO ZINC PEELING ANTI IMPERFECTIONS PEAU NETTE 30 ML"},"content":{"rendered":"<p>Double renouvellement in\u00e9dit \u00e0 la fois sur les effets de l&rsquo;\u00e2ge et les imperfections ! Compos\u00e9 d\u2019un duo d\u2019agents peeling (AHA + PHA) et d\u2019un polysaccharide qui booste l\u2019exfoliation par 3, le S\u00e9rum Peeling Peau Nette offre les avantages de 18% d\u2019AHA (acide lactique) sans les inconv\u00e9nients. Aussi efficace pour lisser la peau que pour r\u00e9duire les imperfections, sa texture est l\u00e9g\u00e8re (et sans alcool) et son efficacit\u00e9 redoutable : jusqu\u2019\u00e0 -50% d\u2019imperfections en 28 jours*. PEAUX NORMALES A GRASSES, AVEC OU SANS IMPERFECTIONS.<br \/>\nLe Soin Peeling Peau Nette est l&rsquo;un des seuls s\u00e9rums peeling sur le march\u00e9 \u00e0 proposer un DOUBLE NIVEAU DE RENOUVELLEMENT et \u00e0 s&rsquo;occuper en m\u00eame temps des CAUSES des IMPERFECTIONS et des SIGNES DE L&rsquo;AGE.<\/p>\n<p>1er niveau : RENOUVELER EN SURFACE POUR LISSER ET PURIFIER.<\/p>\n<p>Le meilleur des acides de fruits sans les inconv\u00e9nients habituels (irritations, rougeurs\u2026), pour une exfoliation \u00e0 deux vitesses. D\u2019une part, l\u2019\u00e9quivalent de 18% d\u2019acide lactique (AHA) pour une exfoliation rapide et de l\u2019autre la gluconolactone pour une exfoliation progressive. Ce duo complice permet de lisser la peau et de diminuer les imperfections.<\/p>\n<p>2\u00e8me niveau : RENOUVELER EN PROFONDEUR POUR PROTEGER DURABLEMENT<\/p>\n<p>Gr\u00e2ce \u00e0 un extrait d\u2019algue, le Soin Peeling Peau Nette propose une action in\u00e9dite sur le march\u00e9 en stimulant le renouvellement profond de la peau : +28% de cellules souches efficaces. Ces cellules sont capables de se diviser (presque) \u00e0 l\u2019infini pour entretenir l\u2019\u00e9piderme. Sans elles, c\u2019est le vieillissement assur\u00e9 !<br \/>\nConseils d\u2019utilisation<br \/>\nUniquement le soir. Attendre 5 min apr\u00e8s le nettoyage. Appliquer avec les doigts ou une lingette en coton.<\/p>\n<p>Eviter le contact direct avec les yeux et le contour des yeux.<br \/>\nFr\u00e9quence d\u2019utilisation<br \/>\n1 fois par jour pendant 1 mois.<br \/>\nNe pas appliquer en cas d\u2019exposition solaire ou se prot\u00e9ger avec une cr\u00e8me solaire le lendemain.<br \/>\nLE CONSEIL DES EXPERTS<br \/>\nLe d\u00e9but de la cure peut parfois entrainer une augmentation des imperfections, c\u2019est le signe d\u2019un nettoyage profond de la peau. Tenez bon, persistez et vous verrez rapidement les b\u00e9n\u00e9fices.<br \/>\nComposition :<br \/>\nADENOSINE Actif Anti-Age (Biotechnologie) ALOE BARBADENSIS LEAF JUICE POWDER + AQUA Gel d&rsquo;Aloe Vera : Poudre d\u2019Aloe Vera + Eau BACILLUS FERMENT Actif Tenseur Imm\u00e9diat (Biotechnologie) GALACTOARABINAN Actif Booster d&rsquo;Exfoliation (Pinaceae) GLUCONOLACTONE Agent peeling doux et progressif (Ma\u00efs) GLYCERIN Agent Humectant (Colza) HELICHRYSUM ITALICUM EXTRACT Actif Apaisant (Imortelle) LACTOBACILLUS FERMENT Peptides de Lactobacillus (Biotechnologie) LAMINARIA DIGITATA EXTRACT Actif Anti-Age (Laminaria Digitata) SODIUM HYALURONATE Acide Hyaluronique (Biotechnologie et Bl\u00e9) ZINC GLUCONATE Zinc (Ma\u00efs et Min\u00e9ral) ZINC LACTATE Zinc (Betterave et Min\u00e9ral) ZINC PCA Zinc (Betterave et Min\u00e9ral)<\/p>\n","protected":false},"excerpt":{"rendered":"<p>Double renouvellement in\u00e9dit \u00e0 la fois sur les effets de l&rsquo;\u00e2ge et les imperfections ! Compos\u00e9 d\u2019un duo d\u2019agents peeling<\/p>\n","protected":false},"featured_media":25237,"comment_status":"open","ping_status":"closed","template":"","meta":[],"product_brand":[349],"product_cat":[502],"product_tag":[],"class_list":{"0":"post-25204","1":"product","2":"type-product","3":"status-publish","4":"has-post-thumbnail","6":"product_brand-novexpert","7":"product_cat-soins-anti-imperfections","9":"first","10":"instock","11":"sale","12":"shipping-taxable","13":"purchasable","14":"product-type-simple"},"yoast_head":"<!-- This site is optimized with the Yoast SEO plugin v26.6 - https:\/\/yoast.com\/wordpress\/plugins\/seo\/ -->\r\n<title>NOVEXPERT TRIO ZINC PEELING ANTI IMPERFECTIONS PEAU NETTE 30 ML - Paracherkaoui.ma<\/title>\r\n<meta name=\"robots\" content=\"index, follow, max-snippet:-1, max-image-preview:large, max-video-preview:-1\" \/>\r\n<link rel=\"canonical\" href=\"https:\/\/paracherkaoui.ma\/index.php\/produit\/novexpert-trio-zinc-peeling-anti-imperfections-peau-nette-30-ml\/\" \/>\r\n<meta property=\"og:locale\" content=\"fr_FR\" \/>\r\n<meta property=\"og:type\" content=\"article\" \/>\r\n<meta property=\"og:title\" content=\"NOVEXPERT TRIO ZINC PEELING ANTI IMPERFECTIONS PEAU NETTE 30 ML - Paracherkaoui.ma\" \/>\r\n<meta property=\"og:description\" content=\"Double renouvellement in\u00e9dit \u00e0 la fois sur les effets de l&rsquo;\u00e2ge et les imperfections ! Compos\u00e9 d\u2019un duo d\u2019agents peeling\" \/>\r\n<meta property=\"og:url\" content=\"https:\/\/paracherkaoui.ma\/index.php\/produit\/novexpert-trio-zinc-peeling-anti-imperfections-peau-nette-30-ml\/\" \/>\r\n<meta property=\"og:site_name\" content=\"Paracherkaoui.ma\" \/>\r\n<meta property=\"article:modified_time\" content=\"2025-12-12T17:22:13+00:00\" \/>\r\n<meta property=\"og:image\" content=\"https:\/\/paracherkaoui.ma\/wp-content\/uploads\/2025\/12\/novexpert-novexpert-trio-zinc-peeling-anti-imperfections-peau-nette-30-ml-soins-anti-imperfections.jpg\" \/>\r\n\t<meta property=\"og:image:width\" content=\"700\" \/>\r\n\t<meta property=\"og:image:height\" content=\"700\" \/>\r\n\t<meta property=\"og:image:type\" content=\"image\/jpeg\" \/>\r\n<meta name=\"twitter:card\" content=\"summary_large_image\" \/>\r\n<meta name=\"twitter:label1\" content=\"Dur\u00e9e de lecture estim\u00e9e\" \/>\n\t<meta name=\"twitter:data1\" content=\"2 minutes\" \/>\r\n<script type=\"application\/ld+json\" class=\"yoast-schema-graph\">{\"@context\":\"https:\/\/schema.org\",\"@graph\":[{\"@type\":\"WebPage\",\"@id\":\"https:\/\/paracherkaoui.ma\/index.php\/produit\/novexpert-trio-zinc-peeling-anti-imperfections-peau-nette-30-ml\/\",\"url\":\"https:\/\/paracherkaoui.ma\/index.php\/produit\/novexpert-trio-zinc-peeling-anti-imperfections-peau-nette-30-ml\/\",\"name\":\"NOVEXPERT TRIO ZINC PEELING ANTI IMPERFECTIONS PEAU NETTE 30 ML - Paracherkaoui.ma\",\"isPartOf\":{\"@id\":\"https:\/\/paracherkaoui.ma\/#website\"},\"primaryImageOfPage\":{\"@id\":\"https:\/\/paracherkaoui.ma\/index.php\/produit\/novexpert-trio-zinc-peeling-anti-imperfections-peau-nette-30-ml\/#primaryimage\"},\"image\":{\"@id\":\"https:\/\/paracherkaoui.ma\/index.php\/produit\/novexpert-trio-zinc-peeling-anti-imperfections-peau-nette-30-ml\/#primaryimage\"},\"thumbnailUrl\":\"https:\/\/paracherkaoui.ma\/wp-content\/uploads\/2025\/12\/novexpert-novexpert-trio-zinc-peeling-anti-imperfections-peau-nette-30-ml-soins-anti-imperfections.jpg\",\"datePublished\":\"2025-12-12T17:22:11+00:00\",\"dateModified\":\"2025-12-12T17:22:13+00:00\",\"breadcrumb\":{\"@id\":\"https:\/\/paracherkaoui.ma\/index.php\/produit\/novexpert-trio-zinc-peeling-anti-imperfections-peau-nette-30-ml\/#breadcrumb\"},\"inLanguage\":\"fr-FR\",\"potentialAction\":[{\"@type\":\"ReadAction\",\"target\":[\"https:\/\/paracherkaoui.ma\/index.php\/produit\/novexpert-trio-zinc-peeling-anti-imperfections-peau-nette-30-ml\/\"]}]},{\"@type\":\"ImageObject\",\"inLanguage\":\"fr-FR\",\"@id\":\"https:\/\/paracherkaoui.ma\/index.php\/produit\/novexpert-trio-zinc-peeling-anti-imperfections-peau-nette-30-ml\/#primaryimage\",\"url\":\"https:\/\/paracherkaoui.ma\/wp-content\/uploads\/2025\/12\/novexpert-novexpert-trio-zinc-peeling-anti-imperfections-peau-nette-30-ml-soins-anti-imperfections.jpg\",\"contentUrl\":\"https:\/\/paracherkaoui.ma\/wp-content\/uploads\/2025\/12\/novexpert-novexpert-trio-zinc-peeling-anti-imperfections-peau-nette-30-ml-soins-anti-imperfections.jpg\",\"width\":700,\"height\":700},{\"@type\":\"BreadcrumbList\",\"@id\":\"https:\/\/paracherkaoui.ma\/index.php\/produit\/novexpert-trio-zinc-peeling-anti-imperfections-peau-nette-30-ml\/#breadcrumb\",\"itemListElement\":[{\"@type\":\"ListItem\",\"position\":1,\"name\":\"Accueil\",\"item\":\"https:\/\/paracherkaoui.ma\/\"},{\"@type\":\"ListItem\",\"position\":2,\"name\":\"Boutique\",\"item\":\"https:\/\/paracherkaoui.ma\/index.php\/boutique\/\"},{\"@type\":\"ListItem\",\"position\":3,\"name\":\"NOVEXPERT TRIO ZINC PEELING ANTI IMPERFECTIONS PEAU NETTE 30 ML\"}]},{\"@type\":\"WebSite\",\"@id\":\"https:\/\/paracherkaoui.ma\/#website\",\"url\":\"https:\/\/paracherkaoui.ma\/\",\"name\":\"Paracherkaoui.ma\",\"description\":\"Achetez en ligne sur Paracherkaoui.ma\",\"potentialAction\":[{\"@type\":\"SearchAction\",\"target\":{\"@type\":\"EntryPoint\",\"urlTemplate\":\"https:\/\/paracherkaoui.ma\/?s={search_term_string}\"},\"query-input\":{\"@type\":\"PropertyValueSpecification\",\"valueRequired\":true,\"valueName\":\"search_term_string\"}}],\"inLanguage\":\"fr-FR\"}]}<\/script>\r\n<!-- \/ Yoast SEO plugin. -->","yoast_head_json":{"title":"NOVEXPERT TRIO ZINC PEELING ANTI IMPERFECTIONS PEAU NETTE 30 ML - Paracherkaoui.ma","robots":{"index":"index","follow":"follow","max-snippet":"max-snippet:-1","max-image-preview":"max-image-preview:large","max-video-preview":"max-video-preview:-1"},"canonical":"https:\/\/paracherkaoui.ma\/index.php\/produit\/novexpert-trio-zinc-peeling-anti-imperfections-peau-nette-30-ml\/","og_locale":"fr_FR","og_type":"article","og_title":"NOVEXPERT TRIO ZINC PEELING ANTI IMPERFECTIONS PEAU NETTE 30 ML - Paracherkaoui.ma","og_description":"Double renouvellement in\u00e9dit \u00e0 la fois sur les effets de l&rsquo;\u00e2ge et les imperfections ! Compos\u00e9 d\u2019un duo d\u2019agents peeling","og_url":"https:\/\/paracherkaoui.ma\/index.php\/produit\/novexpert-trio-zinc-peeling-anti-imperfections-peau-nette-30-ml\/","og_site_name":"Paracherkaoui.ma","article_modified_time":"2025-12-12T17:22:13+00:00","og_image":[{"width":700,"height":700,"url":"https:\/\/paracherkaoui.ma\/wp-content\/uploads\/2025\/12\/novexpert-novexpert-trio-zinc-peeling-anti-imperfections-peau-nette-30-ml-soins-anti-imperfections.jpg","type":"image\/jpeg"}],"twitter_card":"summary_large_image","twitter_misc":{"Dur\u00e9e de lecture estim\u00e9e":"2 minutes"},"schema":{"@context":"https:\/\/schema.org","@graph":[{"@type":"WebPage","@id":"https:\/\/paracherkaoui.ma\/index.php\/produit\/novexpert-trio-zinc-peeling-anti-imperfections-peau-nette-30-ml\/","url":"https:\/\/paracherkaoui.ma\/index.php\/produit\/novexpert-trio-zinc-peeling-anti-imperfections-peau-nette-30-ml\/","name":"NOVEXPERT TRIO ZINC PEELING ANTI IMPERFECTIONS PEAU NETTE 30 ML - Paracherkaoui.ma","isPartOf":{"@id":"https:\/\/paracherkaoui.ma\/#website"},"primaryImageOfPage":{"@id":"https:\/\/paracherkaoui.ma\/index.php\/produit\/novexpert-trio-zinc-peeling-anti-imperfections-peau-nette-30-ml\/#primaryimage"},"image":{"@id":"https:\/\/paracherkaoui.ma\/index.php\/produit\/novexpert-trio-zinc-peeling-anti-imperfections-peau-nette-30-ml\/#primaryimage"},"thumbnailUrl":"https:\/\/paracherkaoui.ma\/wp-content\/uploads\/2025\/12\/novexpert-novexpert-trio-zinc-peeling-anti-imperfections-peau-nette-30-ml-soins-anti-imperfections.jpg","datePublished":"2025-12-12T17:22:11+00:00","dateModified":"2025-12-12T17:22:13+00:00","breadcrumb":{"@id":"https:\/\/paracherkaoui.ma\/index.php\/produit\/novexpert-trio-zinc-peeling-anti-imperfections-peau-nette-30-ml\/#breadcrumb"},"inLanguage":"fr-FR","potentialAction":[{"@type":"ReadAction","target":["https:\/\/paracherkaoui.ma\/index.php\/produit\/novexpert-trio-zinc-peeling-anti-imperfections-peau-nette-30-ml\/"]}]},{"@type":"ImageObject","inLanguage":"fr-FR","@id":"https:\/\/paracherkaoui.ma\/index.php\/produit\/novexpert-trio-zinc-peeling-anti-imperfections-peau-nette-30-ml\/#primaryimage","url":"https:\/\/paracherkaoui.ma\/wp-content\/uploads\/2025\/12\/novexpert-novexpert-trio-zinc-peeling-anti-imperfections-peau-nette-30-ml-soins-anti-imperfections.jpg","contentUrl":"https:\/\/paracherkaoui.ma\/wp-content\/uploads\/2025\/12\/novexpert-novexpert-trio-zinc-peeling-anti-imperfections-peau-nette-30-ml-soins-anti-imperfections.jpg","width":700,"height":700},{"@type":"BreadcrumbList","@id":"https:\/\/paracherkaoui.ma\/index.php\/produit\/novexpert-trio-zinc-peeling-anti-imperfections-peau-nette-30-ml\/#breadcrumb","itemListElement":[{"@type":"ListItem","position":1,"name":"Accueil","item":"https:\/\/paracherkaoui.ma\/"},{"@type":"ListItem","position":2,"name":"Boutique","item":"https:\/\/paracherkaoui.ma\/index.php\/boutique\/"},{"@type":"ListItem","position":3,"name":"NOVEXPERT TRIO ZINC PEELING ANTI IMPERFECTIONS PEAU NETTE 30 ML"}]},{"@type":"WebSite","@id":"https:\/\/paracherkaoui.ma\/#website","url":"https:\/\/paracherkaoui.ma\/","name":"Paracherkaoui.ma","description":"Achetez en ligne sur Paracherkaoui.ma","potentialAction":[{"@type":"SearchAction","target":{"@type":"EntryPoint","urlTemplate":"https:\/\/paracherkaoui.ma\/?s={search_term_string}"},"query-input":{"@type":"PropertyValueSpecification","valueRequired":true,"valueName":"search_term_string"}}],"inLanguage":"fr-FR"}]}},"_links":{"self":[{"href":"https:\/\/paracherkaoui.ma\/index.php\/wp-json\/wp\/v2\/product\/25204","targetHints":{"allow":["GET"]}}],"collection":[{"href":"https:\/\/paracherkaoui.ma\/index.php\/wp-json\/wp\/v2\/product"}],"about":[{"href":"https:\/\/paracherkaoui.ma\/index.php\/wp-json\/wp\/v2\/types\/product"}],"replies":[{"embeddable":true,"href":"https:\/\/paracherkaoui.ma\/index.php\/wp-json\/wp\/v2\/comments?post=25204"}],"version-history":[{"count":1,"href":"https:\/\/paracherkaoui.ma\/index.php\/wp-json\/wp\/v2\/product\/25204\/revisions"}],"predecessor-version":[{"id":25238,"href":"https:\/\/paracherkaoui.ma\/index.php\/wp-json\/wp\/v2\/product\/25204\/revisions\/25238"}],"wp:featuredmedia":[{"embeddable":true,"href":"https:\/\/paracherkaoui.ma\/index.php\/wp-json\/wp\/v2\/media\/25237"}],"wp:attachment":[{"href":"https:\/\/paracherkaoui.ma\/index.php\/wp-json\/wp\/v2\/media?parent=25204"}],"wp:term":[{"taxonomy":"product_brand","embeddable":true,"href":"https:\/\/paracherkaoui.ma\/index.php\/wp-json\/wp\/v2\/product_brand?post=25204"},{"taxonomy":"product_cat","embeddable":true,"href":"https:\/\/paracherkaoui.ma\/index.php\/wp-json\/wp\/v2\/product_cat?post=25204"},{"taxonomy":"product_tag","embeddable":true,"href":"https:\/\/paracherkaoui.ma\/index.php\/wp-json\/wp\/v2\/product_tag?post=25204"}],"curies":[{"name":"wp","href":"https:\/\/api.w.org\/{rel}","templated":true}]}}