{"id":25134,"date":"2025-12-12T18:22:04","date_gmt":"2025-12-12T17:22:04","guid":{"rendered":"https:\/\/test.ecbeaute.com\/?post_type=product&#038;p=25134"},"modified":"2025-12-12T18:22:08","modified_gmt":"2025-12-12T17:22:08","slug":"babe-stop-akn-fluide-keratolytique-30ml","status":"publish","type":"product","link":"https:\/\/paracherkaoui.ma\/index.php\/produit\/babe-stop-akn-fluide-keratolytique-30ml\/","title":{"rendered":"BABE STOP AKN FLUIDE KERATOLYTIQUE 30ML"},"content":{"rendered":"<p>Gel exfoliant sans rin\u00e7age pour r\u00e9g\u00e9n\u00e9rer les peaux grasses ou \u00e0 tendance acn\u00e9ique.<br \/>\nTest\u00e9 dermatologiquement et ophtalmologiquement<br \/>\nR\u00e9g\u00e9n\u00e9rez votre peau avec notre Fluide K\u00e9ratolytique \u00e0 action exfoliante intense et effet s\u00e9bor\u00e9gulateur. Une formule enrichie avec 13% d&rsquo;Acide Glycolique qui stimule le renouvellement cellulaire en profondeur depuis les couches les plus profondes de la peau. Sa composition hautement efficace contr\u00f4le la production de s\u00e9bum et stoppe les bact\u00e9ries responsables de l&rsquo;acn\u00e9. Vous remarquerez que vos marques et cicatrices caus\u00e9es par les boutons s&rsquo;att\u00e9nuent, et votre teint sera plus uniforme.<br \/>\nConseils d&rsquo;utilisation:<br \/>\nCommencez par l&rsquo;utiliser 2 \u00e0 3 jours par semaine et augmentez progressivement son utilisation en appliquant un soir sur deux selon la tol\u00e9rance cutan\u00e9e. Utilisez-le pendant 3 semaines et faites une pause dans la quatri\u00e8me. Appliquez sur le visage propre et sec, partout ou dans les zones o\u00f9 vous souhaitez favoriser le renouvellement cutan\u00e9. Appliquez le soir et laisser agir le produit sans rincer. \u00c9vitez le contact avec le contour des yeux.<\/p>\n","protected":false},"excerpt":{"rendered":"<p>Gel exfoliant sans rin\u00e7age pour r\u00e9g\u00e9n\u00e9rer les peaux grasses ou \u00e0 tendance acn\u00e9ique. Test\u00e9 dermatologiquement et ophtalmologiquement R\u00e9g\u00e9n\u00e9rez votre peau<\/p>\n","protected":false},"featured_media":25182,"comment_status":"open","ping_status":"closed","template":"","meta":[],"product_brand":[398],"product_cat":[502],"product_tag":[],"class_list":{"0":"post-25134","1":"product","2":"type-product","3":"status-publish","4":"has-post-thumbnail","6":"product_brand-babe","7":"product_cat-soins-anti-imperfections","9":"first","10":"instock","11":"sale","12":"shipping-taxable","13":"purchasable","14":"product-type-simple"},"yoast_head":"<!-- This site is optimized with the Yoast SEO plugin v26.6 - https:\/\/yoast.com\/wordpress\/plugins\/seo\/ -->\r\n<title>BABE STOP AKN FLUIDE KERATOLYTIQUE 30ML - Paracherkaoui.ma<\/title>\r\n<meta name=\"robots\" content=\"index, follow, max-snippet:-1, max-image-preview:large, max-video-preview:-1\" \/>\r\n<link rel=\"canonical\" href=\"https:\/\/paracherkaoui.ma\/index.php\/produit\/babe-stop-akn-fluide-keratolytique-30ml\/\" \/>\r\n<meta property=\"og:locale\" content=\"fr_FR\" \/>\r\n<meta property=\"og:type\" content=\"article\" \/>\r\n<meta property=\"og:title\" content=\"BABE STOP AKN FLUIDE KERATOLYTIQUE 30ML - Paracherkaoui.ma\" \/>\r\n<meta property=\"og:description\" content=\"Gel exfoliant sans rin\u00e7age pour r\u00e9g\u00e9n\u00e9rer les peaux grasses ou \u00e0 tendance acn\u00e9ique. Test\u00e9 dermatologiquement et ophtalmologiquement R\u00e9g\u00e9n\u00e9rez votre peau\" \/>\r\n<meta property=\"og:url\" content=\"https:\/\/paracherkaoui.ma\/index.php\/produit\/babe-stop-akn-fluide-keratolytique-30ml\/\" \/>\r\n<meta property=\"og:site_name\" content=\"Paracherkaoui.ma\" \/>\r\n<meta property=\"article:modified_time\" content=\"2025-12-12T17:22:08+00:00\" \/>\r\n<meta property=\"og:image\" content=\"https:\/\/paracherkaoui.ma\/wp-content\/uploads\/2025\/12\/babe-babe-stop-akn-fluide-keratolytique-30ml-soins-anti-imperfections.jpg\" \/>\r\n\t<meta property=\"og:image:width\" content=\"700\" \/>\r\n\t<meta property=\"og:image:height\" content=\"700\" \/>\r\n\t<meta property=\"og:image:type\" content=\"image\/jpeg\" \/>\r\n<meta name=\"twitter:card\" content=\"summary_large_image\" \/>\r\n<meta name=\"twitter:label1\" content=\"Dur\u00e9e de lecture estim\u00e9e\" \/>\n\t<meta name=\"twitter:data1\" content=\"1 minute\" \/>\r\n<script type=\"application\/ld+json\" class=\"yoast-schema-graph\">{\"@context\":\"https:\/\/schema.org\",\"@graph\":[{\"@type\":\"WebPage\",\"@id\":\"https:\/\/paracherkaoui.ma\/index.php\/produit\/babe-stop-akn-fluide-keratolytique-30ml\/\",\"url\":\"https:\/\/paracherkaoui.ma\/index.php\/produit\/babe-stop-akn-fluide-keratolytique-30ml\/\",\"name\":\"BABE STOP AKN FLUIDE KERATOLYTIQUE 30ML - Paracherkaoui.ma\",\"isPartOf\":{\"@id\":\"https:\/\/paracherkaoui.ma\/#website\"},\"primaryImageOfPage\":{\"@id\":\"https:\/\/paracherkaoui.ma\/index.php\/produit\/babe-stop-akn-fluide-keratolytique-30ml\/#primaryimage\"},\"image\":{\"@id\":\"https:\/\/paracherkaoui.ma\/index.php\/produit\/babe-stop-akn-fluide-keratolytique-30ml\/#primaryimage\"},\"thumbnailUrl\":\"https:\/\/paracherkaoui.ma\/wp-content\/uploads\/2025\/12\/babe-babe-stop-akn-fluide-keratolytique-30ml-soins-anti-imperfections.jpg\",\"datePublished\":\"2025-12-12T17:22:04+00:00\",\"dateModified\":\"2025-12-12T17:22:08+00:00\",\"breadcrumb\":{\"@id\":\"https:\/\/paracherkaoui.ma\/index.php\/produit\/babe-stop-akn-fluide-keratolytique-30ml\/#breadcrumb\"},\"inLanguage\":\"fr-FR\",\"potentialAction\":[{\"@type\":\"ReadAction\",\"target\":[\"https:\/\/paracherkaoui.ma\/index.php\/produit\/babe-stop-akn-fluide-keratolytique-30ml\/\"]}]},{\"@type\":\"ImageObject\",\"inLanguage\":\"fr-FR\",\"@id\":\"https:\/\/paracherkaoui.ma\/index.php\/produit\/babe-stop-akn-fluide-keratolytique-30ml\/#primaryimage\",\"url\":\"https:\/\/paracherkaoui.ma\/wp-content\/uploads\/2025\/12\/babe-babe-stop-akn-fluide-keratolytique-30ml-soins-anti-imperfections.jpg\",\"contentUrl\":\"https:\/\/paracherkaoui.ma\/wp-content\/uploads\/2025\/12\/babe-babe-stop-akn-fluide-keratolytique-30ml-soins-anti-imperfections.jpg\",\"width\":700,\"height\":700},{\"@type\":\"BreadcrumbList\",\"@id\":\"https:\/\/paracherkaoui.ma\/index.php\/produit\/babe-stop-akn-fluide-keratolytique-30ml\/#breadcrumb\",\"itemListElement\":[{\"@type\":\"ListItem\",\"position\":1,\"name\":\"Accueil\",\"item\":\"https:\/\/paracherkaoui.ma\/\"},{\"@type\":\"ListItem\",\"position\":2,\"name\":\"Boutique\",\"item\":\"https:\/\/paracherkaoui.ma\/index.php\/boutique\/\"},{\"@type\":\"ListItem\",\"position\":3,\"name\":\"BABE STOP AKN FLUIDE KERATOLYTIQUE 30ML\"}]},{\"@type\":\"WebSite\",\"@id\":\"https:\/\/paracherkaoui.ma\/#website\",\"url\":\"https:\/\/paracherkaoui.ma\/\",\"name\":\"Paracherkaoui.ma\",\"description\":\"Achetez en ligne sur Paracherkaoui.ma\",\"potentialAction\":[{\"@type\":\"SearchAction\",\"target\":{\"@type\":\"EntryPoint\",\"urlTemplate\":\"https:\/\/paracherkaoui.ma\/?s={search_term_string}\"},\"query-input\":{\"@type\":\"PropertyValueSpecification\",\"valueRequired\":true,\"valueName\":\"search_term_string\"}}],\"inLanguage\":\"fr-FR\"}]}<\/script>\r\n<!-- \/ Yoast SEO plugin. -->","yoast_head_json":{"title":"BABE STOP AKN FLUIDE KERATOLYTIQUE 30ML - Paracherkaoui.ma","robots":{"index":"index","follow":"follow","max-snippet":"max-snippet:-1","max-image-preview":"max-image-preview:large","max-video-preview":"max-video-preview:-1"},"canonical":"https:\/\/paracherkaoui.ma\/index.php\/produit\/babe-stop-akn-fluide-keratolytique-30ml\/","og_locale":"fr_FR","og_type":"article","og_title":"BABE STOP AKN FLUIDE KERATOLYTIQUE 30ML - Paracherkaoui.ma","og_description":"Gel exfoliant sans rin\u00e7age pour r\u00e9g\u00e9n\u00e9rer les peaux grasses ou \u00e0 tendance acn\u00e9ique. Test\u00e9 dermatologiquement et ophtalmologiquement R\u00e9g\u00e9n\u00e9rez votre peau","og_url":"https:\/\/paracherkaoui.ma\/index.php\/produit\/babe-stop-akn-fluide-keratolytique-30ml\/","og_site_name":"Paracherkaoui.ma","article_modified_time":"2025-12-12T17:22:08+00:00","og_image":[{"width":700,"height":700,"url":"https:\/\/paracherkaoui.ma\/wp-content\/uploads\/2025\/12\/babe-babe-stop-akn-fluide-keratolytique-30ml-soins-anti-imperfections.jpg","type":"image\/jpeg"}],"twitter_card":"summary_large_image","twitter_misc":{"Dur\u00e9e de lecture estim\u00e9e":"1 minute"},"schema":{"@context":"https:\/\/schema.org","@graph":[{"@type":"WebPage","@id":"https:\/\/paracherkaoui.ma\/index.php\/produit\/babe-stop-akn-fluide-keratolytique-30ml\/","url":"https:\/\/paracherkaoui.ma\/index.php\/produit\/babe-stop-akn-fluide-keratolytique-30ml\/","name":"BABE STOP AKN FLUIDE KERATOLYTIQUE 30ML - Paracherkaoui.ma","isPartOf":{"@id":"https:\/\/paracherkaoui.ma\/#website"},"primaryImageOfPage":{"@id":"https:\/\/paracherkaoui.ma\/index.php\/produit\/babe-stop-akn-fluide-keratolytique-30ml\/#primaryimage"},"image":{"@id":"https:\/\/paracherkaoui.ma\/index.php\/produit\/babe-stop-akn-fluide-keratolytique-30ml\/#primaryimage"},"thumbnailUrl":"https:\/\/paracherkaoui.ma\/wp-content\/uploads\/2025\/12\/babe-babe-stop-akn-fluide-keratolytique-30ml-soins-anti-imperfections.jpg","datePublished":"2025-12-12T17:22:04+00:00","dateModified":"2025-12-12T17:22:08+00:00","breadcrumb":{"@id":"https:\/\/paracherkaoui.ma\/index.php\/produit\/babe-stop-akn-fluide-keratolytique-30ml\/#breadcrumb"},"inLanguage":"fr-FR","potentialAction":[{"@type":"ReadAction","target":["https:\/\/paracherkaoui.ma\/index.php\/produit\/babe-stop-akn-fluide-keratolytique-30ml\/"]}]},{"@type":"ImageObject","inLanguage":"fr-FR","@id":"https:\/\/paracherkaoui.ma\/index.php\/produit\/babe-stop-akn-fluide-keratolytique-30ml\/#primaryimage","url":"https:\/\/paracherkaoui.ma\/wp-content\/uploads\/2025\/12\/babe-babe-stop-akn-fluide-keratolytique-30ml-soins-anti-imperfections.jpg","contentUrl":"https:\/\/paracherkaoui.ma\/wp-content\/uploads\/2025\/12\/babe-babe-stop-akn-fluide-keratolytique-30ml-soins-anti-imperfections.jpg","width":700,"height":700},{"@type":"BreadcrumbList","@id":"https:\/\/paracherkaoui.ma\/index.php\/produit\/babe-stop-akn-fluide-keratolytique-30ml\/#breadcrumb","itemListElement":[{"@type":"ListItem","position":1,"name":"Accueil","item":"https:\/\/paracherkaoui.ma\/"},{"@type":"ListItem","position":2,"name":"Boutique","item":"https:\/\/paracherkaoui.ma\/index.php\/boutique\/"},{"@type":"ListItem","position":3,"name":"BABE STOP AKN FLUIDE KERATOLYTIQUE 30ML"}]},{"@type":"WebSite","@id":"https:\/\/paracherkaoui.ma\/#website","url":"https:\/\/paracherkaoui.ma\/","name":"Paracherkaoui.ma","description":"Achetez en ligne sur Paracherkaoui.ma","potentialAction":[{"@type":"SearchAction","target":{"@type":"EntryPoint","urlTemplate":"https:\/\/paracherkaoui.ma\/?s={search_term_string}"},"query-input":{"@type":"PropertyValueSpecification","valueRequired":true,"valueName":"search_term_string"}}],"inLanguage":"fr-FR"}]}},"_links":{"self":[{"href":"https:\/\/paracherkaoui.ma\/index.php\/wp-json\/wp\/v2\/product\/25134","targetHints":{"allow":["GET"]}}],"collection":[{"href":"https:\/\/paracherkaoui.ma\/index.php\/wp-json\/wp\/v2\/product"}],"about":[{"href":"https:\/\/paracherkaoui.ma\/index.php\/wp-json\/wp\/v2\/types\/product"}],"replies":[{"embeddable":true,"href":"https:\/\/paracherkaoui.ma\/index.php\/wp-json\/wp\/v2\/comments?post=25134"}],"version-history":[{"count":1,"href":"https:\/\/paracherkaoui.ma\/index.php\/wp-json\/wp\/v2\/product\/25134\/revisions"}],"predecessor-version":[{"id":25183,"href":"https:\/\/paracherkaoui.ma\/index.php\/wp-json\/wp\/v2\/product\/25134\/revisions\/25183"}],"wp:featuredmedia":[{"embeddable":true,"href":"https:\/\/paracherkaoui.ma\/index.php\/wp-json\/wp\/v2\/media\/25182"}],"wp:attachment":[{"href":"https:\/\/paracherkaoui.ma\/index.php\/wp-json\/wp\/v2\/media?parent=25134"}],"wp:term":[{"taxonomy":"product_brand","embeddable":true,"href":"https:\/\/paracherkaoui.ma\/index.php\/wp-json\/wp\/v2\/product_brand?post=25134"},{"taxonomy":"product_cat","embeddable":true,"href":"https:\/\/paracherkaoui.ma\/index.php\/wp-json\/wp\/v2\/product_cat?post=25134"},{"taxonomy":"product_tag","embeddable":true,"href":"https:\/\/paracherkaoui.ma\/index.php\/wp-json\/wp\/v2\/product_tag?post=25134"}],"curies":[{"name":"wp","href":"https:\/\/api.w.org\/{rel}","templated":true}]}}