{"id":25060,"date":"2025-12-12T18:21:48","date_gmt":"2025-12-12T17:21:48","guid":{"rendered":"https:\/\/test.ecbeaute.com\/?post_type=product&#038;p=25060"},"modified":"2025-12-12T18:21:49","modified_gmt":"2025-12-12T17:21:49","slug":"isispharma-ruboril-expert-intense-soin-concentre-anti-rougeurs-localisees-15ml","status":"publish","type":"product","link":"https:\/\/paracherkaoui.ma\/index.php\/produit\/isispharma-ruboril-expert-intense-soin-concentre-anti-rougeurs-localisees-15ml\/","title":{"rendered":"ISISPHARMA RUBORIL EXPERT INTENSE SOIN CONCENTRE ANTI ROUGEURS LOCALISEES 15Ml"},"content":{"rendered":"<p>Isispharma Ruboril Expert Intense Soin Concentr\u00e9 Rougeurs 15Ml<\/p>\n<p>RUBORIL\u00ae expert INTENSE a \u00e9t\u00e9 sp\u00e9cialement d\u00e9velopp\u00e9 pour les peaux \u00e9rythro-couperosiques. Soin concentr\u00e9 pour une action anti-rougeurs cibl\u00e9e, il r\u00e9duit efficacement l\u2019intensit\u00e9 des rougeurs localis\u00e9es et att\u00e9nue les petits vaisseaux apparents*. Le teint est visiblement unifi\u00e9*. Apaise, hydrate et prot\u00e8ge la peau des agressions ext\u00e9rieures. Texture gel-cr\u00e8me qui procure une sensation de fra\u00eecheur et de confort imm\u00e9diat.<\/p>\n<p>CONSEILS D&rsquo;UTILISATION :<\/p>\n<p>Appliquer RUBORIL\u00ae expert INTENSE matin et soir sur les zones concern\u00e9es, sur une peau propre. Pour une efficacit\u00e9 optimale, utiliser ensuite les soins hydratants anti-rougeurs RUBORIL\u00ae expert M ou S sur l\u2019ensemble du visage.<\/p>\n","protected":false},"excerpt":{"rendered":"<p>Isispharma Ruboril Expert Intense Soin Concentr\u00e9 Rougeurs 15Ml RUBORIL\u00ae expert INTENSE a \u00e9t\u00e9 sp\u00e9cialement d\u00e9velopp\u00e9 pour les peaux \u00e9rythro-couperosiques. Soin<\/p>\n","protected":false},"featured_media":25082,"comment_status":"open","ping_status":"closed","template":"","meta":[],"product_brand":[321],"product_cat":[502],"product_tag":[],"class_list":{"0":"post-25060","1":"product","2":"type-product","3":"status-publish","4":"has-post-thumbnail","6":"product_brand-isispharma","7":"product_cat-soins-anti-imperfections","9":"first","10":"instock","11":"sale","12":"shipping-taxable","13":"purchasable","14":"product-type-simple"},"yoast_head":"<!-- This site is optimized with the Yoast SEO plugin v26.6 - https:\/\/yoast.com\/wordpress\/plugins\/seo\/ -->\r\n<title>ISISPHARMA RUBORIL EXPERT INTENSE SOIN CONCENTRE ANTI ROUGEURS LOCALISEES 15Ml - Paracherkaoui.ma<\/title>\r\n<meta name=\"robots\" content=\"index, follow, max-snippet:-1, max-image-preview:large, max-video-preview:-1\" \/>\r\n<link rel=\"canonical\" href=\"https:\/\/paracherkaoui.ma\/index.php\/produit\/isispharma-ruboril-expert-intense-soin-concentre-anti-rougeurs-localisees-15ml\/\" \/>\r\n<meta property=\"og:locale\" content=\"fr_FR\" \/>\r\n<meta property=\"og:type\" content=\"article\" \/>\r\n<meta property=\"og:title\" content=\"ISISPHARMA RUBORIL EXPERT INTENSE SOIN CONCENTRE ANTI ROUGEURS LOCALISEES 15Ml - Paracherkaoui.ma\" \/>\r\n<meta property=\"og:description\" content=\"Isispharma Ruboril Expert Intense Soin Concentr\u00e9 Rougeurs 15Ml RUBORIL\u00ae expert INTENSE a \u00e9t\u00e9 sp\u00e9cialement d\u00e9velopp\u00e9 pour les peaux \u00e9rythro-couperosiques. Soin\" \/>\r\n<meta property=\"og:url\" content=\"https:\/\/paracherkaoui.ma\/index.php\/produit\/isispharma-ruboril-expert-intense-soin-concentre-anti-rougeurs-localisees-15ml\/\" \/>\r\n<meta property=\"og:site_name\" content=\"Paracherkaoui.ma\" \/>\r\n<meta property=\"article:modified_time\" content=\"2025-12-12T17:21:49+00:00\" \/>\r\n<meta property=\"og:image\" content=\"https:\/\/paracherkaoui.ma\/wp-content\/uploads\/2025\/12\/isispharma-ruboril-expert-intense-soin-concentre-anti-rougeurs-localisees-15ml.jpg\" \/>\r\n\t<meta property=\"og:image:width\" content=\"700\" \/>\r\n\t<meta property=\"og:image:height\" content=\"700\" \/>\r\n\t<meta property=\"og:image:type\" content=\"image\/jpeg\" \/>\r\n<meta name=\"twitter:card\" content=\"summary_large_image\" \/>\r\n<meta name=\"twitter:label1\" content=\"Dur\u00e9e de lecture estim\u00e9e\" \/>\n\t<meta name=\"twitter:data1\" content=\"1 minute\" \/>\r\n<script type=\"application\/ld+json\" class=\"yoast-schema-graph\">{\"@context\":\"https:\/\/schema.org\",\"@graph\":[{\"@type\":\"WebPage\",\"@id\":\"https:\/\/paracherkaoui.ma\/index.php\/produit\/isispharma-ruboril-expert-intense-soin-concentre-anti-rougeurs-localisees-15ml\/\",\"url\":\"https:\/\/paracherkaoui.ma\/index.php\/produit\/isispharma-ruboril-expert-intense-soin-concentre-anti-rougeurs-localisees-15ml\/\",\"name\":\"ISISPHARMA RUBORIL EXPERT INTENSE SOIN CONCENTRE ANTI ROUGEURS LOCALISEES 15Ml - Paracherkaoui.ma\",\"isPartOf\":{\"@id\":\"https:\/\/paracherkaoui.ma\/#website\"},\"primaryImageOfPage\":{\"@id\":\"https:\/\/paracherkaoui.ma\/index.php\/produit\/isispharma-ruboril-expert-intense-soin-concentre-anti-rougeurs-localisees-15ml\/#primaryimage\"},\"image\":{\"@id\":\"https:\/\/paracherkaoui.ma\/index.php\/produit\/isispharma-ruboril-expert-intense-soin-concentre-anti-rougeurs-localisees-15ml\/#primaryimage\"},\"thumbnailUrl\":\"https:\/\/paracherkaoui.ma\/wp-content\/uploads\/2025\/12\/isispharma-ruboril-expert-intense-soin-concentre-anti-rougeurs-localisees-15ml.jpg\",\"datePublished\":\"2025-12-12T17:21:48+00:00\",\"dateModified\":\"2025-12-12T17:21:49+00:00\",\"breadcrumb\":{\"@id\":\"https:\/\/paracherkaoui.ma\/index.php\/produit\/isispharma-ruboril-expert-intense-soin-concentre-anti-rougeurs-localisees-15ml\/#breadcrumb\"},\"inLanguage\":\"fr-FR\",\"potentialAction\":[{\"@type\":\"ReadAction\",\"target\":[\"https:\/\/paracherkaoui.ma\/index.php\/produit\/isispharma-ruboril-expert-intense-soin-concentre-anti-rougeurs-localisees-15ml\/\"]}]},{\"@type\":\"ImageObject\",\"inLanguage\":\"fr-FR\",\"@id\":\"https:\/\/paracherkaoui.ma\/index.php\/produit\/isispharma-ruboril-expert-intense-soin-concentre-anti-rougeurs-localisees-15ml\/#primaryimage\",\"url\":\"https:\/\/paracherkaoui.ma\/wp-content\/uploads\/2025\/12\/isispharma-ruboril-expert-intense-soin-concentre-anti-rougeurs-localisees-15ml.jpg\",\"contentUrl\":\"https:\/\/paracherkaoui.ma\/wp-content\/uploads\/2025\/12\/isispharma-ruboril-expert-intense-soin-concentre-anti-rougeurs-localisees-15ml.jpg\",\"width\":700,\"height\":700},{\"@type\":\"BreadcrumbList\",\"@id\":\"https:\/\/paracherkaoui.ma\/index.php\/produit\/isispharma-ruboril-expert-intense-soin-concentre-anti-rougeurs-localisees-15ml\/#breadcrumb\",\"itemListElement\":[{\"@type\":\"ListItem\",\"position\":1,\"name\":\"Accueil\",\"item\":\"https:\/\/paracherkaoui.ma\/\"},{\"@type\":\"ListItem\",\"position\":2,\"name\":\"Boutique\",\"item\":\"https:\/\/paracherkaoui.ma\/index.php\/boutique\/\"},{\"@type\":\"ListItem\",\"position\":3,\"name\":\"ISISPHARMA RUBORIL EXPERT INTENSE SOIN CONCENTRE ANTI ROUGEURS LOCALISEES 15Ml\"}]},{\"@type\":\"WebSite\",\"@id\":\"https:\/\/paracherkaoui.ma\/#website\",\"url\":\"https:\/\/paracherkaoui.ma\/\",\"name\":\"Paracherkaoui.ma\",\"description\":\"Achetez en ligne sur Paracherkaoui.ma\",\"potentialAction\":[{\"@type\":\"SearchAction\",\"target\":{\"@type\":\"EntryPoint\",\"urlTemplate\":\"https:\/\/paracherkaoui.ma\/?s={search_term_string}\"},\"query-input\":{\"@type\":\"PropertyValueSpecification\",\"valueRequired\":true,\"valueName\":\"search_term_string\"}}],\"inLanguage\":\"fr-FR\"}]}<\/script>\r\n<!-- \/ Yoast SEO plugin. -->","yoast_head_json":{"title":"ISISPHARMA RUBORIL EXPERT INTENSE SOIN CONCENTRE ANTI ROUGEURS LOCALISEES 15Ml - Paracherkaoui.ma","robots":{"index":"index","follow":"follow","max-snippet":"max-snippet:-1","max-image-preview":"max-image-preview:large","max-video-preview":"max-video-preview:-1"},"canonical":"https:\/\/paracherkaoui.ma\/index.php\/produit\/isispharma-ruboril-expert-intense-soin-concentre-anti-rougeurs-localisees-15ml\/","og_locale":"fr_FR","og_type":"article","og_title":"ISISPHARMA RUBORIL EXPERT INTENSE SOIN CONCENTRE ANTI ROUGEURS LOCALISEES 15Ml - Paracherkaoui.ma","og_description":"Isispharma Ruboril Expert Intense Soin Concentr\u00e9 Rougeurs 15Ml RUBORIL\u00ae expert INTENSE a \u00e9t\u00e9 sp\u00e9cialement d\u00e9velopp\u00e9 pour les peaux \u00e9rythro-couperosiques. Soin","og_url":"https:\/\/paracherkaoui.ma\/index.php\/produit\/isispharma-ruboril-expert-intense-soin-concentre-anti-rougeurs-localisees-15ml\/","og_site_name":"Paracherkaoui.ma","article_modified_time":"2025-12-12T17:21:49+00:00","og_image":[{"width":700,"height":700,"url":"https:\/\/paracherkaoui.ma\/wp-content\/uploads\/2025\/12\/isispharma-ruboril-expert-intense-soin-concentre-anti-rougeurs-localisees-15ml.jpg","type":"image\/jpeg"}],"twitter_card":"summary_large_image","twitter_misc":{"Dur\u00e9e de lecture estim\u00e9e":"1 minute"},"schema":{"@context":"https:\/\/schema.org","@graph":[{"@type":"WebPage","@id":"https:\/\/paracherkaoui.ma\/index.php\/produit\/isispharma-ruboril-expert-intense-soin-concentre-anti-rougeurs-localisees-15ml\/","url":"https:\/\/paracherkaoui.ma\/index.php\/produit\/isispharma-ruboril-expert-intense-soin-concentre-anti-rougeurs-localisees-15ml\/","name":"ISISPHARMA RUBORIL EXPERT INTENSE SOIN CONCENTRE ANTI ROUGEURS LOCALISEES 15Ml - Paracherkaoui.ma","isPartOf":{"@id":"https:\/\/paracherkaoui.ma\/#website"},"primaryImageOfPage":{"@id":"https:\/\/paracherkaoui.ma\/index.php\/produit\/isispharma-ruboril-expert-intense-soin-concentre-anti-rougeurs-localisees-15ml\/#primaryimage"},"image":{"@id":"https:\/\/paracherkaoui.ma\/index.php\/produit\/isispharma-ruboril-expert-intense-soin-concentre-anti-rougeurs-localisees-15ml\/#primaryimage"},"thumbnailUrl":"https:\/\/paracherkaoui.ma\/wp-content\/uploads\/2025\/12\/isispharma-ruboril-expert-intense-soin-concentre-anti-rougeurs-localisees-15ml.jpg","datePublished":"2025-12-12T17:21:48+00:00","dateModified":"2025-12-12T17:21:49+00:00","breadcrumb":{"@id":"https:\/\/paracherkaoui.ma\/index.php\/produit\/isispharma-ruboril-expert-intense-soin-concentre-anti-rougeurs-localisees-15ml\/#breadcrumb"},"inLanguage":"fr-FR","potentialAction":[{"@type":"ReadAction","target":["https:\/\/paracherkaoui.ma\/index.php\/produit\/isispharma-ruboril-expert-intense-soin-concentre-anti-rougeurs-localisees-15ml\/"]}]},{"@type":"ImageObject","inLanguage":"fr-FR","@id":"https:\/\/paracherkaoui.ma\/index.php\/produit\/isispharma-ruboril-expert-intense-soin-concentre-anti-rougeurs-localisees-15ml\/#primaryimage","url":"https:\/\/paracherkaoui.ma\/wp-content\/uploads\/2025\/12\/isispharma-ruboril-expert-intense-soin-concentre-anti-rougeurs-localisees-15ml.jpg","contentUrl":"https:\/\/paracherkaoui.ma\/wp-content\/uploads\/2025\/12\/isispharma-ruboril-expert-intense-soin-concentre-anti-rougeurs-localisees-15ml.jpg","width":700,"height":700},{"@type":"BreadcrumbList","@id":"https:\/\/paracherkaoui.ma\/index.php\/produit\/isispharma-ruboril-expert-intense-soin-concentre-anti-rougeurs-localisees-15ml\/#breadcrumb","itemListElement":[{"@type":"ListItem","position":1,"name":"Accueil","item":"https:\/\/paracherkaoui.ma\/"},{"@type":"ListItem","position":2,"name":"Boutique","item":"https:\/\/paracherkaoui.ma\/index.php\/boutique\/"},{"@type":"ListItem","position":3,"name":"ISISPHARMA RUBORIL EXPERT INTENSE SOIN CONCENTRE ANTI ROUGEURS LOCALISEES 15Ml"}]},{"@type":"WebSite","@id":"https:\/\/paracherkaoui.ma\/#website","url":"https:\/\/paracherkaoui.ma\/","name":"Paracherkaoui.ma","description":"Achetez en ligne sur Paracherkaoui.ma","potentialAction":[{"@type":"SearchAction","target":{"@type":"EntryPoint","urlTemplate":"https:\/\/paracherkaoui.ma\/?s={search_term_string}"},"query-input":{"@type":"PropertyValueSpecification","valueRequired":true,"valueName":"search_term_string"}}],"inLanguage":"fr-FR"}]}},"_links":{"self":[{"href":"https:\/\/paracherkaoui.ma\/index.php\/wp-json\/wp\/v2\/product\/25060","targetHints":{"allow":["GET"]}}],"collection":[{"href":"https:\/\/paracherkaoui.ma\/index.php\/wp-json\/wp\/v2\/product"}],"about":[{"href":"https:\/\/paracherkaoui.ma\/index.php\/wp-json\/wp\/v2\/types\/product"}],"replies":[{"embeddable":true,"href":"https:\/\/paracherkaoui.ma\/index.php\/wp-json\/wp\/v2\/comments?post=25060"}],"version-history":[{"count":1,"href":"https:\/\/paracherkaoui.ma\/index.php\/wp-json\/wp\/v2\/product\/25060\/revisions"}],"predecessor-version":[{"id":25083,"href":"https:\/\/paracherkaoui.ma\/index.php\/wp-json\/wp\/v2\/product\/25060\/revisions\/25083"}],"wp:featuredmedia":[{"embeddable":true,"href":"https:\/\/paracherkaoui.ma\/index.php\/wp-json\/wp\/v2\/media\/25082"}],"wp:attachment":[{"href":"https:\/\/paracherkaoui.ma\/index.php\/wp-json\/wp\/v2\/media?parent=25060"}],"wp:term":[{"taxonomy":"product_brand","embeddable":true,"href":"https:\/\/paracherkaoui.ma\/index.php\/wp-json\/wp\/v2\/product_brand?post=25060"},{"taxonomy":"product_cat","embeddable":true,"href":"https:\/\/paracherkaoui.ma\/index.php\/wp-json\/wp\/v2\/product_cat?post=25060"},{"taxonomy":"product_tag","embeddable":true,"href":"https:\/\/paracherkaoui.ma\/index.php\/wp-json\/wp\/v2\/product_tag?post=25060"}],"curies":[{"name":"wp","href":"https:\/\/api.w.org\/{rel}","templated":true}]}}