{"id":24825,"date":"2025-12-12T18:21:19","date_gmt":"2025-12-12T17:21:19","guid":{"rendered":"https:\/\/test.ecbeaute.com\/?post_type=product&#038;p=24825"},"modified":"2025-12-12T18:21:21","modified_gmt":"2025-12-12T17:21:21","slug":"aderma-biology-ac-hydra-creme-compensatrice-ultra-apaisante-40ml","status":"publish","type":"product","link":"https:\/\/paracherkaoui.ma\/index.php\/produit\/aderma-biology-ac-hydra-creme-compensatrice-ultra-apaisante-40ml\/","title":{"rendered":"ADERMA BIOLOGY AC HYDRA CREME COMPENSATRICE ULTRA APAISANTE 40ML"},"content":{"rendered":"<p>Ce soin hydratant dermatologique &#038; certifi\u00e9 BIO compense l&rsquo;effet dess\u00e9chant et irritant des traitements des peaux grasses tendance acn\u00e9ique. Il apaise les boutons et les rougeurs et contribue \u00e0 retrouver douceur, souplesse et confort. Gr\u00e2ce \u00e0 sa double action ultra-apaisante et compensatrice (en association aux traitements dess\u00e9chants), cette cr\u00e8me \u00e0 usage quotidien limite la desquamation excessive et les sensations de tiraillements.<br \/>\nSa formule prot\u00e8ge la barri\u00e8re cutan\u00e9e face \u00e0 la pollution, aide les peaux fragilis\u00e9es \u00e0 se r\u00e9\u00e9quilibrer et hydrate pendant 48h*.<br \/>\nCompos\u00e9e \u00e0 base de 99% d\u2019ingr\u00e9dients d\u2019origine naturelle dont l&rsquo;Avoine Rhealba\u00ae issue de l\u2019agriculture biologique, cette cr\u00e8me onctueuse, au fini mat et au doux parfum v\u00e9g\u00e9tal, att\u00e9nue les marques rouges et brunes.<br \/>\nTest\u00e9e en association avec les principaux traitements topiques et oraux des peaux \u00e0 tendance acn\u00e9iques, Biology AC Hydra convient aux pr\u00e9-adolescents d\u00e8s 9 ans, aux adolescents et aux adultes.<br \/>\nInfo Vegan : sans ingr\u00e9dient d&rsquo;origine animale.<br \/>\nConseils d&rsquo;utilisation :<br \/>\nAppliquer BIOLOGY-AC HYDRA matin et\/ou soir sur le visage.<\/p>\n","protected":false},"excerpt":{"rendered":"<p>Ce soin hydratant dermatologique &#038; certifi\u00e9 BIO compense l&rsquo;effet dess\u00e9chant et irritant des traitements des peaux grasses tendance acn\u00e9ique. Il<\/p>\n","protected":false},"featured_media":24859,"comment_status":"open","ping_status":"closed","template":"","meta":[],"product_brand":[372],"product_cat":[502],"product_tag":[],"class_list":{"0":"post-24825","1":"product","2":"type-product","3":"status-publish","4":"has-post-thumbnail","6":"product_brand-a-derma","7":"product_cat-soins-anti-imperfections","9":"first","10":"instock","11":"sale","12":"shipping-taxable","13":"purchasable","14":"product-type-simple"},"yoast_head":"<!-- This site is optimized with the Yoast SEO plugin v26.6 - https:\/\/yoast.com\/wordpress\/plugins\/seo\/ -->\r\n<title>ADERMA BIOLOGY AC HYDRA CREME COMPENSATRICE ULTRA APAISANTE 40ML - Paracherkaoui.ma<\/title>\r\n<meta name=\"robots\" content=\"index, follow, max-snippet:-1, max-image-preview:large, max-video-preview:-1\" \/>\r\n<link rel=\"canonical\" href=\"https:\/\/paracherkaoui.ma\/index.php\/produit\/aderma-biology-ac-hydra-creme-compensatrice-ultra-apaisante-40ml\/\" \/>\r\n<meta property=\"og:locale\" content=\"fr_FR\" \/>\r\n<meta property=\"og:type\" content=\"article\" \/>\r\n<meta property=\"og:title\" content=\"ADERMA BIOLOGY AC HYDRA CREME COMPENSATRICE ULTRA APAISANTE 40ML - Paracherkaoui.ma\" \/>\r\n<meta property=\"og:description\" content=\"Ce soin hydratant dermatologique &#038; certifi\u00e9 BIO compense l&rsquo;effet dess\u00e9chant et irritant des traitements des peaux grasses tendance acn\u00e9ique. Il\" \/>\r\n<meta property=\"og:url\" content=\"https:\/\/paracherkaoui.ma\/index.php\/produit\/aderma-biology-ac-hydra-creme-compensatrice-ultra-apaisante-40ml\/\" \/>\r\n<meta property=\"og:site_name\" content=\"Paracherkaoui.ma\" \/>\r\n<meta property=\"article:modified_time\" content=\"2025-12-12T17:21:21+00:00\" \/>\r\n<meta property=\"og:image\" content=\"https:\/\/paracherkaoui.ma\/wp-content\/uploads\/2025\/12\/aderma-biology-ac-hydra-creme-compensatrice-ultra-apaisante-40ml.jpg\" \/>\r\n\t<meta property=\"og:image:width\" content=\"700\" \/>\r\n\t<meta property=\"og:image:height\" content=\"700\" \/>\r\n\t<meta property=\"og:image:type\" content=\"image\/jpeg\" \/>\r\n<meta name=\"twitter:card\" content=\"summary_large_image\" \/>\r\n<meta name=\"twitter:label1\" content=\"Dur\u00e9e de lecture estim\u00e9e\" \/>\n\t<meta name=\"twitter:data1\" content=\"1 minute\" \/>\r\n<script type=\"application\/ld+json\" class=\"yoast-schema-graph\">{\"@context\":\"https:\/\/schema.org\",\"@graph\":[{\"@type\":\"WebPage\",\"@id\":\"https:\/\/paracherkaoui.ma\/index.php\/produit\/aderma-biology-ac-hydra-creme-compensatrice-ultra-apaisante-40ml\/\",\"url\":\"https:\/\/paracherkaoui.ma\/index.php\/produit\/aderma-biology-ac-hydra-creme-compensatrice-ultra-apaisante-40ml\/\",\"name\":\"ADERMA BIOLOGY AC HYDRA CREME COMPENSATRICE ULTRA APAISANTE 40ML - Paracherkaoui.ma\",\"isPartOf\":{\"@id\":\"https:\/\/paracherkaoui.ma\/#website\"},\"primaryImageOfPage\":{\"@id\":\"https:\/\/paracherkaoui.ma\/index.php\/produit\/aderma-biology-ac-hydra-creme-compensatrice-ultra-apaisante-40ml\/#primaryimage\"},\"image\":{\"@id\":\"https:\/\/paracherkaoui.ma\/index.php\/produit\/aderma-biology-ac-hydra-creme-compensatrice-ultra-apaisante-40ml\/#primaryimage\"},\"thumbnailUrl\":\"https:\/\/paracherkaoui.ma\/wp-content\/uploads\/2025\/12\/aderma-biology-ac-hydra-creme-compensatrice-ultra-apaisante-40ml.jpg\",\"datePublished\":\"2025-12-12T17:21:19+00:00\",\"dateModified\":\"2025-12-12T17:21:21+00:00\",\"breadcrumb\":{\"@id\":\"https:\/\/paracherkaoui.ma\/index.php\/produit\/aderma-biology-ac-hydra-creme-compensatrice-ultra-apaisante-40ml\/#breadcrumb\"},\"inLanguage\":\"fr-FR\",\"potentialAction\":[{\"@type\":\"ReadAction\",\"target\":[\"https:\/\/paracherkaoui.ma\/index.php\/produit\/aderma-biology-ac-hydra-creme-compensatrice-ultra-apaisante-40ml\/\"]}]},{\"@type\":\"ImageObject\",\"inLanguage\":\"fr-FR\",\"@id\":\"https:\/\/paracherkaoui.ma\/index.php\/produit\/aderma-biology-ac-hydra-creme-compensatrice-ultra-apaisante-40ml\/#primaryimage\",\"url\":\"https:\/\/paracherkaoui.ma\/wp-content\/uploads\/2025\/12\/aderma-biology-ac-hydra-creme-compensatrice-ultra-apaisante-40ml.jpg\",\"contentUrl\":\"https:\/\/paracherkaoui.ma\/wp-content\/uploads\/2025\/12\/aderma-biology-ac-hydra-creme-compensatrice-ultra-apaisante-40ml.jpg\",\"width\":700,\"height\":700},{\"@type\":\"BreadcrumbList\",\"@id\":\"https:\/\/paracherkaoui.ma\/index.php\/produit\/aderma-biology-ac-hydra-creme-compensatrice-ultra-apaisante-40ml\/#breadcrumb\",\"itemListElement\":[{\"@type\":\"ListItem\",\"position\":1,\"name\":\"Accueil\",\"item\":\"https:\/\/paracherkaoui.ma\/\"},{\"@type\":\"ListItem\",\"position\":2,\"name\":\"Boutique\",\"item\":\"https:\/\/paracherkaoui.ma\/index.php\/boutique\/\"},{\"@type\":\"ListItem\",\"position\":3,\"name\":\"ADERMA BIOLOGY AC HYDRA CREME COMPENSATRICE ULTRA APAISANTE 40ML\"}]},{\"@type\":\"WebSite\",\"@id\":\"https:\/\/paracherkaoui.ma\/#website\",\"url\":\"https:\/\/paracherkaoui.ma\/\",\"name\":\"Paracherkaoui.ma\",\"description\":\"Achetez en ligne sur Paracherkaoui.ma\",\"potentialAction\":[{\"@type\":\"SearchAction\",\"target\":{\"@type\":\"EntryPoint\",\"urlTemplate\":\"https:\/\/paracherkaoui.ma\/?s={search_term_string}\"},\"query-input\":{\"@type\":\"PropertyValueSpecification\",\"valueRequired\":true,\"valueName\":\"search_term_string\"}}],\"inLanguage\":\"fr-FR\"}]}<\/script>\r\n<!-- \/ Yoast SEO plugin. -->","yoast_head_json":{"title":"ADERMA BIOLOGY AC HYDRA CREME COMPENSATRICE ULTRA APAISANTE 40ML - Paracherkaoui.ma","robots":{"index":"index","follow":"follow","max-snippet":"max-snippet:-1","max-image-preview":"max-image-preview:large","max-video-preview":"max-video-preview:-1"},"canonical":"https:\/\/paracherkaoui.ma\/index.php\/produit\/aderma-biology-ac-hydra-creme-compensatrice-ultra-apaisante-40ml\/","og_locale":"fr_FR","og_type":"article","og_title":"ADERMA BIOLOGY AC HYDRA CREME COMPENSATRICE ULTRA APAISANTE 40ML - Paracherkaoui.ma","og_description":"Ce soin hydratant dermatologique &#038; certifi\u00e9 BIO compense l&rsquo;effet dess\u00e9chant et irritant des traitements des peaux grasses tendance acn\u00e9ique. Il","og_url":"https:\/\/paracherkaoui.ma\/index.php\/produit\/aderma-biology-ac-hydra-creme-compensatrice-ultra-apaisante-40ml\/","og_site_name":"Paracherkaoui.ma","article_modified_time":"2025-12-12T17:21:21+00:00","og_image":[{"width":700,"height":700,"url":"https:\/\/paracherkaoui.ma\/wp-content\/uploads\/2025\/12\/aderma-biology-ac-hydra-creme-compensatrice-ultra-apaisante-40ml.jpg","type":"image\/jpeg"}],"twitter_card":"summary_large_image","twitter_misc":{"Dur\u00e9e de lecture estim\u00e9e":"1 minute"},"schema":{"@context":"https:\/\/schema.org","@graph":[{"@type":"WebPage","@id":"https:\/\/paracherkaoui.ma\/index.php\/produit\/aderma-biology-ac-hydra-creme-compensatrice-ultra-apaisante-40ml\/","url":"https:\/\/paracherkaoui.ma\/index.php\/produit\/aderma-biology-ac-hydra-creme-compensatrice-ultra-apaisante-40ml\/","name":"ADERMA BIOLOGY AC HYDRA CREME COMPENSATRICE ULTRA APAISANTE 40ML - Paracherkaoui.ma","isPartOf":{"@id":"https:\/\/paracherkaoui.ma\/#website"},"primaryImageOfPage":{"@id":"https:\/\/paracherkaoui.ma\/index.php\/produit\/aderma-biology-ac-hydra-creme-compensatrice-ultra-apaisante-40ml\/#primaryimage"},"image":{"@id":"https:\/\/paracherkaoui.ma\/index.php\/produit\/aderma-biology-ac-hydra-creme-compensatrice-ultra-apaisante-40ml\/#primaryimage"},"thumbnailUrl":"https:\/\/paracherkaoui.ma\/wp-content\/uploads\/2025\/12\/aderma-biology-ac-hydra-creme-compensatrice-ultra-apaisante-40ml.jpg","datePublished":"2025-12-12T17:21:19+00:00","dateModified":"2025-12-12T17:21:21+00:00","breadcrumb":{"@id":"https:\/\/paracherkaoui.ma\/index.php\/produit\/aderma-biology-ac-hydra-creme-compensatrice-ultra-apaisante-40ml\/#breadcrumb"},"inLanguage":"fr-FR","potentialAction":[{"@type":"ReadAction","target":["https:\/\/paracherkaoui.ma\/index.php\/produit\/aderma-biology-ac-hydra-creme-compensatrice-ultra-apaisante-40ml\/"]}]},{"@type":"ImageObject","inLanguage":"fr-FR","@id":"https:\/\/paracherkaoui.ma\/index.php\/produit\/aderma-biology-ac-hydra-creme-compensatrice-ultra-apaisante-40ml\/#primaryimage","url":"https:\/\/paracherkaoui.ma\/wp-content\/uploads\/2025\/12\/aderma-biology-ac-hydra-creme-compensatrice-ultra-apaisante-40ml.jpg","contentUrl":"https:\/\/paracherkaoui.ma\/wp-content\/uploads\/2025\/12\/aderma-biology-ac-hydra-creme-compensatrice-ultra-apaisante-40ml.jpg","width":700,"height":700},{"@type":"BreadcrumbList","@id":"https:\/\/paracherkaoui.ma\/index.php\/produit\/aderma-biology-ac-hydra-creme-compensatrice-ultra-apaisante-40ml\/#breadcrumb","itemListElement":[{"@type":"ListItem","position":1,"name":"Accueil","item":"https:\/\/paracherkaoui.ma\/"},{"@type":"ListItem","position":2,"name":"Boutique","item":"https:\/\/paracherkaoui.ma\/index.php\/boutique\/"},{"@type":"ListItem","position":3,"name":"ADERMA BIOLOGY AC HYDRA CREME COMPENSATRICE ULTRA APAISANTE 40ML"}]},{"@type":"WebSite","@id":"https:\/\/paracherkaoui.ma\/#website","url":"https:\/\/paracherkaoui.ma\/","name":"Paracherkaoui.ma","description":"Achetez en ligne sur Paracherkaoui.ma","potentialAction":[{"@type":"SearchAction","target":{"@type":"EntryPoint","urlTemplate":"https:\/\/paracherkaoui.ma\/?s={search_term_string}"},"query-input":{"@type":"PropertyValueSpecification","valueRequired":true,"valueName":"search_term_string"}}],"inLanguage":"fr-FR"}]}},"_links":{"self":[{"href":"https:\/\/paracherkaoui.ma\/index.php\/wp-json\/wp\/v2\/product\/24825","targetHints":{"allow":["GET"]}}],"collection":[{"href":"https:\/\/paracherkaoui.ma\/index.php\/wp-json\/wp\/v2\/product"}],"about":[{"href":"https:\/\/paracherkaoui.ma\/index.php\/wp-json\/wp\/v2\/types\/product"}],"replies":[{"embeddable":true,"href":"https:\/\/paracherkaoui.ma\/index.php\/wp-json\/wp\/v2\/comments?post=24825"}],"version-history":[{"count":1,"href":"https:\/\/paracherkaoui.ma\/index.php\/wp-json\/wp\/v2\/product\/24825\/revisions"}],"predecessor-version":[{"id":24860,"href":"https:\/\/paracherkaoui.ma\/index.php\/wp-json\/wp\/v2\/product\/24825\/revisions\/24860"}],"wp:featuredmedia":[{"embeddable":true,"href":"https:\/\/paracherkaoui.ma\/index.php\/wp-json\/wp\/v2\/media\/24859"}],"wp:attachment":[{"href":"https:\/\/paracherkaoui.ma\/index.php\/wp-json\/wp\/v2\/media?parent=24825"}],"wp:term":[{"taxonomy":"product_brand","embeddable":true,"href":"https:\/\/paracherkaoui.ma\/index.php\/wp-json\/wp\/v2\/product_brand?post=24825"},{"taxonomy":"product_cat","embeddable":true,"href":"https:\/\/paracherkaoui.ma\/index.php\/wp-json\/wp\/v2\/product_cat?post=24825"},{"taxonomy":"product_tag","embeddable":true,"href":"https:\/\/paracherkaoui.ma\/index.php\/wp-json\/wp\/v2\/product_tag?post=24825"}],"curies":[{"name":"wp","href":"https:\/\/api.w.org\/{rel}","templated":true}]}}