{"id":24823,"date":"2025-12-12T18:21:19","date_gmt":"2025-12-12T17:21:19","guid":{"rendered":"https:\/\/test.ecbeaute.com\/?post_type=product&#038;p=24823"},"modified":"2025-12-12T18:21:21","modified_gmt":"2025-12-12T17:21:21","slug":"mesoestetic-dermamelan-treatment-creme-visage-30-ml","status":"publish","type":"product","link":"https:\/\/paracherkaoui.ma\/index.php\/produit\/mesoestetic-dermamelan-treatment-creme-visage-30-ml\/","title":{"rendered":"MESOESTETIC DERMAMELAN TREATMENT CREME VISAGE 30 ML"},"content":{"rendered":"<p>L&rsquo;action d\u00e9pigmentante de la cr\u00e8me Dermamelan\u00ae traitement est bas\u00e9e sur l&rsquo;inhibition de la tyrosinase, une enzyme de base dans le processus de formation de la m\u00e9lanine. Plusieurs des substances pr\u00e9sentes dans la formule Dermamelan\u00ae bloque cette enzyme produisant de la m\u00e9lanine. La terminologie technique est la m\u00e9lanog\u00e9n\u00e8se. Dans le langage courant, cela signifie simplement que votre peau fait trop de m\u00e9lanine et quand elle remonte \u00e0 la surface de la peau cela provoque des taches brun\u00e2tres qui sont r\u00e9sistantes.<br \/>\nAvantages<\/p>\n<p>Le traitement Dermamelan\u00ae offre une s\u00e9rie de grands avantages comparativement aux autres types de produits de d\u00e9pigmentation:<br \/>\n&#8211; Tr\u00e8s efficace dans tous les types de melasma et de pigmentation<br \/>\n&#8211; Une action d\u00e9pigmentante rapide et facile<br \/>\n&#8211; Compatible avec tous types de peau (Fitzpatrick I &#8211; VI)<br \/>\n&#8211; A un effet de r\u00e9juvenation et qui donne une luminosit\u00e9 de la peau<br \/>\n&#8211; Le traitement peut \u00eatre utilis\u00e9 toute l&rsquo;ann\u00e9e<br \/>\n&#8211; Aussi efficace pour les taches d&rsquo;acn\u00e9<br \/>\n&#8211; Pas d&rsquo;hydroquinone (souvent tr\u00e8s mal tol\u00e9r\u00e9e)<br \/>\n&#8211; Efficace pour le traitement des taches, l&rsquo;entretien et la pr\u00e9vention<br \/>\n&#8211; Produit tr\u00e8s s\u00e9curisant<br \/>\nR\u00e9sultats<br \/>\nDans la plupart des cas, les zones brunes commen\u00e7ent par un \u00e9claircissement rapide.<br \/>\nAppliquer quotidiennement la cr\u00e8me Dermamelan Treatment, en tr\u00e8s petite quantit\u00e9, sur les zones \u00e0 traiter. Une fois par jour, le soir de pr\u00e9f\u00e9rence.<br \/>\nNe pas mettre de cr\u00e8me sur une peau irrit\u00e9e. Il est pr\u00e9f\u00e9rable d&rsquo;espacer les applications. (Une fois tous les deux ou trois jours si la peau est tr\u00e8s sensible) Pendant le traitement, il est obligatoire d&rsquo;utiliser une photo protection efficace et constante par \u00e9cran total<\/p>\n","protected":false},"excerpt":{"rendered":"<p>L&rsquo;action d\u00e9pigmentante de la cr\u00e8me Dermamelan\u00ae traitement est bas\u00e9e sur l&rsquo;inhibition de la tyrosinase, une enzyme de base dans le<\/p>\n","protected":false},"featured_media":24856,"comment_status":"open","ping_status":"closed","template":"","meta":[],"product_brand":[399],"product_cat":[502],"product_tag":[],"class_list":{"0":"post-24823","1":"product","2":"type-product","3":"status-publish","4":"has-post-thumbnail","6":"product_brand-mesoestetic","7":"product_cat-soins-anti-imperfections","9":"first","10":"instock","11":"sale","12":"shipping-taxable","13":"purchasable","14":"product-type-simple"},"yoast_head":"<!-- This site is optimized with the Yoast SEO plugin v26.6 - https:\/\/yoast.com\/wordpress\/plugins\/seo\/ -->\r\n<title>MESOESTETIC DERMAMELAN TREATMENT CREME VISAGE 30 ML - Paracherkaoui.ma<\/title>\r\n<meta name=\"robots\" content=\"index, follow, max-snippet:-1, max-image-preview:large, max-video-preview:-1\" \/>\r\n<link rel=\"canonical\" href=\"https:\/\/paracherkaoui.ma\/index.php\/produit\/mesoestetic-dermamelan-treatment-creme-visage-30-ml\/\" \/>\r\n<meta property=\"og:locale\" content=\"fr_FR\" \/>\r\n<meta property=\"og:type\" content=\"article\" \/>\r\n<meta property=\"og:title\" content=\"MESOESTETIC DERMAMELAN TREATMENT CREME VISAGE 30 ML - Paracherkaoui.ma\" \/>\r\n<meta property=\"og:description\" content=\"L&rsquo;action d\u00e9pigmentante de la cr\u00e8me Dermamelan\u00ae traitement est bas\u00e9e sur l&rsquo;inhibition de la tyrosinase, une enzyme de base dans le\" \/>\r\n<meta property=\"og:url\" content=\"https:\/\/paracherkaoui.ma\/index.php\/produit\/mesoestetic-dermamelan-treatment-creme-visage-30-ml\/\" \/>\r\n<meta property=\"og:site_name\" content=\"Paracherkaoui.ma\" \/>\r\n<meta property=\"article:modified_time\" content=\"2025-12-12T17:21:21+00:00\" \/>\r\n<meta property=\"og:image\" content=\"https:\/\/paracherkaoui.ma\/wp-content\/uploads\/2025\/12\/mesoestetic-mesoestetic-dermamelan-treatment-creme-visage-30-ml-cremes-depigmentant.jpg\" \/>\r\n\t<meta property=\"og:image:width\" content=\"700\" \/>\r\n\t<meta property=\"og:image:height\" content=\"700\" \/>\r\n\t<meta property=\"og:image:type\" content=\"image\/jpeg\" \/>\r\n<meta name=\"twitter:card\" content=\"summary_large_image\" \/>\r\n<meta name=\"twitter:label1\" content=\"Dur\u00e9e de lecture estim\u00e9e\" \/>\n\t<meta name=\"twitter:data1\" content=\"1 minute\" \/>\r\n<script type=\"application\/ld+json\" class=\"yoast-schema-graph\">{\"@context\":\"https:\/\/schema.org\",\"@graph\":[{\"@type\":\"WebPage\",\"@id\":\"https:\/\/paracherkaoui.ma\/index.php\/produit\/mesoestetic-dermamelan-treatment-creme-visage-30-ml\/\",\"url\":\"https:\/\/paracherkaoui.ma\/index.php\/produit\/mesoestetic-dermamelan-treatment-creme-visage-30-ml\/\",\"name\":\"MESOESTETIC DERMAMELAN TREATMENT CREME VISAGE 30 ML - Paracherkaoui.ma\",\"isPartOf\":{\"@id\":\"https:\/\/paracherkaoui.ma\/#website\"},\"primaryImageOfPage\":{\"@id\":\"https:\/\/paracherkaoui.ma\/index.php\/produit\/mesoestetic-dermamelan-treatment-creme-visage-30-ml\/#primaryimage\"},\"image\":{\"@id\":\"https:\/\/paracherkaoui.ma\/index.php\/produit\/mesoestetic-dermamelan-treatment-creme-visage-30-ml\/#primaryimage\"},\"thumbnailUrl\":\"https:\/\/paracherkaoui.ma\/wp-content\/uploads\/2025\/12\/mesoestetic-mesoestetic-dermamelan-treatment-creme-visage-30-ml-cremes-depigmentant.jpg\",\"datePublished\":\"2025-12-12T17:21:19+00:00\",\"dateModified\":\"2025-12-12T17:21:21+00:00\",\"breadcrumb\":{\"@id\":\"https:\/\/paracherkaoui.ma\/index.php\/produit\/mesoestetic-dermamelan-treatment-creme-visage-30-ml\/#breadcrumb\"},\"inLanguage\":\"fr-FR\",\"potentialAction\":[{\"@type\":\"ReadAction\",\"target\":[\"https:\/\/paracherkaoui.ma\/index.php\/produit\/mesoestetic-dermamelan-treatment-creme-visage-30-ml\/\"]}]},{\"@type\":\"ImageObject\",\"inLanguage\":\"fr-FR\",\"@id\":\"https:\/\/paracherkaoui.ma\/index.php\/produit\/mesoestetic-dermamelan-treatment-creme-visage-30-ml\/#primaryimage\",\"url\":\"https:\/\/paracherkaoui.ma\/wp-content\/uploads\/2025\/12\/mesoestetic-mesoestetic-dermamelan-treatment-creme-visage-30-ml-cremes-depigmentant.jpg\",\"contentUrl\":\"https:\/\/paracherkaoui.ma\/wp-content\/uploads\/2025\/12\/mesoestetic-mesoestetic-dermamelan-treatment-creme-visage-30-ml-cremes-depigmentant.jpg\",\"width\":700,\"height\":700},{\"@type\":\"BreadcrumbList\",\"@id\":\"https:\/\/paracherkaoui.ma\/index.php\/produit\/mesoestetic-dermamelan-treatment-creme-visage-30-ml\/#breadcrumb\",\"itemListElement\":[{\"@type\":\"ListItem\",\"position\":1,\"name\":\"Accueil\",\"item\":\"https:\/\/paracherkaoui.ma\/\"},{\"@type\":\"ListItem\",\"position\":2,\"name\":\"Boutique\",\"item\":\"https:\/\/paracherkaoui.ma\/index.php\/boutique\/\"},{\"@type\":\"ListItem\",\"position\":3,\"name\":\"MESOESTETIC DERMAMELAN TREATMENT CREME VISAGE 30 ML\"}]},{\"@type\":\"WebSite\",\"@id\":\"https:\/\/paracherkaoui.ma\/#website\",\"url\":\"https:\/\/paracherkaoui.ma\/\",\"name\":\"Paracherkaoui.ma\",\"description\":\"Achetez en ligne sur Paracherkaoui.ma\",\"potentialAction\":[{\"@type\":\"SearchAction\",\"target\":{\"@type\":\"EntryPoint\",\"urlTemplate\":\"https:\/\/paracherkaoui.ma\/?s={search_term_string}\"},\"query-input\":{\"@type\":\"PropertyValueSpecification\",\"valueRequired\":true,\"valueName\":\"search_term_string\"}}],\"inLanguage\":\"fr-FR\"}]}<\/script>\r\n<!-- \/ Yoast SEO plugin. -->","yoast_head_json":{"title":"MESOESTETIC DERMAMELAN TREATMENT CREME VISAGE 30 ML - Paracherkaoui.ma","robots":{"index":"index","follow":"follow","max-snippet":"max-snippet:-1","max-image-preview":"max-image-preview:large","max-video-preview":"max-video-preview:-1"},"canonical":"https:\/\/paracherkaoui.ma\/index.php\/produit\/mesoestetic-dermamelan-treatment-creme-visage-30-ml\/","og_locale":"fr_FR","og_type":"article","og_title":"MESOESTETIC DERMAMELAN TREATMENT CREME VISAGE 30 ML - Paracherkaoui.ma","og_description":"L&rsquo;action d\u00e9pigmentante de la cr\u00e8me Dermamelan\u00ae traitement est bas\u00e9e sur l&rsquo;inhibition de la tyrosinase, une enzyme de base dans le","og_url":"https:\/\/paracherkaoui.ma\/index.php\/produit\/mesoestetic-dermamelan-treatment-creme-visage-30-ml\/","og_site_name":"Paracherkaoui.ma","article_modified_time":"2025-12-12T17:21:21+00:00","og_image":[{"width":700,"height":700,"url":"https:\/\/paracherkaoui.ma\/wp-content\/uploads\/2025\/12\/mesoestetic-mesoestetic-dermamelan-treatment-creme-visage-30-ml-cremes-depigmentant.jpg","type":"image\/jpeg"}],"twitter_card":"summary_large_image","twitter_misc":{"Dur\u00e9e de lecture estim\u00e9e":"1 minute"},"schema":{"@context":"https:\/\/schema.org","@graph":[{"@type":"WebPage","@id":"https:\/\/paracherkaoui.ma\/index.php\/produit\/mesoestetic-dermamelan-treatment-creme-visage-30-ml\/","url":"https:\/\/paracherkaoui.ma\/index.php\/produit\/mesoestetic-dermamelan-treatment-creme-visage-30-ml\/","name":"MESOESTETIC DERMAMELAN TREATMENT CREME VISAGE 30 ML - Paracherkaoui.ma","isPartOf":{"@id":"https:\/\/paracherkaoui.ma\/#website"},"primaryImageOfPage":{"@id":"https:\/\/paracherkaoui.ma\/index.php\/produit\/mesoestetic-dermamelan-treatment-creme-visage-30-ml\/#primaryimage"},"image":{"@id":"https:\/\/paracherkaoui.ma\/index.php\/produit\/mesoestetic-dermamelan-treatment-creme-visage-30-ml\/#primaryimage"},"thumbnailUrl":"https:\/\/paracherkaoui.ma\/wp-content\/uploads\/2025\/12\/mesoestetic-mesoestetic-dermamelan-treatment-creme-visage-30-ml-cremes-depigmentant.jpg","datePublished":"2025-12-12T17:21:19+00:00","dateModified":"2025-12-12T17:21:21+00:00","breadcrumb":{"@id":"https:\/\/paracherkaoui.ma\/index.php\/produit\/mesoestetic-dermamelan-treatment-creme-visage-30-ml\/#breadcrumb"},"inLanguage":"fr-FR","potentialAction":[{"@type":"ReadAction","target":["https:\/\/paracherkaoui.ma\/index.php\/produit\/mesoestetic-dermamelan-treatment-creme-visage-30-ml\/"]}]},{"@type":"ImageObject","inLanguage":"fr-FR","@id":"https:\/\/paracherkaoui.ma\/index.php\/produit\/mesoestetic-dermamelan-treatment-creme-visage-30-ml\/#primaryimage","url":"https:\/\/paracherkaoui.ma\/wp-content\/uploads\/2025\/12\/mesoestetic-mesoestetic-dermamelan-treatment-creme-visage-30-ml-cremes-depigmentant.jpg","contentUrl":"https:\/\/paracherkaoui.ma\/wp-content\/uploads\/2025\/12\/mesoestetic-mesoestetic-dermamelan-treatment-creme-visage-30-ml-cremes-depigmentant.jpg","width":700,"height":700},{"@type":"BreadcrumbList","@id":"https:\/\/paracherkaoui.ma\/index.php\/produit\/mesoestetic-dermamelan-treatment-creme-visage-30-ml\/#breadcrumb","itemListElement":[{"@type":"ListItem","position":1,"name":"Accueil","item":"https:\/\/paracherkaoui.ma\/"},{"@type":"ListItem","position":2,"name":"Boutique","item":"https:\/\/paracherkaoui.ma\/index.php\/boutique\/"},{"@type":"ListItem","position":3,"name":"MESOESTETIC DERMAMELAN TREATMENT CREME VISAGE 30 ML"}]},{"@type":"WebSite","@id":"https:\/\/paracherkaoui.ma\/#website","url":"https:\/\/paracherkaoui.ma\/","name":"Paracherkaoui.ma","description":"Achetez en ligne sur Paracherkaoui.ma","potentialAction":[{"@type":"SearchAction","target":{"@type":"EntryPoint","urlTemplate":"https:\/\/paracherkaoui.ma\/?s={search_term_string}"},"query-input":{"@type":"PropertyValueSpecification","valueRequired":true,"valueName":"search_term_string"}}],"inLanguage":"fr-FR"}]}},"_links":{"self":[{"href":"https:\/\/paracherkaoui.ma\/index.php\/wp-json\/wp\/v2\/product\/24823","targetHints":{"allow":["GET"]}}],"collection":[{"href":"https:\/\/paracherkaoui.ma\/index.php\/wp-json\/wp\/v2\/product"}],"about":[{"href":"https:\/\/paracherkaoui.ma\/index.php\/wp-json\/wp\/v2\/types\/product"}],"replies":[{"embeddable":true,"href":"https:\/\/paracherkaoui.ma\/index.php\/wp-json\/wp\/v2\/comments?post=24823"}],"version-history":[{"count":1,"href":"https:\/\/paracherkaoui.ma\/index.php\/wp-json\/wp\/v2\/product\/24823\/revisions"}],"predecessor-version":[{"id":24857,"href":"https:\/\/paracherkaoui.ma\/index.php\/wp-json\/wp\/v2\/product\/24823\/revisions\/24857"}],"wp:featuredmedia":[{"embeddable":true,"href":"https:\/\/paracherkaoui.ma\/index.php\/wp-json\/wp\/v2\/media\/24856"}],"wp:attachment":[{"href":"https:\/\/paracherkaoui.ma\/index.php\/wp-json\/wp\/v2\/media?parent=24823"}],"wp:term":[{"taxonomy":"product_brand","embeddable":true,"href":"https:\/\/paracherkaoui.ma\/index.php\/wp-json\/wp\/v2\/product_brand?post=24823"},{"taxonomy":"product_cat","embeddable":true,"href":"https:\/\/paracherkaoui.ma\/index.php\/wp-json\/wp\/v2\/product_cat?post=24823"},{"taxonomy":"product_tag","embeddable":true,"href":"https:\/\/paracherkaoui.ma\/index.php\/wp-json\/wp\/v2\/product_tag?post=24823"}],"curies":[{"name":"wp","href":"https:\/\/api.w.org\/{rel}","templated":true}]}}