{"id":24563,"date":"2025-12-12T18:20:41","date_gmt":"2025-12-12T17:20:41","guid":{"rendered":"https:\/\/test.ecbeaute.com\/?post_type=product&#038;p=24563"},"modified":"2025-12-12T18:20:44","modified_gmt":"2025-12-12T17:20:44","slug":"noreva-actipur-bb-creme-claire-30-ml","status":"publish","type":"product","link":"https:\/\/paracherkaoui.ma\/index.php\/produit\/noreva-actipur-bb-creme-claire-30-ml\/","title":{"rendered":"NOREVA ACTIPUR BB CREME CLAIRE 30 ML"},"content":{"rendered":"<p>PURIFIE &#8211; MASQUE &#8211; UNIFIE<br \/>\nElabor\u00e9e pour favoriser l\u2019\u00e9limination des boutons et r\u00e9guler la s\u00e9cr\u00e9tion de s\u00e9bum,\u00a0Actipur\u00a0BB cr\u00e8me corrige et masque les imperfections des peaux \u00e0 tendance acn\u00e9ique en un seul geste.\u00a0Sa texture fluide et l\u00e9g\u00e8re laisse la peau hydrat\u00e9e et matifi\u00e9e durablement.\u00a0La teinte claire s\u2019adapte aux peaux claires et permet de retrouver un teint unifi\u00e9 et maquill\u00e9 naturellement.<br \/>\nConseils d&rsquo;utilisation:<br \/>\nAppliquer uniform\u00e9ment sur le visage et\u00a0le cou le matin sur une peau nettoy\u00e9e.<br \/>\nComposition:<br \/>\nAQUA (WATER), CYCLOPENTASILOXANE,CI 77891 (TITANIUM DIOXIDE), PROPANEDIOL,\u00a0METHYL METHACRYLATE CROSSPOLYMER, DISTEARDIMONIUM HECTORITE,\u00a0CETYL PEG\/PPG-10\/1 DIMETHICONE, BIS-PEG\/PPG-14\/14 DIMETHICONE,\u00a0CI 77492 (IRON OXIDES), DIMETHICONE, MAGNESIUM SULFATE, TOCOPHERYL ACETATE,<br \/>\nCAPRYLYL GLYCOL, SODIUM BENZOATE,BISABOLOL, CI 77491 (IRON OXIDES), POTASSIUM SORBATE,\u00a0CHLORPHENESIN, PARFUM (FRAGRANCE), SODIUM LAUROYL LACTYLATE,\u00a0DISODIUM EDTA, CI 77499 (IRON OXIDES), XANTHAN GUM, GLYCERIN, CAPRYLHYDROXAMIC ACID, DIMETHICONOL, DISODIUM STEAROYL GLUTAMATE,\u00a0FARNESOL, CERAMIDE NP, PHENOXYETHANOL, ALUMINUM HYDROXIDE,\u00a0LIMONENE, CERAMIDE AP, PHYTOSPHINGOSINE, LINALOOL, CHOLESTEROL,\u00a0CARBOMER, HYDROXYCITRONELLAL, CITRAL, ETHYLHEXYLGLYCERIN, BENZYL SALICYLATE,\u00a0ALPHA-ISOMETHYL IONONE, HEXYL CINNAMAL, CITRONELLOL,\u00a0PENTAERYTHRITYL TETRA-DI-T-BUTYL HYDROXYHYDROCINNAMATE,\u00a0CERAMIDE EOP, TRIISOPROPANOLAMINE.<\/p>\n","protected":false},"excerpt":{"rendered":"<p>PURIFIE &#8211; MASQUE &#8211; UNIFIE Elabor\u00e9e pour favoriser l\u2019\u00e9limination des boutons et r\u00e9guler la s\u00e9cr\u00e9tion de s\u00e9bum,\u00a0Actipur\u00a0BB cr\u00e8me corrige et<\/p>\n","protected":false},"featured_media":24588,"comment_status":"open","ping_status":"closed","template":"","meta":[],"product_brand":[403],"product_cat":[502],"product_tag":[],"class_list":{"0":"post-24563","1":"product","2":"type-product","3":"status-publish","4":"has-post-thumbnail","6":"product_brand-noreva","7":"product_cat-soins-anti-imperfections","9":"first","10":"instock","11":"sale","12":"shipping-taxable","13":"purchasable","14":"product-type-simple"},"yoast_head":"<!-- This site is optimized with the Yoast SEO plugin v26.6 - https:\/\/yoast.com\/wordpress\/plugins\/seo\/ -->\r\n<title>NOREVA ACTIPUR BB CREME CLAIRE 30 ML - Paracherkaoui.ma<\/title>\r\n<meta name=\"robots\" content=\"index, follow, max-snippet:-1, max-image-preview:large, max-video-preview:-1\" \/>\r\n<link rel=\"canonical\" href=\"https:\/\/paracherkaoui.ma\/index.php\/produit\/noreva-actipur-bb-creme-claire-30-ml\/\" \/>\r\n<meta property=\"og:locale\" content=\"fr_FR\" \/>\r\n<meta property=\"og:type\" content=\"article\" \/>\r\n<meta property=\"og:title\" content=\"NOREVA ACTIPUR BB CREME CLAIRE 30 ML - Paracherkaoui.ma\" \/>\r\n<meta property=\"og:description\" content=\"PURIFIE &#8211; MASQUE &#8211; UNIFIE Elabor\u00e9e pour favoriser l\u2019\u00e9limination des boutons et r\u00e9guler la s\u00e9cr\u00e9tion de s\u00e9bum,\u00a0Actipur\u00a0BB cr\u00e8me corrige et\" \/>\r\n<meta property=\"og:url\" content=\"https:\/\/paracherkaoui.ma\/index.php\/produit\/noreva-actipur-bb-creme-claire-30-ml\/\" \/>\r\n<meta property=\"og:site_name\" content=\"Paracherkaoui.ma\" \/>\r\n<meta property=\"article:modified_time\" content=\"2025-12-12T17:20:44+00:00\" \/>\r\n<meta property=\"og:image\" content=\"https:\/\/paracherkaoui.ma\/wp-content\/uploads\/2025\/12\/noreva-noreva-actipur-bb-creme-claire-30-ml-soins-peau-grasse-mixte-et-acne.jpg\" \/>\r\n\t<meta property=\"og:image:width\" content=\"700\" \/>\r\n\t<meta property=\"og:image:height\" content=\"700\" \/>\r\n\t<meta property=\"og:image:type\" content=\"image\/jpeg\" \/>\r\n<meta name=\"twitter:card\" content=\"summary_large_image\" \/>\r\n<meta name=\"twitter:label1\" content=\"Dur\u00e9e de lecture estim\u00e9e\" \/>\n\t<meta name=\"twitter:data1\" content=\"1 minute\" \/>\r\n<script type=\"application\/ld+json\" class=\"yoast-schema-graph\">{\"@context\":\"https:\/\/schema.org\",\"@graph\":[{\"@type\":\"WebPage\",\"@id\":\"https:\/\/paracherkaoui.ma\/index.php\/produit\/noreva-actipur-bb-creme-claire-30-ml\/\",\"url\":\"https:\/\/paracherkaoui.ma\/index.php\/produit\/noreva-actipur-bb-creme-claire-30-ml\/\",\"name\":\"NOREVA ACTIPUR BB CREME CLAIRE 30 ML - Paracherkaoui.ma\",\"isPartOf\":{\"@id\":\"https:\/\/paracherkaoui.ma\/#website\"},\"primaryImageOfPage\":{\"@id\":\"https:\/\/paracherkaoui.ma\/index.php\/produit\/noreva-actipur-bb-creme-claire-30-ml\/#primaryimage\"},\"image\":{\"@id\":\"https:\/\/paracherkaoui.ma\/index.php\/produit\/noreva-actipur-bb-creme-claire-30-ml\/#primaryimage\"},\"thumbnailUrl\":\"https:\/\/paracherkaoui.ma\/wp-content\/uploads\/2025\/12\/noreva-noreva-actipur-bb-creme-claire-30-ml-soins-peau-grasse-mixte-et-acne.jpg\",\"datePublished\":\"2025-12-12T17:20:41+00:00\",\"dateModified\":\"2025-12-12T17:20:44+00:00\",\"breadcrumb\":{\"@id\":\"https:\/\/paracherkaoui.ma\/index.php\/produit\/noreva-actipur-bb-creme-claire-30-ml\/#breadcrumb\"},\"inLanguage\":\"fr-FR\",\"potentialAction\":[{\"@type\":\"ReadAction\",\"target\":[\"https:\/\/paracherkaoui.ma\/index.php\/produit\/noreva-actipur-bb-creme-claire-30-ml\/\"]}]},{\"@type\":\"ImageObject\",\"inLanguage\":\"fr-FR\",\"@id\":\"https:\/\/paracherkaoui.ma\/index.php\/produit\/noreva-actipur-bb-creme-claire-30-ml\/#primaryimage\",\"url\":\"https:\/\/paracherkaoui.ma\/wp-content\/uploads\/2025\/12\/noreva-noreva-actipur-bb-creme-claire-30-ml-soins-peau-grasse-mixte-et-acne.jpg\",\"contentUrl\":\"https:\/\/paracherkaoui.ma\/wp-content\/uploads\/2025\/12\/noreva-noreva-actipur-bb-creme-claire-30-ml-soins-peau-grasse-mixte-et-acne.jpg\",\"width\":700,\"height\":700},{\"@type\":\"BreadcrumbList\",\"@id\":\"https:\/\/paracherkaoui.ma\/index.php\/produit\/noreva-actipur-bb-creme-claire-30-ml\/#breadcrumb\",\"itemListElement\":[{\"@type\":\"ListItem\",\"position\":1,\"name\":\"Accueil\",\"item\":\"https:\/\/paracherkaoui.ma\/\"},{\"@type\":\"ListItem\",\"position\":2,\"name\":\"Boutique\",\"item\":\"https:\/\/paracherkaoui.ma\/index.php\/boutique\/\"},{\"@type\":\"ListItem\",\"position\":3,\"name\":\"NOREVA ACTIPUR BB CREME CLAIRE 30 ML\"}]},{\"@type\":\"WebSite\",\"@id\":\"https:\/\/paracherkaoui.ma\/#website\",\"url\":\"https:\/\/paracherkaoui.ma\/\",\"name\":\"Paracherkaoui.ma\",\"description\":\"Achetez en ligne sur Paracherkaoui.ma\",\"potentialAction\":[{\"@type\":\"SearchAction\",\"target\":{\"@type\":\"EntryPoint\",\"urlTemplate\":\"https:\/\/paracherkaoui.ma\/?s={search_term_string}\"},\"query-input\":{\"@type\":\"PropertyValueSpecification\",\"valueRequired\":true,\"valueName\":\"search_term_string\"}}],\"inLanguage\":\"fr-FR\"}]}<\/script>\r\n<!-- \/ Yoast SEO plugin. -->","yoast_head_json":{"title":"NOREVA ACTIPUR BB CREME CLAIRE 30 ML - Paracherkaoui.ma","robots":{"index":"index","follow":"follow","max-snippet":"max-snippet:-1","max-image-preview":"max-image-preview:large","max-video-preview":"max-video-preview:-1"},"canonical":"https:\/\/paracherkaoui.ma\/index.php\/produit\/noreva-actipur-bb-creme-claire-30-ml\/","og_locale":"fr_FR","og_type":"article","og_title":"NOREVA ACTIPUR BB CREME CLAIRE 30 ML - Paracherkaoui.ma","og_description":"PURIFIE &#8211; MASQUE &#8211; UNIFIE Elabor\u00e9e pour favoriser l\u2019\u00e9limination des boutons et r\u00e9guler la s\u00e9cr\u00e9tion de s\u00e9bum,\u00a0Actipur\u00a0BB cr\u00e8me corrige et","og_url":"https:\/\/paracherkaoui.ma\/index.php\/produit\/noreva-actipur-bb-creme-claire-30-ml\/","og_site_name":"Paracherkaoui.ma","article_modified_time":"2025-12-12T17:20:44+00:00","og_image":[{"width":700,"height":700,"url":"https:\/\/paracherkaoui.ma\/wp-content\/uploads\/2025\/12\/noreva-noreva-actipur-bb-creme-claire-30-ml-soins-peau-grasse-mixte-et-acne.jpg","type":"image\/jpeg"}],"twitter_card":"summary_large_image","twitter_misc":{"Dur\u00e9e de lecture estim\u00e9e":"1 minute"},"schema":{"@context":"https:\/\/schema.org","@graph":[{"@type":"WebPage","@id":"https:\/\/paracherkaoui.ma\/index.php\/produit\/noreva-actipur-bb-creme-claire-30-ml\/","url":"https:\/\/paracherkaoui.ma\/index.php\/produit\/noreva-actipur-bb-creme-claire-30-ml\/","name":"NOREVA ACTIPUR BB CREME CLAIRE 30 ML - Paracherkaoui.ma","isPartOf":{"@id":"https:\/\/paracherkaoui.ma\/#website"},"primaryImageOfPage":{"@id":"https:\/\/paracherkaoui.ma\/index.php\/produit\/noreva-actipur-bb-creme-claire-30-ml\/#primaryimage"},"image":{"@id":"https:\/\/paracherkaoui.ma\/index.php\/produit\/noreva-actipur-bb-creme-claire-30-ml\/#primaryimage"},"thumbnailUrl":"https:\/\/paracherkaoui.ma\/wp-content\/uploads\/2025\/12\/noreva-noreva-actipur-bb-creme-claire-30-ml-soins-peau-grasse-mixte-et-acne.jpg","datePublished":"2025-12-12T17:20:41+00:00","dateModified":"2025-12-12T17:20:44+00:00","breadcrumb":{"@id":"https:\/\/paracherkaoui.ma\/index.php\/produit\/noreva-actipur-bb-creme-claire-30-ml\/#breadcrumb"},"inLanguage":"fr-FR","potentialAction":[{"@type":"ReadAction","target":["https:\/\/paracherkaoui.ma\/index.php\/produit\/noreva-actipur-bb-creme-claire-30-ml\/"]}]},{"@type":"ImageObject","inLanguage":"fr-FR","@id":"https:\/\/paracherkaoui.ma\/index.php\/produit\/noreva-actipur-bb-creme-claire-30-ml\/#primaryimage","url":"https:\/\/paracherkaoui.ma\/wp-content\/uploads\/2025\/12\/noreva-noreva-actipur-bb-creme-claire-30-ml-soins-peau-grasse-mixte-et-acne.jpg","contentUrl":"https:\/\/paracherkaoui.ma\/wp-content\/uploads\/2025\/12\/noreva-noreva-actipur-bb-creme-claire-30-ml-soins-peau-grasse-mixte-et-acne.jpg","width":700,"height":700},{"@type":"BreadcrumbList","@id":"https:\/\/paracherkaoui.ma\/index.php\/produit\/noreva-actipur-bb-creme-claire-30-ml\/#breadcrumb","itemListElement":[{"@type":"ListItem","position":1,"name":"Accueil","item":"https:\/\/paracherkaoui.ma\/"},{"@type":"ListItem","position":2,"name":"Boutique","item":"https:\/\/paracherkaoui.ma\/index.php\/boutique\/"},{"@type":"ListItem","position":3,"name":"NOREVA ACTIPUR BB CREME CLAIRE 30 ML"}]},{"@type":"WebSite","@id":"https:\/\/paracherkaoui.ma\/#website","url":"https:\/\/paracherkaoui.ma\/","name":"Paracherkaoui.ma","description":"Achetez en ligne sur Paracherkaoui.ma","potentialAction":[{"@type":"SearchAction","target":{"@type":"EntryPoint","urlTemplate":"https:\/\/paracherkaoui.ma\/?s={search_term_string}"},"query-input":{"@type":"PropertyValueSpecification","valueRequired":true,"valueName":"search_term_string"}}],"inLanguage":"fr-FR"}]}},"_links":{"self":[{"href":"https:\/\/paracherkaoui.ma\/index.php\/wp-json\/wp\/v2\/product\/24563","targetHints":{"allow":["GET"]}}],"collection":[{"href":"https:\/\/paracherkaoui.ma\/index.php\/wp-json\/wp\/v2\/product"}],"about":[{"href":"https:\/\/paracherkaoui.ma\/index.php\/wp-json\/wp\/v2\/types\/product"}],"replies":[{"embeddable":true,"href":"https:\/\/paracherkaoui.ma\/index.php\/wp-json\/wp\/v2\/comments?post=24563"}],"version-history":[{"count":1,"href":"https:\/\/paracherkaoui.ma\/index.php\/wp-json\/wp\/v2\/product\/24563\/revisions"}],"predecessor-version":[{"id":24589,"href":"https:\/\/paracherkaoui.ma\/index.php\/wp-json\/wp\/v2\/product\/24563\/revisions\/24589"}],"wp:featuredmedia":[{"embeddable":true,"href":"https:\/\/paracherkaoui.ma\/index.php\/wp-json\/wp\/v2\/media\/24588"}],"wp:attachment":[{"href":"https:\/\/paracherkaoui.ma\/index.php\/wp-json\/wp\/v2\/media?parent=24563"}],"wp:term":[{"taxonomy":"product_brand","embeddable":true,"href":"https:\/\/paracherkaoui.ma\/index.php\/wp-json\/wp\/v2\/product_brand?post=24563"},{"taxonomy":"product_cat","embeddable":true,"href":"https:\/\/paracherkaoui.ma\/index.php\/wp-json\/wp\/v2\/product_cat?post=24563"},{"taxonomy":"product_tag","embeddable":true,"href":"https:\/\/paracherkaoui.ma\/index.php\/wp-json\/wp\/v2\/product_tag?post=24563"}],"curies":[{"name":"wp","href":"https:\/\/api.w.org\/{rel}","templated":true}]}}