{"id":24547,"date":"2025-12-12T18:20:41","date_gmt":"2025-12-12T17:20:41","guid":{"rendered":"https:\/\/test.ecbeaute.com\/?post_type=product&#038;p=24547"},"modified":"2025-12-12T18:20:42","modified_gmt":"2025-12-12T17:20:42","slug":"dcp-trio-acne-soin-sebo-keratoregulateur-s-k-i-30-ml","status":"publish","type":"product","link":"https:\/\/paracherkaoui.ma\/index.php\/produit\/dcp-trio-acne-soin-sebo-keratoregulateur-s-k-i-30-ml\/","title":{"rendered":"DCP TRIO ACNE SOIN SEBO KERATOREGULATEUR S.K.I 30 ML"},"content":{"rendered":"<p>Dcp trio acne est un soin s\u00e9bo k\u00e9rator\u00e9gulateur matifiant,destin\u00e9 pour les peaux grasses \u00e0 imperfections mod\u00e9r\u00e9es. Il agit au niveau des couches superficielles et les couches profondes de l\u00a0\u00bb\u00e9piderme.Effet s\u00e9bor\u00e9gulateur,antibact\u00e9rien et antiseptique ,Apaise les sensations des irritations.R\u00e9\u00e9quilibre la quantit\u00e9 du s\u00e9bum.Conseill\u00e9 pour les pores dilat\u00e9s ,DCP TRIO ACNE rend la peau purifi\u00e9e,lisse,nette et matifi\u00e9e.<br \/>\nConseils d&rsquo;Utilisation :<br \/>\nAppliquer DCP TRIO ACNE deux fois par jour sur une peau pr\u00e9ablement nettoy\u00e9e S\u00a0\u00bbappliique directement sur les imperfections. Evite le contour des yeux .<\/p>\n","protected":false},"excerpt":{"rendered":"<p>Dcp trio acne est un soin s\u00e9bo k\u00e9rator\u00e9gulateur matifiant,destin\u00e9 pour les peaux grasses \u00e0 imperfections mod\u00e9r\u00e9es. Il agit au niveau<\/p>\n","protected":false},"featured_media":24567,"comment_status":"open","ping_status":"closed","template":"","meta":[],"product_brand":[257],"product_cat":[502],"product_tag":[],"class_list":{"0":"post-24547","1":"product","2":"type-product","3":"status-publish","4":"has-post-thumbnail","6":"product_brand-dcpderm","7":"product_cat-soins-anti-imperfections","9":"first","10":"instock","11":"sale","12":"shipping-taxable","13":"purchasable","14":"product-type-simple"},"yoast_head":"<!-- This site is optimized with the Yoast SEO plugin v26.6 - https:\/\/yoast.com\/wordpress\/plugins\/seo\/ -->\r\n<title>DCP TRIO ACNE SOIN SEBO KERATOREGULATEUR S.K.I 30 ML - Paracherkaoui.ma<\/title>\r\n<meta name=\"robots\" content=\"index, follow, max-snippet:-1, max-image-preview:large, max-video-preview:-1\" \/>\r\n<link rel=\"canonical\" href=\"https:\/\/paracherkaoui.ma\/index.php\/produit\/dcp-trio-acne-soin-sebo-keratoregulateur-s-k-i-30-ml\/\" \/>\r\n<meta property=\"og:locale\" content=\"fr_FR\" \/>\r\n<meta property=\"og:type\" content=\"article\" \/>\r\n<meta property=\"og:title\" content=\"DCP TRIO ACNE SOIN SEBO KERATOREGULATEUR S.K.I 30 ML - Paracherkaoui.ma\" \/>\r\n<meta property=\"og:description\" content=\"Dcp trio acne est un soin s\u00e9bo k\u00e9rator\u00e9gulateur matifiant,destin\u00e9 pour les peaux grasses \u00e0 imperfections mod\u00e9r\u00e9es. Il agit au niveau\" \/>\r\n<meta property=\"og:url\" content=\"https:\/\/paracherkaoui.ma\/index.php\/produit\/dcp-trio-acne-soin-sebo-keratoregulateur-s-k-i-30-ml\/\" \/>\r\n<meta property=\"og:site_name\" content=\"Paracherkaoui.ma\" \/>\r\n<meta property=\"article:modified_time\" content=\"2025-12-12T17:20:42+00:00\" \/>\r\n<meta property=\"og:image\" content=\"https:\/\/paracherkaoui.ma\/wp-content\/uploads\/2025\/12\/dcp-trio-acne-soin-sebo-keratoregulateur-ski-30-ml.jpg\" \/>\r\n\t<meta property=\"og:image:width\" content=\"700\" \/>\r\n\t<meta property=\"og:image:height\" content=\"700\" \/>\r\n\t<meta property=\"og:image:type\" content=\"image\/jpeg\" \/>\r\n<meta name=\"twitter:card\" content=\"summary_large_image\" \/>\r\n<meta name=\"twitter:label1\" content=\"Dur\u00e9e de lecture estim\u00e9e\" \/>\n\t<meta name=\"twitter:data1\" content=\"1 minute\" \/>\r\n<script type=\"application\/ld+json\" class=\"yoast-schema-graph\">{\"@context\":\"https:\/\/schema.org\",\"@graph\":[{\"@type\":\"WebPage\",\"@id\":\"https:\/\/paracherkaoui.ma\/index.php\/produit\/dcp-trio-acne-soin-sebo-keratoregulateur-s-k-i-30-ml\/\",\"url\":\"https:\/\/paracherkaoui.ma\/index.php\/produit\/dcp-trio-acne-soin-sebo-keratoregulateur-s-k-i-30-ml\/\",\"name\":\"DCP TRIO ACNE SOIN SEBO KERATOREGULATEUR S.K.I 30 ML - Paracherkaoui.ma\",\"isPartOf\":{\"@id\":\"https:\/\/paracherkaoui.ma\/#website\"},\"primaryImageOfPage\":{\"@id\":\"https:\/\/paracherkaoui.ma\/index.php\/produit\/dcp-trio-acne-soin-sebo-keratoregulateur-s-k-i-30-ml\/#primaryimage\"},\"image\":{\"@id\":\"https:\/\/paracherkaoui.ma\/index.php\/produit\/dcp-trio-acne-soin-sebo-keratoregulateur-s-k-i-30-ml\/#primaryimage\"},\"thumbnailUrl\":\"https:\/\/paracherkaoui.ma\/wp-content\/uploads\/2025\/12\/dcp-trio-acne-soin-sebo-keratoregulateur-ski-30-ml.jpg\",\"datePublished\":\"2025-12-12T17:20:41+00:00\",\"dateModified\":\"2025-12-12T17:20:42+00:00\",\"breadcrumb\":{\"@id\":\"https:\/\/paracherkaoui.ma\/index.php\/produit\/dcp-trio-acne-soin-sebo-keratoregulateur-s-k-i-30-ml\/#breadcrumb\"},\"inLanguage\":\"fr-FR\",\"potentialAction\":[{\"@type\":\"ReadAction\",\"target\":[\"https:\/\/paracherkaoui.ma\/index.php\/produit\/dcp-trio-acne-soin-sebo-keratoregulateur-s-k-i-30-ml\/\"]}]},{\"@type\":\"ImageObject\",\"inLanguage\":\"fr-FR\",\"@id\":\"https:\/\/paracherkaoui.ma\/index.php\/produit\/dcp-trio-acne-soin-sebo-keratoregulateur-s-k-i-30-ml\/#primaryimage\",\"url\":\"https:\/\/paracherkaoui.ma\/wp-content\/uploads\/2025\/12\/dcp-trio-acne-soin-sebo-keratoregulateur-ski-30-ml.jpg\",\"contentUrl\":\"https:\/\/paracherkaoui.ma\/wp-content\/uploads\/2025\/12\/dcp-trio-acne-soin-sebo-keratoregulateur-ski-30-ml.jpg\",\"width\":700,\"height\":700},{\"@type\":\"BreadcrumbList\",\"@id\":\"https:\/\/paracherkaoui.ma\/index.php\/produit\/dcp-trio-acne-soin-sebo-keratoregulateur-s-k-i-30-ml\/#breadcrumb\",\"itemListElement\":[{\"@type\":\"ListItem\",\"position\":1,\"name\":\"Accueil\",\"item\":\"https:\/\/paracherkaoui.ma\/\"},{\"@type\":\"ListItem\",\"position\":2,\"name\":\"Boutique\",\"item\":\"https:\/\/paracherkaoui.ma\/index.php\/boutique\/\"},{\"@type\":\"ListItem\",\"position\":3,\"name\":\"DCP TRIO ACNE SOIN SEBO KERATOREGULATEUR S.K.I 30 ML\"}]},{\"@type\":\"WebSite\",\"@id\":\"https:\/\/paracherkaoui.ma\/#website\",\"url\":\"https:\/\/paracherkaoui.ma\/\",\"name\":\"Paracherkaoui.ma\",\"description\":\"Achetez en ligne sur Paracherkaoui.ma\",\"potentialAction\":[{\"@type\":\"SearchAction\",\"target\":{\"@type\":\"EntryPoint\",\"urlTemplate\":\"https:\/\/paracherkaoui.ma\/?s={search_term_string}\"},\"query-input\":{\"@type\":\"PropertyValueSpecification\",\"valueRequired\":true,\"valueName\":\"search_term_string\"}}],\"inLanguage\":\"fr-FR\"}]}<\/script>\r\n<!-- \/ Yoast SEO plugin. -->","yoast_head_json":{"title":"DCP TRIO ACNE SOIN SEBO KERATOREGULATEUR S.K.I 30 ML - Paracherkaoui.ma","robots":{"index":"index","follow":"follow","max-snippet":"max-snippet:-1","max-image-preview":"max-image-preview:large","max-video-preview":"max-video-preview:-1"},"canonical":"https:\/\/paracherkaoui.ma\/index.php\/produit\/dcp-trio-acne-soin-sebo-keratoregulateur-s-k-i-30-ml\/","og_locale":"fr_FR","og_type":"article","og_title":"DCP TRIO ACNE SOIN SEBO KERATOREGULATEUR S.K.I 30 ML - Paracherkaoui.ma","og_description":"Dcp trio acne est un soin s\u00e9bo k\u00e9rator\u00e9gulateur matifiant,destin\u00e9 pour les peaux grasses \u00e0 imperfections mod\u00e9r\u00e9es. Il agit au niveau","og_url":"https:\/\/paracherkaoui.ma\/index.php\/produit\/dcp-trio-acne-soin-sebo-keratoregulateur-s-k-i-30-ml\/","og_site_name":"Paracherkaoui.ma","article_modified_time":"2025-12-12T17:20:42+00:00","og_image":[{"width":700,"height":700,"url":"https:\/\/paracherkaoui.ma\/wp-content\/uploads\/2025\/12\/dcp-trio-acne-soin-sebo-keratoregulateur-ski-30-ml.jpg","type":"image\/jpeg"}],"twitter_card":"summary_large_image","twitter_misc":{"Dur\u00e9e de lecture estim\u00e9e":"1 minute"},"schema":{"@context":"https:\/\/schema.org","@graph":[{"@type":"WebPage","@id":"https:\/\/paracherkaoui.ma\/index.php\/produit\/dcp-trio-acne-soin-sebo-keratoregulateur-s-k-i-30-ml\/","url":"https:\/\/paracherkaoui.ma\/index.php\/produit\/dcp-trio-acne-soin-sebo-keratoregulateur-s-k-i-30-ml\/","name":"DCP TRIO ACNE SOIN SEBO KERATOREGULATEUR S.K.I 30 ML - Paracherkaoui.ma","isPartOf":{"@id":"https:\/\/paracherkaoui.ma\/#website"},"primaryImageOfPage":{"@id":"https:\/\/paracherkaoui.ma\/index.php\/produit\/dcp-trio-acne-soin-sebo-keratoregulateur-s-k-i-30-ml\/#primaryimage"},"image":{"@id":"https:\/\/paracherkaoui.ma\/index.php\/produit\/dcp-trio-acne-soin-sebo-keratoregulateur-s-k-i-30-ml\/#primaryimage"},"thumbnailUrl":"https:\/\/paracherkaoui.ma\/wp-content\/uploads\/2025\/12\/dcp-trio-acne-soin-sebo-keratoregulateur-ski-30-ml.jpg","datePublished":"2025-12-12T17:20:41+00:00","dateModified":"2025-12-12T17:20:42+00:00","breadcrumb":{"@id":"https:\/\/paracherkaoui.ma\/index.php\/produit\/dcp-trio-acne-soin-sebo-keratoregulateur-s-k-i-30-ml\/#breadcrumb"},"inLanguage":"fr-FR","potentialAction":[{"@type":"ReadAction","target":["https:\/\/paracherkaoui.ma\/index.php\/produit\/dcp-trio-acne-soin-sebo-keratoregulateur-s-k-i-30-ml\/"]}]},{"@type":"ImageObject","inLanguage":"fr-FR","@id":"https:\/\/paracherkaoui.ma\/index.php\/produit\/dcp-trio-acne-soin-sebo-keratoregulateur-s-k-i-30-ml\/#primaryimage","url":"https:\/\/paracherkaoui.ma\/wp-content\/uploads\/2025\/12\/dcp-trio-acne-soin-sebo-keratoregulateur-ski-30-ml.jpg","contentUrl":"https:\/\/paracherkaoui.ma\/wp-content\/uploads\/2025\/12\/dcp-trio-acne-soin-sebo-keratoregulateur-ski-30-ml.jpg","width":700,"height":700},{"@type":"BreadcrumbList","@id":"https:\/\/paracherkaoui.ma\/index.php\/produit\/dcp-trio-acne-soin-sebo-keratoregulateur-s-k-i-30-ml\/#breadcrumb","itemListElement":[{"@type":"ListItem","position":1,"name":"Accueil","item":"https:\/\/paracherkaoui.ma\/"},{"@type":"ListItem","position":2,"name":"Boutique","item":"https:\/\/paracherkaoui.ma\/index.php\/boutique\/"},{"@type":"ListItem","position":3,"name":"DCP TRIO ACNE SOIN SEBO KERATOREGULATEUR S.K.I 30 ML"}]},{"@type":"WebSite","@id":"https:\/\/paracherkaoui.ma\/#website","url":"https:\/\/paracherkaoui.ma\/","name":"Paracherkaoui.ma","description":"Achetez en ligne sur Paracherkaoui.ma","potentialAction":[{"@type":"SearchAction","target":{"@type":"EntryPoint","urlTemplate":"https:\/\/paracherkaoui.ma\/?s={search_term_string}"},"query-input":{"@type":"PropertyValueSpecification","valueRequired":true,"valueName":"search_term_string"}}],"inLanguage":"fr-FR"}]}},"_links":{"self":[{"href":"https:\/\/paracherkaoui.ma\/index.php\/wp-json\/wp\/v2\/product\/24547","targetHints":{"allow":["GET"]}}],"collection":[{"href":"https:\/\/paracherkaoui.ma\/index.php\/wp-json\/wp\/v2\/product"}],"about":[{"href":"https:\/\/paracherkaoui.ma\/index.php\/wp-json\/wp\/v2\/types\/product"}],"replies":[{"embeddable":true,"href":"https:\/\/paracherkaoui.ma\/index.php\/wp-json\/wp\/v2\/comments?post=24547"}],"version-history":[{"count":1,"href":"https:\/\/paracherkaoui.ma\/index.php\/wp-json\/wp\/v2\/product\/24547\/revisions"}],"predecessor-version":[{"id":24568,"href":"https:\/\/paracherkaoui.ma\/index.php\/wp-json\/wp\/v2\/product\/24547\/revisions\/24568"}],"wp:featuredmedia":[{"embeddable":true,"href":"https:\/\/paracherkaoui.ma\/index.php\/wp-json\/wp\/v2\/media\/24567"}],"wp:attachment":[{"href":"https:\/\/paracherkaoui.ma\/index.php\/wp-json\/wp\/v2\/media?parent=24547"}],"wp:term":[{"taxonomy":"product_brand","embeddable":true,"href":"https:\/\/paracherkaoui.ma\/index.php\/wp-json\/wp\/v2\/product_brand?post=24547"},{"taxonomy":"product_cat","embeddable":true,"href":"https:\/\/paracherkaoui.ma\/index.php\/wp-json\/wp\/v2\/product_cat?post=24547"},{"taxonomy":"product_tag","embeddable":true,"href":"https:\/\/paracherkaoui.ma\/index.php\/wp-json\/wp\/v2\/product_tag?post=24547"}],"curies":[{"name":"wp","href":"https:\/\/api.w.org\/{rel}","templated":true}]}}