{"id":24494,"date":"2025-12-12T18:20:34","date_gmt":"2025-12-12T17:20:34","guid":{"rendered":"https:\/\/test.ecbeaute.com\/?post_type=product&#038;p=24494"},"modified":"2025-12-12T18:20:37","modified_gmt":"2025-12-12T17:20:37","slug":"la-roche-posay-mela-b3-spf30-soin-correcteur-40-ml","status":"publish","type":"product","link":"https:\/\/paracherkaoui.ma\/index.php\/produit\/la-roche-posay-mela-b3-spf30-soin-correcteur-40-ml\/","title":{"rendered":"LA ROCHE POSAY MELA B3 SPF30 SOIN CORRECTEUR 40 ML"},"content":{"rendered":"<p>Soin anti-taches avec le l&rsquo;actif brevet\u00e9 Melasyl et de la niacinamide\u00a0pour aider \u00e0 att\u00e9nuer les taches\u00a0brunes et l&rsquo;hyperpigmentation, scientifiquement prouv\u00e9e<br \/>\nProtection solaire SPF 30 : prot\u00e8ge contre les rayons\u00a0nocifs et pr\u00e9vient l&rsquo;apparition de nouvelles taches pigmentaires.<br \/>\nL&rsquo;actif brevet\u00e9 Melasyl intercepte les pr\u00e9curseurs de m\u00e9lanine\u00a0avant que les taches pigmentaires ne se forment. Convient \u00e9galement aux peaux sensibles.<br \/>\nUnifie le teint\u00a0et offre une efficacit\u00e9 optimale contre les taches brunes et pigmentaires.<br \/>\nCONSEILS D&rsquo;UTILISATION:<br \/>\nAppliquer la cr\u00e8me anti-taches apr\u00e8s avoir nettoy\u00e9 le visage et apr\u00e8s le s\u00e9rum en \u00e9vitant le contact direct avec les yeux.<br \/>\nCOMPOSITION:<br \/>\nAQUA \/ WATER \u25cf C15-19 ALKANE \u25cf DIISOPROPYL SEBACATE \u25cf NIACINAMIDE \u25cf ETHYLHEXYL TRIAZONE \u25cf GLYCERIN \u25cf BIS-ETHYLHEXYLOXYPHENOL METHOXYPHENYL TRIAZINE \u25cf SILICA \u25cf DROMETRIZOLE TRISILOXANE \u25cf BUTYL METHOXYDIBENZOYLMETHANE \u25cf C12-15 ALKYL BENZOATE \u25cf DICAPRYLYL CARBONATE \u25cf CELLULOSE \u25cf CI 77891 \/ TITANIUM DIOXIDE \u25cf BUTYLENE GLYCOL \u25cf TIN OXIDE \u25cf POTASSIUM HYDROXIDE \u25cf CARBOMER \u25cf ARACHIDYL ALCOHOL \u25cf ARACHIDYL GLUCOSIDE \u25cf BEHENYL ALCOHOL \u25cf 2-MERCAPTONICOTINOYL GLYCINE \u25cf SODIUM DILAURAMIDOGLUTAMIDE LYSINE \u25cf SODIUM THIOSULFATE \u25cf AMMONIUM ACRYLOYLDIMETHYLTAURATE\/VP COPOLYMER \u25cf HYDROXYACETOPHENONE \u25cf CAPRYLOYL SALICYLIC ACID \u25cf CAPRYLYL GLYCOL \u25cf CITRIC ACID \u25cf TRISODIUM ETHYLENEDIAMINE DISUCCINATE \u25cf XANTHAN GUM \u25cf PENTYLENE GLYCOL \u25cf POLY C10-30 ALKYL ACRYLATE \u25cf POLYGLYCERYL-2 LAURATE \u25cf TOCOPHEROL \u25cf PENTAERYTHRITYL TETRA-DI-T-BUTYL HYDROXYHYDROCINNAMATE \u25cf PHENOXYETHANOL \u25cf MICA \u25cf CI 14700 \/ RED 4 \u25cf PARFUM \/ FRAGRANCE<\/p>\n","protected":false},"excerpt":{"rendered":"<p>Soin anti-taches avec le l&rsquo;actif brevet\u00e9 Melasyl et de la niacinamide\u00a0pour aider \u00e0 att\u00e9nuer les taches\u00a0brunes et l&rsquo;hyperpigmentation, scientifiquement prouv\u00e9e<\/p>\n","protected":false},"featured_media":24529,"comment_status":"open","ping_status":"closed","template":"","meta":[],"product_brand":[132],"product_cat":[502],"product_tag":[],"class_list":{"0":"post-24494","1":"product","2":"type-product","3":"status-publish","4":"has-post-thumbnail","6":"product_brand-la-roche-posay","7":"product_cat-soins-anti-imperfections","9":"first","10":"instock","11":"sale","12":"shipping-taxable","13":"purchasable","14":"product-type-simple"},"yoast_head":"<!-- This site is optimized with the Yoast SEO plugin v26.6 - https:\/\/yoast.com\/wordpress\/plugins\/seo\/ -->\r\n<title>LA ROCHE POSAY MELA B3 SPF30 SOIN CORRECTEUR 40 ML - Paracherkaoui.ma<\/title>\r\n<meta name=\"robots\" content=\"index, follow, max-snippet:-1, max-image-preview:large, max-video-preview:-1\" \/>\r\n<link rel=\"canonical\" href=\"https:\/\/paracherkaoui.ma\/index.php\/produit\/la-roche-posay-mela-b3-spf30-soin-correcteur-40-ml\/\" \/>\r\n<meta property=\"og:locale\" content=\"fr_FR\" \/>\r\n<meta property=\"og:type\" content=\"article\" \/>\r\n<meta property=\"og:title\" content=\"LA ROCHE POSAY MELA B3 SPF30 SOIN CORRECTEUR 40 ML - Paracherkaoui.ma\" \/>\r\n<meta property=\"og:description\" content=\"Soin anti-taches avec le l&rsquo;actif brevet\u00e9 Melasyl et de la niacinamide\u00a0pour aider \u00e0 att\u00e9nuer les taches\u00a0brunes et l&rsquo;hyperpigmentation, scientifiquement prouv\u00e9e\" \/>\r\n<meta property=\"og:url\" content=\"https:\/\/paracherkaoui.ma\/index.php\/produit\/la-roche-posay-mela-b3-spf30-soin-correcteur-40-ml\/\" \/>\r\n<meta property=\"og:site_name\" content=\"Paracherkaoui.ma\" \/>\r\n<meta property=\"article:modified_time\" content=\"2025-12-12T17:20:37+00:00\" \/>\r\n<meta property=\"og:image\" content=\"https:\/\/paracherkaoui.ma\/wp-content\/uploads\/2025\/12\/la-roche-posay-la-roche-posay-mela-b3-spf30-soin-correcteur-40-ml-soins-anti-imperfections.jpg\" \/>\r\n\t<meta property=\"og:image:width\" content=\"700\" \/>\r\n\t<meta property=\"og:image:height\" content=\"700\" \/>\r\n\t<meta property=\"og:image:type\" content=\"image\/jpeg\" \/>\r\n<meta name=\"twitter:card\" content=\"summary_large_image\" \/>\r\n<meta name=\"twitter:label1\" content=\"Dur\u00e9e de lecture estim\u00e9e\" \/>\n\t<meta name=\"twitter:data1\" content=\"1 minute\" \/>\r\n<script type=\"application\/ld+json\" class=\"yoast-schema-graph\">{\"@context\":\"https:\/\/schema.org\",\"@graph\":[{\"@type\":\"WebPage\",\"@id\":\"https:\/\/paracherkaoui.ma\/index.php\/produit\/la-roche-posay-mela-b3-spf30-soin-correcteur-40-ml\/\",\"url\":\"https:\/\/paracherkaoui.ma\/index.php\/produit\/la-roche-posay-mela-b3-spf30-soin-correcteur-40-ml\/\",\"name\":\"LA ROCHE POSAY MELA B3 SPF30 SOIN CORRECTEUR 40 ML - Paracherkaoui.ma\",\"isPartOf\":{\"@id\":\"https:\/\/paracherkaoui.ma\/#website\"},\"primaryImageOfPage\":{\"@id\":\"https:\/\/paracherkaoui.ma\/index.php\/produit\/la-roche-posay-mela-b3-spf30-soin-correcteur-40-ml\/#primaryimage\"},\"image\":{\"@id\":\"https:\/\/paracherkaoui.ma\/index.php\/produit\/la-roche-posay-mela-b3-spf30-soin-correcteur-40-ml\/#primaryimage\"},\"thumbnailUrl\":\"https:\/\/paracherkaoui.ma\/wp-content\/uploads\/2025\/12\/la-roche-posay-la-roche-posay-mela-b3-spf30-soin-correcteur-40-ml-soins-anti-imperfections.jpg\",\"datePublished\":\"2025-12-12T17:20:34+00:00\",\"dateModified\":\"2025-12-12T17:20:37+00:00\",\"breadcrumb\":{\"@id\":\"https:\/\/paracherkaoui.ma\/index.php\/produit\/la-roche-posay-mela-b3-spf30-soin-correcteur-40-ml\/#breadcrumb\"},\"inLanguage\":\"fr-FR\",\"potentialAction\":[{\"@type\":\"ReadAction\",\"target\":[\"https:\/\/paracherkaoui.ma\/index.php\/produit\/la-roche-posay-mela-b3-spf30-soin-correcteur-40-ml\/\"]}]},{\"@type\":\"ImageObject\",\"inLanguage\":\"fr-FR\",\"@id\":\"https:\/\/paracherkaoui.ma\/index.php\/produit\/la-roche-posay-mela-b3-spf30-soin-correcteur-40-ml\/#primaryimage\",\"url\":\"https:\/\/paracherkaoui.ma\/wp-content\/uploads\/2025\/12\/la-roche-posay-la-roche-posay-mela-b3-spf30-soin-correcteur-40-ml-soins-anti-imperfections.jpg\",\"contentUrl\":\"https:\/\/paracherkaoui.ma\/wp-content\/uploads\/2025\/12\/la-roche-posay-la-roche-posay-mela-b3-spf30-soin-correcteur-40-ml-soins-anti-imperfections.jpg\",\"width\":700,\"height\":700},{\"@type\":\"BreadcrumbList\",\"@id\":\"https:\/\/paracherkaoui.ma\/index.php\/produit\/la-roche-posay-mela-b3-spf30-soin-correcteur-40-ml\/#breadcrumb\",\"itemListElement\":[{\"@type\":\"ListItem\",\"position\":1,\"name\":\"Accueil\",\"item\":\"https:\/\/paracherkaoui.ma\/\"},{\"@type\":\"ListItem\",\"position\":2,\"name\":\"Boutique\",\"item\":\"https:\/\/paracherkaoui.ma\/index.php\/boutique\/\"},{\"@type\":\"ListItem\",\"position\":3,\"name\":\"LA ROCHE POSAY MELA B3 SPF30 SOIN CORRECTEUR 40 ML\"}]},{\"@type\":\"WebSite\",\"@id\":\"https:\/\/paracherkaoui.ma\/#website\",\"url\":\"https:\/\/paracherkaoui.ma\/\",\"name\":\"Paracherkaoui.ma\",\"description\":\"Achetez en ligne sur Paracherkaoui.ma\",\"potentialAction\":[{\"@type\":\"SearchAction\",\"target\":{\"@type\":\"EntryPoint\",\"urlTemplate\":\"https:\/\/paracherkaoui.ma\/?s={search_term_string}\"},\"query-input\":{\"@type\":\"PropertyValueSpecification\",\"valueRequired\":true,\"valueName\":\"search_term_string\"}}],\"inLanguage\":\"fr-FR\"}]}<\/script>\r\n<!-- \/ Yoast SEO plugin. -->","yoast_head_json":{"title":"LA ROCHE POSAY MELA B3 SPF30 SOIN CORRECTEUR 40 ML - Paracherkaoui.ma","robots":{"index":"index","follow":"follow","max-snippet":"max-snippet:-1","max-image-preview":"max-image-preview:large","max-video-preview":"max-video-preview:-1"},"canonical":"https:\/\/paracherkaoui.ma\/index.php\/produit\/la-roche-posay-mela-b3-spf30-soin-correcteur-40-ml\/","og_locale":"fr_FR","og_type":"article","og_title":"LA ROCHE POSAY MELA B3 SPF30 SOIN CORRECTEUR 40 ML - Paracherkaoui.ma","og_description":"Soin anti-taches avec le l&rsquo;actif brevet\u00e9 Melasyl et de la niacinamide\u00a0pour aider \u00e0 att\u00e9nuer les taches\u00a0brunes et l&rsquo;hyperpigmentation, scientifiquement prouv\u00e9e","og_url":"https:\/\/paracherkaoui.ma\/index.php\/produit\/la-roche-posay-mela-b3-spf30-soin-correcteur-40-ml\/","og_site_name":"Paracherkaoui.ma","article_modified_time":"2025-12-12T17:20:37+00:00","og_image":[{"width":700,"height":700,"url":"https:\/\/paracherkaoui.ma\/wp-content\/uploads\/2025\/12\/la-roche-posay-la-roche-posay-mela-b3-spf30-soin-correcteur-40-ml-soins-anti-imperfections.jpg","type":"image\/jpeg"}],"twitter_card":"summary_large_image","twitter_misc":{"Dur\u00e9e de lecture estim\u00e9e":"1 minute"},"schema":{"@context":"https:\/\/schema.org","@graph":[{"@type":"WebPage","@id":"https:\/\/paracherkaoui.ma\/index.php\/produit\/la-roche-posay-mela-b3-spf30-soin-correcteur-40-ml\/","url":"https:\/\/paracherkaoui.ma\/index.php\/produit\/la-roche-posay-mela-b3-spf30-soin-correcteur-40-ml\/","name":"LA ROCHE POSAY MELA B3 SPF30 SOIN CORRECTEUR 40 ML - Paracherkaoui.ma","isPartOf":{"@id":"https:\/\/paracherkaoui.ma\/#website"},"primaryImageOfPage":{"@id":"https:\/\/paracherkaoui.ma\/index.php\/produit\/la-roche-posay-mela-b3-spf30-soin-correcteur-40-ml\/#primaryimage"},"image":{"@id":"https:\/\/paracherkaoui.ma\/index.php\/produit\/la-roche-posay-mela-b3-spf30-soin-correcteur-40-ml\/#primaryimage"},"thumbnailUrl":"https:\/\/paracherkaoui.ma\/wp-content\/uploads\/2025\/12\/la-roche-posay-la-roche-posay-mela-b3-spf30-soin-correcteur-40-ml-soins-anti-imperfections.jpg","datePublished":"2025-12-12T17:20:34+00:00","dateModified":"2025-12-12T17:20:37+00:00","breadcrumb":{"@id":"https:\/\/paracherkaoui.ma\/index.php\/produit\/la-roche-posay-mela-b3-spf30-soin-correcteur-40-ml\/#breadcrumb"},"inLanguage":"fr-FR","potentialAction":[{"@type":"ReadAction","target":["https:\/\/paracherkaoui.ma\/index.php\/produit\/la-roche-posay-mela-b3-spf30-soin-correcteur-40-ml\/"]}]},{"@type":"ImageObject","inLanguage":"fr-FR","@id":"https:\/\/paracherkaoui.ma\/index.php\/produit\/la-roche-posay-mela-b3-spf30-soin-correcteur-40-ml\/#primaryimage","url":"https:\/\/paracherkaoui.ma\/wp-content\/uploads\/2025\/12\/la-roche-posay-la-roche-posay-mela-b3-spf30-soin-correcteur-40-ml-soins-anti-imperfections.jpg","contentUrl":"https:\/\/paracherkaoui.ma\/wp-content\/uploads\/2025\/12\/la-roche-posay-la-roche-posay-mela-b3-spf30-soin-correcteur-40-ml-soins-anti-imperfections.jpg","width":700,"height":700},{"@type":"BreadcrumbList","@id":"https:\/\/paracherkaoui.ma\/index.php\/produit\/la-roche-posay-mela-b3-spf30-soin-correcteur-40-ml\/#breadcrumb","itemListElement":[{"@type":"ListItem","position":1,"name":"Accueil","item":"https:\/\/paracherkaoui.ma\/"},{"@type":"ListItem","position":2,"name":"Boutique","item":"https:\/\/paracherkaoui.ma\/index.php\/boutique\/"},{"@type":"ListItem","position":3,"name":"LA ROCHE POSAY MELA B3 SPF30 SOIN CORRECTEUR 40 ML"}]},{"@type":"WebSite","@id":"https:\/\/paracherkaoui.ma\/#website","url":"https:\/\/paracherkaoui.ma\/","name":"Paracherkaoui.ma","description":"Achetez en ligne sur Paracherkaoui.ma","potentialAction":[{"@type":"SearchAction","target":{"@type":"EntryPoint","urlTemplate":"https:\/\/paracherkaoui.ma\/?s={search_term_string}"},"query-input":{"@type":"PropertyValueSpecification","valueRequired":true,"valueName":"search_term_string"}}],"inLanguage":"fr-FR"}]}},"_links":{"self":[{"href":"https:\/\/paracherkaoui.ma\/index.php\/wp-json\/wp\/v2\/product\/24494","targetHints":{"allow":["GET"]}}],"collection":[{"href":"https:\/\/paracherkaoui.ma\/index.php\/wp-json\/wp\/v2\/product"}],"about":[{"href":"https:\/\/paracherkaoui.ma\/index.php\/wp-json\/wp\/v2\/types\/product"}],"replies":[{"embeddable":true,"href":"https:\/\/paracherkaoui.ma\/index.php\/wp-json\/wp\/v2\/comments?post=24494"}],"version-history":[{"count":1,"href":"https:\/\/paracherkaoui.ma\/index.php\/wp-json\/wp\/v2\/product\/24494\/revisions"}],"predecessor-version":[{"id":24530,"href":"https:\/\/paracherkaoui.ma\/index.php\/wp-json\/wp\/v2\/product\/24494\/revisions\/24530"}],"wp:featuredmedia":[{"embeddable":true,"href":"https:\/\/paracherkaoui.ma\/index.php\/wp-json\/wp\/v2\/media\/24529"}],"wp:attachment":[{"href":"https:\/\/paracherkaoui.ma\/index.php\/wp-json\/wp\/v2\/media?parent=24494"}],"wp:term":[{"taxonomy":"product_brand","embeddable":true,"href":"https:\/\/paracherkaoui.ma\/index.php\/wp-json\/wp\/v2\/product_brand?post=24494"},{"taxonomy":"product_cat","embeddable":true,"href":"https:\/\/paracherkaoui.ma\/index.php\/wp-json\/wp\/v2\/product_cat?post=24494"},{"taxonomy":"product_tag","embeddable":true,"href":"https:\/\/paracherkaoui.ma\/index.php\/wp-json\/wp\/v2\/product_tag?post=24494"}],"curies":[{"name":"wp","href":"https:\/\/api.w.org\/{rel}","templated":true}]}}