{"id":24418,"date":"2025-12-12T18:20:27","date_gmt":"2025-12-12T17:20:27","guid":{"rendered":"https:\/\/test.ecbeaute.com\/?post_type=product&#038;p=24418"},"modified":"2025-12-12T18:20:29","modified_gmt":"2025-12-12T17:20:29","slug":"la-roche-posay-effaclar-gel-moussant-purifiant-equilibre-le-ph-de-la-peau-200ml-3","status":"publish","type":"product","link":"https:\/\/paracherkaoui.ma\/index.php\/produit\/la-roche-posay-effaclar-gel-moussant-purifiant-equilibre-le-ph-de-la-peau-200ml-3\/","title":{"rendered":"LA ROCHE POSAY EFFACLAR GEL MOUSSANT PURIFIANT EQUILIBRE LE PH DE LA PEAU 200ML"},"content":{"rendered":"<p>.elementor-238 .elementor-element.elementor-element-1f329156 .elementor-tab-title, .elementor-238 .elementor-element.elementor-element-1f329156 .elementor-tab-title:before, .elementor-238 .elementor-element.elementor-element-1f329156 .elementor-tab-title:after, .elementor-238 .elementor-element.elementor-element-1f329156 .elementor-tab-content, .elementor-238 .elementor-element.elementor-element-1f329156 .elementor-tabs-content-wrapper{border-width:0.5px;}.elementor-238 .elementor-element.elementor-element-1f329156 .elementor-tab-title{color:#000000;}.elementor-238 .elementor-element.elementor-element-1f329156 .elementor-tab-title.elementor-active{color:#00a28d;}.elementor-238 .elementor-element.elementor-element-1f329156 .elementor-tab-content{color:#000000;}.elementor-238 .elementor-element.elementor-element-20289794 .axps-swiper-slider .swiper-slide img{width:auto;}.elementor-238 .elementor-element.elementor-element-20289794 .wrapper-items:not(.swiper-container-initialized) .item{-ms-flex:0 0 calc(100%\/3);flex:0 0 calc(100%\/3);max-width:calc(100%\/3);}.elementor-238 .elementor-element.elementor-element-20289794 .wrapper-items .swiper-slide{padding-left:calc(30px\/2);padding-right:calc(30px\/2);}.elementor-238 .elementor-element.elementor-element-20289794 .wrapper-items .swiper-slide .item-inner{margin-bottom:30px;}.elementor-238 .elementor-element.elementor-element-20289794 .wrapper-items{margin-left:calc(-30px\/2);margin-right:calc(-30px\/2);}.elementor-238 .elementor-element.elementor-element-20289794 .swiper-wrapper .item-inner{text-align:center;}.elementor-238 .elementor-element.elementor-element-c1c42ff{text-align:center;}.elementor-238 .elementor-element.elementor-element-c1c42ff.elementor-widget-heading .elementor-heading-title{color:#000000;}.elementor-238 .elementor-element.elementor-element-c1c42ff .elementor-heading-title{font-size:17px;font-weight:900;}.elementor-238 .elementor-element.elementor-element-3f98d900{margin-top:-16px;margin-bottom:0px;}.elementor-238 .elementor-element.elementor-element-30fc8341 > .elementor-widget-container{margin:-46px 0px 0px 0px;}.elementor-238 .elementor-element.elementor-element-64a58ac4 > .elementor-widget-container{margin:-46px 0px 0px 0px;}.elementor-238 .elementor-element.elementor-element-6b07238c > .elementor-widget-container{margin:-46px 0px 0px 0px;}.elementor-238 .elementor-element.elementor-element-bb365e3{text-align:center;}.elementor-238 .elementor-element.elementor-element-bb365e3.elementor-widget-heading .elementor-heading-title{color:#000000;}.elementor-238 .elementor-element.elementor-element-bb365e3 .elementor-heading-title{font-size:17px;font-weight:900;}.elementor-238 .elementor-element.elementor-element-24b7eb56{margin-top:-16px;margin-bottom:0px;}.elementor-238 .elementor-element.elementor-element-6cdd69b1 > .elementor-widget-container{margin:-46px 0px 0px 0px;}.elementor-238 .elementor-element.elementor-element-450667e2 > .elementor-widget-container{margin:-46px 0px 0px 0px;}.elementor-238 .elementor-element.elementor-element-5d800d58 > .elementor-widget-container{margin:-46px 0px 0px 0px;}@media(max-width:1024px){.elementor-238 .elementor-element.elementor-element-20289794 .wrapper-items:not(.swiper-container-initialized) .item{-ms-flex:0 0 calc(100%\/4);flex:0 0 calc(100%\/4);max-width:calc(100%\/4);}.elementor-238 .elementor-element.elementor-element-20289794 .wrapper-items .swiper-slide{padding-left:calc(20px\/2);padding-right:calc(20px\/2);}.elementor-238 .elementor-element.elementor-element-20289794 .wrapper-items .swiper-slide .item-inner{margin-bottom:20px;}.elementor-238 .elementor-element.elementor-element-20289794 .wrapper-items{margin-left:calc(-20px\/2);margin-right:calc(-20px\/2);}.elementor-238 .elementor-element.elementor-element-30fc8341 > .elementor-widget-container{margin:-33px 0px 0px 0px;}.elementor-238 .elementor-element.elementor-element-64a58ac4 > .elementor-widget-container{margin:-33px 0px 0px 0px;}.elementor-238 .elementor-element.elementor-element-6b07238c > .elementor-widget-container{margin:-33px 0px 0px 0px;}.elementor-238 .elementor-element.elementor-element-6cdd69b1 > .elementor-widget-container{margin:-33px 0px 0px 0px;}.elementor-238 .elementor-element.elementor-element-450667e2 > .elementor-widget-container{margin:-33px 0px 0px 0px;}.elementor-238 .elementor-element.elementor-element-5d800d58 > .elementor-widget-container{margin:-33px 0px 0px 0px;}}@media(max-width:767px){.elementor-238 .elementor-element.elementor-element-20289794 .wrapper-items:not(.swiper-container-initialized) .item{-ms-flex:0 0 calc(100%\/4);flex:0 0 calc(100%\/4);max-width:calc(100%\/4);}.elementor-238 .elementor-element.elementor-element-20289794 .wrapper-items .swiper-slide{padding-left:calc(10px\/2);padding-right:calc(10px\/2);}.elementor-238 .elementor-element.elementor-element-20289794 .wrapper-items .swiper-slide .item-inner{margin-bottom:10px;}.elementor-238 .elementor-element.elementor-element-20289794 .wrapper-items{margin-left:calc(-10px\/2);margin-right:calc(-10px\/2);}.elementor-238 .elementor-element.elementor-element-5f4e3da5{width:50%;}.elementor-238 .elementor-element.elementor-element-30fc8341 > .elementor-widget-container{margin:-26px 0px 0px 0px;}.elementor-238 .elementor-element.elementor-element-22dbb1fc{width:50%;}.elementor-238 .elementor-element.elementor-element-64a58ac4 > .elementor-widget-container{margin:-26px 0px 0px 0px;}.elementor-238 .elementor-element.elementor-element-13ff5f43{width:50%;}.elementor-238 .elementor-element.elementor-element-6b07238c > .elementor-widget-container{margin:-26px 0px 0px 0px;}.elementor-238 .elementor-element.elementor-element-56201988{width:50%;}.elementor-238 .elementor-element.elementor-element-6cdd69b1 > .elementor-widget-container{margin:-26px 0px 0px 0px;}.elementor-238 .elementor-element.elementor-element-77b1c38a{width:50%;}.elementor-238 .elementor-element.elementor-element-450667e2 > .elementor-widget-container{margin:-26px 0px 0px 0px;}.elementor-238 .elementor-element.elementor-element-6fd9354f{width:50%;}.elementor-238 .elementor-element.elementor-element-5d800d58 > .elementor-widget-container{margin:-26px 0px 0px 0px;}}<br \/>\nDescription<br \/>\nConseils d&rsquo;utilisation<br \/>\nComposition<br \/>\nDescription<br \/>\nLe Zinc PCA, ingr\u00e9dient actif cl\u00e9, agit comme r\u00e9gulateur de s\u00e9bum pour une peau plus nette et plus fra\u00eeche. Les agents nettoyants doux, rigoureusement s\u00e9lectionn\u00e9s, respectent le microbiome cutan\u00e9 et n\u2019ass\u00e8chent pas la peau. Sans savon, sans alcool, sans parab\u00e8ne et avec un pH neutre, ce gel moussant est id\u00e9al pour une routine quotidienne douce et efficace. Il contribue \u00e9galement \u00e0 rendre les points noirs moins visibles, pour une peau lisse, \u00e9quilibr\u00e9e et visiblement plus saine.<br \/>\nTest\u00e9 dermatologiquement sur plus de 1800 sujets, y compris ceux en traitement contre l\u2019acn\u00e9, le produit a d\u00e9montr\u00e9 une tol\u00e9rance exceptionnelle : 97 % affirment qu\u2019il n\u2019irrite ni la peau ni les yeux.<br \/>\nConseils d&rsquo;utilisation<br \/>\nLavez vos mains et humidifiez votre visage \u00e0 l&rsquo;eau ti\u00e8de.<br \/>\nPr\u00e9levez une noisette du gel dans la paume, faites mousser avec de l\u2019eau.<br \/>\nAppliquez sur le visage par l\u00e9gers massages circulaires, en insistant sur la zone T.<br \/>\nRincez abondamment \u00e0 l&rsquo;eau fra\u00eeche pour resserrer les pores.<br \/>\nS\u00e9chez d\u00e9licatement en tapotant avec une serviette propre.<br \/>\n\u00c0 utiliser 1 \u00e0 2 fois par jour (matin et\/ou soir).<br \/>\nComposition<br \/>\nAQUA \/ WATER, SODIUM LAURETH SULFATE, PEG-8, COCO-BETAINE, HEXYLENE GLYCOL, SODIUM CHLORIDE, PEG-120 METHYL GLUCOSE DIOLEATE, ZINC PCA, SODIUM HYDROXIDE, CAPRYLYL GLYCOL, CITRIC ACID, SODIUM BENZOATE, PHENOXYETHANOL, PARFUM \/ FRAGRANCE<br \/>\nD\u00e9couvrez plus de soins anti-imperfections La Roche Posay<br \/>\nAjouter au Panier<br \/>\nAjouter au Panier<br \/>\nAjouter au Panier<br \/>\nCompl\u00e9tez votre routine<br \/>\nAjouter au Panier<br \/>\nAjouter au Panier<br \/>\nAjouter au Panier<\/p>\n","protected":false},"excerpt":{"rendered":"<p>.elementor-238 .elementor-element.elementor-element-1f329156 .elementor-tab-title, .elementor-238 .elementor-element.elementor-element-1f329156 .elementor-tab-title:before, .elementor-238 .elementor-element.elementor-element-1f329156 .elementor-tab-title:after, .elementor-238 .elementor-element.elementor-element-1f329156 .elementor-tab-content, .elementor-238 .elementor-element.elementor-element-1f329156 .elementor-tabs-content-wrapper{border-width:0.5px;}.elementor-238 .elementor-element.elementor-element-1f329156 .elementor-tab-title{color:#000000;}.elementor-238 .elementor-element.elementor-element-1f329156 .elementor-tab-title.elementor-active{color:#00a28d;}.elementor-238 .elementor-element.elementor-element-1f329156<\/p>\n","protected":false},"featured_media":10722,"comment_status":"open","ping_status":"closed","template":"","meta":[],"product_brand":[132],"product_cat":[502],"product_tag":[],"class_list":{"0":"post-24418","1":"product","2":"type-product","3":"status-publish","4":"has-post-thumbnail","6":"product_brand-la-roche-posay","7":"product_cat-soins-anti-imperfections","9":"first","10":"instock","11":"sale","12":"shipping-taxable","13":"purchasable","14":"product-type-simple"},"yoast_head":"<!-- This site is optimized with the Yoast SEO plugin v26.6 - https:\/\/yoast.com\/wordpress\/plugins\/seo\/ -->\r\n<title>LA ROCHE POSAY EFFACLAR GEL MOUSSANT PURIFIANT EQUILIBRE LE PH DE LA PEAU 200ML - Paracherkaoui.ma<\/title>\r\n<meta name=\"robots\" content=\"index, follow, max-snippet:-1, max-image-preview:large, max-video-preview:-1\" \/>\r\n<link rel=\"canonical\" href=\"https:\/\/paracherkaoui.ma\/index.php\/produit\/la-roche-posay-effaclar-gel-moussant-purifiant-equilibre-le-ph-de-la-peau-200ml-3\/\" \/>\r\n<meta property=\"og:locale\" content=\"fr_FR\" \/>\r\n<meta property=\"og:type\" content=\"article\" \/>\r\n<meta property=\"og:title\" content=\"LA ROCHE POSAY EFFACLAR GEL MOUSSANT PURIFIANT EQUILIBRE LE PH DE LA PEAU 200ML - Paracherkaoui.ma\" \/>\r\n<meta property=\"og:description\" content=\".elementor-238 .elementor-element.elementor-element-1f329156 .elementor-tab-title, .elementor-238 .elementor-element.elementor-element-1f329156 .elementor-tab-title:before, .elementor-238 .elementor-element.elementor-element-1f329156 .elementor-tab-title:after, .elementor-238 .elementor-element.elementor-element-1f329156 .elementor-tab-content, .elementor-238 .elementor-element.elementor-element-1f329156 .elementor-tabs-content-wrapper{border-width:0.5px;}.elementor-238 .elementor-element.elementor-element-1f329156 .elementor-tab-title{color:#000000;}.elementor-238 .elementor-element.elementor-element-1f329156 .elementor-tab-title.elementor-active{color:#00a28d;}.elementor-238 .elementor-element.elementor-element-1f329156\" \/>\r\n<meta property=\"og:url\" content=\"https:\/\/paracherkaoui.ma\/index.php\/produit\/la-roche-posay-effaclar-gel-moussant-purifiant-equilibre-le-ph-de-la-peau-200ml-3\/\" \/>\r\n<meta property=\"og:site_name\" content=\"Paracherkaoui.ma\" \/>\r\n<meta property=\"article:modified_time\" content=\"2025-12-12T17:20:29+00:00\" \/>\r\n<meta property=\"og:image\" content=\"https:\/\/paracherkaoui.ma\/wp-content\/uploads\/2025\/12\/la-roche-posay-la-roche-posay-effaclar-gel-moussant-purifiant-equilibre-le-ph-de-la-peau-200ml-soins-anti-imperfections.jpg\" \/>\r\n\t<meta property=\"og:image:width\" content=\"700\" \/>\r\n\t<meta property=\"og:image:height\" content=\"700\" \/>\r\n\t<meta property=\"og:image:type\" content=\"image\/jpeg\" \/>\r\n<meta name=\"twitter:card\" content=\"summary_large_image\" \/>\r\n<meta name=\"twitter:label1\" content=\"Dur\u00e9e de lecture estim\u00e9e\" \/>\n\t<meta name=\"twitter:data1\" content=\"4 minutes\" \/>\r\n<script type=\"application\/ld+json\" class=\"yoast-schema-graph\">{\"@context\":\"https:\/\/schema.org\",\"@graph\":[{\"@type\":\"WebPage\",\"@id\":\"https:\/\/paracherkaoui.ma\/index.php\/produit\/la-roche-posay-effaclar-gel-moussant-purifiant-equilibre-le-ph-de-la-peau-200ml-3\/\",\"url\":\"https:\/\/paracherkaoui.ma\/index.php\/produit\/la-roche-posay-effaclar-gel-moussant-purifiant-equilibre-le-ph-de-la-peau-200ml-3\/\",\"name\":\"LA ROCHE POSAY EFFACLAR GEL MOUSSANT PURIFIANT EQUILIBRE LE PH DE LA PEAU 200ML - Paracherkaoui.ma\",\"isPartOf\":{\"@id\":\"https:\/\/paracherkaoui.ma\/#website\"},\"primaryImageOfPage\":{\"@id\":\"https:\/\/paracherkaoui.ma\/index.php\/produit\/la-roche-posay-effaclar-gel-moussant-purifiant-equilibre-le-ph-de-la-peau-200ml-3\/#primaryimage\"},\"image\":{\"@id\":\"https:\/\/paracherkaoui.ma\/index.php\/produit\/la-roche-posay-effaclar-gel-moussant-purifiant-equilibre-le-ph-de-la-peau-200ml-3\/#primaryimage\"},\"thumbnailUrl\":\"https:\/\/paracherkaoui.ma\/wp-content\/uploads\/2025\/12\/la-roche-posay-la-roche-posay-effaclar-gel-moussant-purifiant-equilibre-le-ph-de-la-peau-200ml-soins-anti-imperfections.jpg\",\"datePublished\":\"2025-12-12T17:20:27+00:00\",\"dateModified\":\"2025-12-12T17:20:29+00:00\",\"breadcrumb\":{\"@id\":\"https:\/\/paracherkaoui.ma\/index.php\/produit\/la-roche-posay-effaclar-gel-moussant-purifiant-equilibre-le-ph-de-la-peau-200ml-3\/#breadcrumb\"},\"inLanguage\":\"fr-FR\",\"potentialAction\":[{\"@type\":\"ReadAction\",\"target\":[\"https:\/\/paracherkaoui.ma\/index.php\/produit\/la-roche-posay-effaclar-gel-moussant-purifiant-equilibre-le-ph-de-la-peau-200ml-3\/\"]}]},{\"@type\":\"ImageObject\",\"inLanguage\":\"fr-FR\",\"@id\":\"https:\/\/paracherkaoui.ma\/index.php\/produit\/la-roche-posay-effaclar-gel-moussant-purifiant-equilibre-le-ph-de-la-peau-200ml-3\/#primaryimage\",\"url\":\"https:\/\/paracherkaoui.ma\/wp-content\/uploads\/2025\/12\/la-roche-posay-la-roche-posay-effaclar-gel-moussant-purifiant-equilibre-le-ph-de-la-peau-200ml-soins-anti-imperfections.jpg\",\"contentUrl\":\"https:\/\/paracherkaoui.ma\/wp-content\/uploads\/2025\/12\/la-roche-posay-la-roche-posay-effaclar-gel-moussant-purifiant-equilibre-le-ph-de-la-peau-200ml-soins-anti-imperfections.jpg\",\"width\":700,\"height\":700},{\"@type\":\"BreadcrumbList\",\"@id\":\"https:\/\/paracherkaoui.ma\/index.php\/produit\/la-roche-posay-effaclar-gel-moussant-purifiant-equilibre-le-ph-de-la-peau-200ml-3\/#breadcrumb\",\"itemListElement\":[{\"@type\":\"ListItem\",\"position\":1,\"name\":\"Accueil\",\"item\":\"https:\/\/paracherkaoui.ma\/\"},{\"@type\":\"ListItem\",\"position\":2,\"name\":\"Boutique\",\"item\":\"https:\/\/paracherkaoui.ma\/index.php\/boutique\/\"},{\"@type\":\"ListItem\",\"position\":3,\"name\":\"LA ROCHE POSAY EFFACLAR GEL MOUSSANT PURIFIANT EQUILIBRE LE PH DE LA PEAU 200ML\"}]},{\"@type\":\"WebSite\",\"@id\":\"https:\/\/paracherkaoui.ma\/#website\",\"url\":\"https:\/\/paracherkaoui.ma\/\",\"name\":\"Paracherkaoui.ma\",\"description\":\"Achetez en ligne sur Paracherkaoui.ma\",\"potentialAction\":[{\"@type\":\"SearchAction\",\"target\":{\"@type\":\"EntryPoint\",\"urlTemplate\":\"https:\/\/paracherkaoui.ma\/?s={search_term_string}\"},\"query-input\":{\"@type\":\"PropertyValueSpecification\",\"valueRequired\":true,\"valueName\":\"search_term_string\"}}],\"inLanguage\":\"fr-FR\"}]}<\/script>\r\n<!-- \/ Yoast SEO plugin. -->","yoast_head_json":{"title":"LA ROCHE POSAY EFFACLAR GEL MOUSSANT PURIFIANT EQUILIBRE LE PH DE LA PEAU 200ML - Paracherkaoui.ma","robots":{"index":"index","follow":"follow","max-snippet":"max-snippet:-1","max-image-preview":"max-image-preview:large","max-video-preview":"max-video-preview:-1"},"canonical":"https:\/\/paracherkaoui.ma\/index.php\/produit\/la-roche-posay-effaclar-gel-moussant-purifiant-equilibre-le-ph-de-la-peau-200ml-3\/","og_locale":"fr_FR","og_type":"article","og_title":"LA ROCHE POSAY EFFACLAR GEL MOUSSANT PURIFIANT EQUILIBRE LE PH DE LA PEAU 200ML - Paracherkaoui.ma","og_description":".elementor-238 .elementor-element.elementor-element-1f329156 .elementor-tab-title, .elementor-238 .elementor-element.elementor-element-1f329156 .elementor-tab-title:before, .elementor-238 .elementor-element.elementor-element-1f329156 .elementor-tab-title:after, .elementor-238 .elementor-element.elementor-element-1f329156 .elementor-tab-content, .elementor-238 .elementor-element.elementor-element-1f329156 .elementor-tabs-content-wrapper{border-width:0.5px;}.elementor-238 .elementor-element.elementor-element-1f329156 .elementor-tab-title{color:#000000;}.elementor-238 .elementor-element.elementor-element-1f329156 .elementor-tab-title.elementor-active{color:#00a28d;}.elementor-238 .elementor-element.elementor-element-1f329156","og_url":"https:\/\/paracherkaoui.ma\/index.php\/produit\/la-roche-posay-effaclar-gel-moussant-purifiant-equilibre-le-ph-de-la-peau-200ml-3\/","og_site_name":"Paracherkaoui.ma","article_modified_time":"2025-12-12T17:20:29+00:00","og_image":[{"width":700,"height":700,"url":"https:\/\/paracherkaoui.ma\/wp-content\/uploads\/2025\/12\/la-roche-posay-la-roche-posay-effaclar-gel-moussant-purifiant-equilibre-le-ph-de-la-peau-200ml-soins-anti-imperfections.jpg","type":"image\/jpeg"}],"twitter_card":"summary_large_image","twitter_misc":{"Dur\u00e9e de lecture estim\u00e9e":"4 minutes"},"schema":{"@context":"https:\/\/schema.org","@graph":[{"@type":"WebPage","@id":"https:\/\/paracherkaoui.ma\/index.php\/produit\/la-roche-posay-effaclar-gel-moussant-purifiant-equilibre-le-ph-de-la-peau-200ml-3\/","url":"https:\/\/paracherkaoui.ma\/index.php\/produit\/la-roche-posay-effaclar-gel-moussant-purifiant-equilibre-le-ph-de-la-peau-200ml-3\/","name":"LA ROCHE POSAY EFFACLAR GEL MOUSSANT PURIFIANT EQUILIBRE LE PH DE LA PEAU 200ML - Paracherkaoui.ma","isPartOf":{"@id":"https:\/\/paracherkaoui.ma\/#website"},"primaryImageOfPage":{"@id":"https:\/\/paracherkaoui.ma\/index.php\/produit\/la-roche-posay-effaclar-gel-moussant-purifiant-equilibre-le-ph-de-la-peau-200ml-3\/#primaryimage"},"image":{"@id":"https:\/\/paracherkaoui.ma\/index.php\/produit\/la-roche-posay-effaclar-gel-moussant-purifiant-equilibre-le-ph-de-la-peau-200ml-3\/#primaryimage"},"thumbnailUrl":"https:\/\/paracherkaoui.ma\/wp-content\/uploads\/2025\/12\/la-roche-posay-la-roche-posay-effaclar-gel-moussant-purifiant-equilibre-le-ph-de-la-peau-200ml-soins-anti-imperfections.jpg","datePublished":"2025-12-12T17:20:27+00:00","dateModified":"2025-12-12T17:20:29+00:00","breadcrumb":{"@id":"https:\/\/paracherkaoui.ma\/index.php\/produit\/la-roche-posay-effaclar-gel-moussant-purifiant-equilibre-le-ph-de-la-peau-200ml-3\/#breadcrumb"},"inLanguage":"fr-FR","potentialAction":[{"@type":"ReadAction","target":["https:\/\/paracherkaoui.ma\/index.php\/produit\/la-roche-posay-effaclar-gel-moussant-purifiant-equilibre-le-ph-de-la-peau-200ml-3\/"]}]},{"@type":"ImageObject","inLanguage":"fr-FR","@id":"https:\/\/paracherkaoui.ma\/index.php\/produit\/la-roche-posay-effaclar-gel-moussant-purifiant-equilibre-le-ph-de-la-peau-200ml-3\/#primaryimage","url":"https:\/\/paracherkaoui.ma\/wp-content\/uploads\/2025\/12\/la-roche-posay-la-roche-posay-effaclar-gel-moussant-purifiant-equilibre-le-ph-de-la-peau-200ml-soins-anti-imperfections.jpg","contentUrl":"https:\/\/paracherkaoui.ma\/wp-content\/uploads\/2025\/12\/la-roche-posay-la-roche-posay-effaclar-gel-moussant-purifiant-equilibre-le-ph-de-la-peau-200ml-soins-anti-imperfections.jpg","width":700,"height":700},{"@type":"BreadcrumbList","@id":"https:\/\/paracherkaoui.ma\/index.php\/produit\/la-roche-posay-effaclar-gel-moussant-purifiant-equilibre-le-ph-de-la-peau-200ml-3\/#breadcrumb","itemListElement":[{"@type":"ListItem","position":1,"name":"Accueil","item":"https:\/\/paracherkaoui.ma\/"},{"@type":"ListItem","position":2,"name":"Boutique","item":"https:\/\/paracherkaoui.ma\/index.php\/boutique\/"},{"@type":"ListItem","position":3,"name":"LA ROCHE POSAY EFFACLAR GEL MOUSSANT PURIFIANT EQUILIBRE LE PH DE LA PEAU 200ML"}]},{"@type":"WebSite","@id":"https:\/\/paracherkaoui.ma\/#website","url":"https:\/\/paracherkaoui.ma\/","name":"Paracherkaoui.ma","description":"Achetez en ligne sur Paracherkaoui.ma","potentialAction":[{"@type":"SearchAction","target":{"@type":"EntryPoint","urlTemplate":"https:\/\/paracherkaoui.ma\/?s={search_term_string}"},"query-input":{"@type":"PropertyValueSpecification","valueRequired":true,"valueName":"search_term_string"}}],"inLanguage":"fr-FR"}]}},"_links":{"self":[{"href":"https:\/\/paracherkaoui.ma\/index.php\/wp-json\/wp\/v2\/product\/24418","targetHints":{"allow":["GET"]}}],"collection":[{"href":"https:\/\/paracherkaoui.ma\/index.php\/wp-json\/wp\/v2\/product"}],"about":[{"href":"https:\/\/paracherkaoui.ma\/index.php\/wp-json\/wp\/v2\/types\/product"}],"replies":[{"embeddable":true,"href":"https:\/\/paracherkaoui.ma\/index.php\/wp-json\/wp\/v2\/comments?post=24418"}],"version-history":[{"count":1,"href":"https:\/\/paracherkaoui.ma\/index.php\/wp-json\/wp\/v2\/product\/24418\/revisions"}],"predecessor-version":[{"id":24449,"href":"https:\/\/paracherkaoui.ma\/index.php\/wp-json\/wp\/v2\/product\/24418\/revisions\/24449"}],"wp:featuredmedia":[{"embeddable":true,"href":"https:\/\/paracherkaoui.ma\/index.php\/wp-json\/wp\/v2\/media\/10722"}],"wp:attachment":[{"href":"https:\/\/paracherkaoui.ma\/index.php\/wp-json\/wp\/v2\/media?parent=24418"}],"wp:term":[{"taxonomy":"product_brand","embeddable":true,"href":"https:\/\/paracherkaoui.ma\/index.php\/wp-json\/wp\/v2\/product_brand?post=24418"},{"taxonomy":"product_cat","embeddable":true,"href":"https:\/\/paracherkaoui.ma\/index.php\/wp-json\/wp\/v2\/product_cat?post=24418"},{"taxonomy":"product_tag","embeddable":true,"href":"https:\/\/paracherkaoui.ma\/index.php\/wp-json\/wp\/v2\/product_tag?post=24418"}],"curies":[{"name":"wp","href":"https:\/\/api.w.org\/{rel}","templated":true}]}}