{"id":24416,"date":"2025-12-12T18:20:26","date_gmt":"2025-12-12T17:20:26","guid":{"rendered":"https:\/\/test.ecbeaute.com\/?post_type=product&#038;p=24416"},"modified":"2025-12-12T18:20:29","modified_gmt":"2025-12-12T17:20:29","slug":"la-roche-posay-cicaplast-baume-reparateur-b5-100-ml-3","status":"publish","type":"product","link":"https:\/\/paracherkaoui.ma\/index.php\/produit\/la-roche-posay-cicaplast-baume-reparateur-b5-100-ml-3\/","title":{"rendered":"LA ROCHE POSAY CICAPLAST BAUME REPARATEUR B5+ 100 ML"},"content":{"rendered":"<p>.elementor-91 .elementor-element.elementor-element-3bcd212 .elementor-accordion .elementor-tab-title{color:#000000;font-size:16px;}.elementor-91 .elementor-element.elementor-element-3bcd212 .elementor-accordion .elementor-tab-title.elementor-active{color:#06a594;}.elementor-91 .elementor-element.elementor-element-3bcd212 .elementor-accordion .elementor-tab-content{color:#000000;}.elementor-91 .elementor-element.elementor-element-5b5a0e88 .axps-swiper-slider .swiper-slide img{width:auto;}.elementor-91 .elementor-element.elementor-element-5b5a0e88 .wrapper-items:not(.swiper-container-initialized) .item{-ms-flex:0 0 calc(100%\/1);flex:0 0 calc(100%\/1);max-width:calc(100%\/1);}.elementor-91 .elementor-element.elementor-element-5b5a0e88 .wrapper-items .swiper-slide{padding-left:calc(30px\/2);padding-right:calc(30px\/2);}.elementor-91 .elementor-element.elementor-element-5b5a0e88 .wrapper-items .swiper-slide .item-inner{margin-bottom:30px;}.elementor-91 .elementor-element.elementor-element-5b5a0e88 .wrapper-items{margin-left:calc(-30px\/2);margin-right:calc(-30px\/2);}.elementor-91 .elementor-element.elementor-element-5b5a0e88 .swiper-wrapper .item-inner{text-align:center;}.elementor-91 .elementor-element.elementor-element-5b5a0e88 .axps-swiper-slider .axps-swiper-arrow{width:59px;}.elementor-91 .elementor-element.elementor-element-5b5a0e88 .axps-swiper-slider .axps-swiper-arrow i{font-size:33px;}.elementor-91 .elementor-element.elementor-element-5b5a0e88 .axps-swiper-slider .axps-swiper-arrow svg{width:33px;height:33px;}.elementor-91 .elementor-element.elementor-element-79654175{text-align:center;}.elementor-91 .elementor-element.elementor-element-79654175.elementor-widget-heading .elementor-heading-title{color:#070707;}.elementor-91 .elementor-element.elementor-element-79654175 .elementor-heading-title{font-size:26px;}.elementor-91 .elementor-element.elementor-element-79654175 > .elementor-widget-container{margin:9px 0px 0px 0px;}.elementor-91 .elementor-element.elementor-element-6eb4d7ff{margin-top:-16px;margin-bottom:0px;}.elementor-91 .elementor-element.elementor-element-36245743 > .elementor-widget-container{margin:-46px 0px 0px 0px;}.elementor-91 .elementor-element.elementor-element-5524204f > .elementor-widget-container{margin:-46px 0px 0px 0px;}.elementor-91 .elementor-element.elementor-element-2dab3a2c > .elementor-widget-container{margin:-46px 0px 0px 0px;}.elementor-91 .elementor-element.elementor-element-23222626{text-align:center;}.elementor-91 .elementor-element.elementor-element-23222626.elementor-widget-heading .elementor-heading-title{color:#070707;}.elementor-91 .elementor-element.elementor-element-23222626 .elementor-heading-title{font-size:26px;}.elementor-91 .elementor-element.elementor-element-23222626 > .elementor-widget-container{margin:9px 0px 0px 0px;}.elementor-91 .elementor-element.elementor-element-6292acdd{margin-top:-18px;margin-bottom:0px;}.elementor-91 .elementor-element.elementor-element-35bb76f3 > .elementor-widget-container{margin:-32px 0px 0px 0px;}.elementor-91 .elementor-element.elementor-element-48a93f0c > .elementor-widget-container{margin:-32px 0px 0px 0px;}.elementor-91 .elementor-element.elementor-element-4023f717 > .elementor-widget-container{margin:-32px 0px 0px 0px;}.elementor-91 .elementor-element.elementor-element-5c8d9547 > .elementor-widget-container{margin:-32px 0px 0px 0px;}@media(max-width:1024px){.elementor-91 .elementor-element.elementor-element-5b5a0e88 .wrapper-items:not(.swiper-container-initialized) .item{-ms-flex:0 0 calc(100%\/1);flex:0 0 calc(100%\/1);max-width:calc(100%\/1);}.elementor-91 .elementor-element.elementor-element-5b5a0e88 .wrapper-items .swiper-slide{padding-left:calc(20px\/2);padding-right:calc(20px\/2);}.elementor-91 .elementor-element.elementor-element-5b5a0e88 .wrapper-items .swiper-slide .item-inner{margin-bottom:20px;}.elementor-91 .elementor-element.elementor-element-5b5a0e88 .wrapper-items{margin-left:calc(-20px\/2);margin-right:calc(-20px\/2);}.elementor-91 .elementor-element.elementor-element-36245743 > .elementor-widget-container{margin:-33px 0px 0px 0px;}.elementor-91 .elementor-element.elementor-element-5524204f > .elementor-widget-container{margin:-33px 0px 0px 0px;}.elementor-91 .elementor-element.elementor-element-2dab3a2c > .elementor-widget-container{margin:-33px 0px 0px 0px;}}@media(max-width:767px){.elementor-91 .elementor-element.elementor-element-5b5a0e88 .wrapper-items:not(.swiper-container-initialized) .item{-ms-flex:0 0 calc(100%\/1);flex:0 0 calc(100%\/1);max-width:calc(100%\/1);}.elementor-91 .elementor-element.elementor-element-5b5a0e88 .wrapper-items .swiper-slide{padding-left:calc(10px\/2);padding-right:calc(10px\/2);}.elementor-91 .elementor-element.elementor-element-5b5a0e88 .wrapper-items .swiper-slide .item-inner{margin-bottom:10px;}.elementor-91 .elementor-element.elementor-element-5b5a0e88 .wrapper-items{margin-left:calc(-10px\/2);margin-right:calc(-10px\/2);}.elementor-91 .elementor-element.elementor-element-79654175 .elementor-heading-title{font-size:18px;line-height:1.5em;}.elementor-91 .elementor-element.elementor-element-5aace016{width:50%;}.elementor-91 .elementor-element.elementor-element-36245743 > .elementor-widget-container{margin:-26px 0px 0px 0px;}.elementor-91 .elementor-element.elementor-element-3585d7cf{width:50%;}.elementor-91 .elementor-element.elementor-element-5524204f > .elementor-widget-container{margin:-26px 0px 0px 0px;}.elementor-91 .elementor-element.elementor-element-62c04f28{width:50%;}.elementor-91 .elementor-element.elementor-element-2dab3a2c > .elementor-widget-container{margin:-26px 0px 0px 0px;}.elementor-91 .elementor-element.elementor-element-23222626 .elementor-heading-title{font-size:18px;line-height:1.5em;}.elementor-91 .elementor-element.elementor-element-368365dd{width:50%;}.elementor-91 .elementor-element.elementor-element-7251592c{width:50%;}.elementor-91 .elementor-element.elementor-element-425b310a{width:50%;}.elementor-91 .elementor-element.elementor-element-28e29c80{width:50%;}}<br \/>\nLa Roche Posay Cicaplast Baume B5+<br \/>\nLe\u00a0Cicaplast Baume\u00a0B5+ contient du mad\u00e9cassoside, extrait de la plante Centella Asiatica, r\u00e9put\u00e9e pour ses\u00a0vertus anti rougeurs et apaisantes. En plus de cela, le cuivre et le zinc contribuent \u00e0 assainir l\u2019\u00e9piderme, tandis que le beurre de karit\u00e9 et la glyc\u00e9rine procurent une\u00a0hydratation et une nutrition intenses. La peau est imm\u00e9diatement nourrie, confortable, et les rougeurs ainsi que les irritations sont visiblement r\u00e9duites.<br \/>\nGr\u00e2ce \u00e0\u00a0une concentration \u00e9lev\u00e9e en vitamine B5\u00a0(Panth\u00e9nol 5 %),\u00a0ce\u00a0baume soulage rapidement les sensations d&rsquo;inconfort. La\u00a0vitamine B5\u00a0est connue pour ses propri\u00e9t\u00e9s apaisantes et r\u00e9paratrices, ce qui en fait un alli\u00e9 indispensable pour les peaux sensibles et irrit\u00e9es.<br \/>\nLe\u00a0Cicaplast Baume B5+\u00a0est\u00a0formul\u00e9 sans parfum\u00a0et a \u00e9t\u00e9 test\u00e9 sur des\u00a0peaux sensibles\u00a0pour garantir une tol\u00e9rance optimale. Il peut \u00eatre appliqu\u00e9 sur le corps, le visage et m\u00eame les l\u00e8vres, offrant une solution polyvalente pour diverses zones de la peau n\u00e9cessitant des\u00a0soins r\u00e9parateurs et apaisants.<br \/>\nCOMPOSITION<br \/>\nAQUA \/ WATER \/ EAU \u2022 HYDROGENATED POLYISOBUTENE \u2022 DIMETHICONE \u2022 GLYCERIN \u2022 BUTYROSPERMUM PARKII BUTTER \/ SHEA BUTTER \u2022 PANTHENOL \u2022 ZEA MAYS STARCH \/ CORN STARCH \u2022 PROPANEDIOL \u2022 BUTYLENE GLYCOL \u2022 CETYL PEG\/PPG-10\/1 DIMETHICONE \u2022 TRIHYDROXYSTEARIN \u2022 CENTELLA ASIATICA LEAF EXTRACT \u2022 POLYMNIA SONCHIFOLIA ROOT JUICE \u2022 ZINC GLUCONATE \u2022 MADECASSOSIDE \u2022 MANGANESE GLUCONATE \u2022 ALPHA-GLUCAN OLIGOSACCHARIDE \u2022 SILICA \u2022 ALUMINUM HYDROXIDE \u2022 MAGNESIUM SULFATE \u2022 MANNOSE \u2022 CAPRYLOYL GLYCINE \u2022 CAPRYLYL GLYCOL \u2022 VITREOSCILLA FERMENT \u2022 CITRIC ACID \u2022 TRISODIUM ETHYLENEDIAMINE DISUCCINATE \u2022 LACTOBACILLUS \u2022 ACETYLATED GLYCOL STEARATE \u2022 MALTODEXTRIN \u2022 POLYGLYCERYL-4 ISOSTEARATE \u2022 TOCOPHEROL \u2022 PENTAERYTHRITYL TETRA-DI-T-BUTYL HYDROXYHYDROCINNAMATE \u2022 CI 77891 \/ TITANIUM DIOXIDE (F.I.L. N70011474\/1).<br \/>\nCONSEIL D\u2019UTILISATION<br \/>\nAppliquez la cr\u00e8me r\u00e9paratrice et apaisante Cicaplast Baume B5+ deux fois par jour\u00a0sur une peau propre et s\u00e8che. Utilisez l\u00e0\u00a0sur les zones fragilis\u00e9es du visage, du corps et des l\u00e8vres, en couche fine ou \u00e9paisse selon l&rsquo;intensit\u00e9 des rougeurs et des irritations.\u00a0\u00c9vitez le contour des yeux pour pr\u00e9venir toute irritation.<br \/>\nD\u00e9couvrez plus de soins hydratants La Roche Posay<br \/>\nJe le veux<br \/>\nJe le veux<br \/>\nJe le veux<br \/>\nCompl\u00e9tez\u00a0votre routine<br \/>\nJe le veux<br \/>\nJe le veux<br \/>\nJe le veux<br \/>\nJe le veux<\/p>\n","protected":false},"excerpt":{"rendered":"<p>.elementor-91 .elementor-element.elementor-element-3bcd212 .elementor-accordion .elementor-tab-title{color:#000000;font-size:16px;}.elementor-91 .elementor-element.elementor-element-3bcd212 .elementor-accordion .elementor-tab-title.elementor-active{color:#06a594;}.elementor-91 .elementor-element.elementor-element-3bcd212 .elementor-accordion .elementor-tab-content{color:#000000;}.elementor-91 .elementor-element.elementor-element-5b5a0e88 .axps-swiper-slider .swiper-slide img{width:auto;}.elementor-91 .elementor-element.elementor-element-5b5a0e88 .wrapper-items:not(.swiper-container-initialized) .item{-ms-flex:0 0 calc(100%\/1);flex:0 0<\/p>\n","protected":false},"featured_media":13327,"comment_status":"open","ping_status":"closed","template":"","meta":[],"product_brand":[132],"product_cat":[502],"product_tag":[],"class_list":{"0":"post-24416","1":"product","2":"type-product","3":"status-publish","4":"has-post-thumbnail","6":"product_brand-la-roche-posay","7":"product_cat-soins-anti-imperfections","9":"first","10":"instock","11":"sale","12":"shipping-taxable","13":"purchasable","14":"product-type-simple"},"yoast_head":"<!-- This site is optimized with the Yoast SEO plugin v26.6 - https:\/\/yoast.com\/wordpress\/plugins\/seo\/ -->\r\n<title>LA ROCHE POSAY CICAPLAST BAUME REPARATEUR B5+ 100 ML - Paracherkaoui.ma<\/title>\r\n<meta name=\"robots\" content=\"index, follow, max-snippet:-1, max-image-preview:large, max-video-preview:-1\" \/>\r\n<link rel=\"canonical\" href=\"https:\/\/paracherkaoui.ma\/index.php\/produit\/la-roche-posay-cicaplast-baume-reparateur-b5-100-ml-3\/\" \/>\r\n<meta property=\"og:locale\" content=\"fr_FR\" \/>\r\n<meta property=\"og:type\" content=\"article\" \/>\r\n<meta property=\"og:title\" content=\"LA ROCHE POSAY CICAPLAST BAUME REPARATEUR B5+ 100 ML - Paracherkaoui.ma\" \/>\r\n<meta property=\"og:description\" content=\".elementor-91 .elementor-element.elementor-element-3bcd212 .elementor-accordion .elementor-tab-title{color:#000000;font-size:16px;}.elementor-91 .elementor-element.elementor-element-3bcd212 .elementor-accordion .elementor-tab-title.elementor-active{color:#06a594;}.elementor-91 .elementor-element.elementor-element-3bcd212 .elementor-accordion .elementor-tab-content{color:#000000;}.elementor-91 .elementor-element.elementor-element-5b5a0e88 .axps-swiper-slider .swiper-slide img{width:auto;}.elementor-91 .elementor-element.elementor-element-5b5a0e88 .wrapper-items:not(.swiper-container-initialized) .item{-ms-flex:0 0 calc(100%\/1);flex:0 0\" \/>\r\n<meta property=\"og:url\" content=\"https:\/\/paracherkaoui.ma\/index.php\/produit\/la-roche-posay-cicaplast-baume-reparateur-b5-100-ml-3\/\" \/>\r\n<meta property=\"og:site_name\" content=\"Paracherkaoui.ma\" \/>\r\n<meta property=\"article:modified_time\" content=\"2025-12-12T17:20:29+00:00\" \/>\r\n<meta property=\"og:image\" content=\"https:\/\/paracherkaoui.ma\/wp-content\/uploads\/2025\/12\/la-roche-posay-la-roche-posay-cicaplast-baume-reparateur-b5-100-ml-pommades-et-cremes-cicatrisantes.jpg\" \/>\r\n\t<meta property=\"og:image:width\" content=\"700\" \/>\r\n\t<meta property=\"og:image:height\" content=\"700\" \/>\r\n\t<meta property=\"og:image:type\" content=\"image\/jpeg\" \/>\r\n<meta name=\"twitter:card\" content=\"summary_large_image\" \/>\r\n<meta name=\"twitter:label1\" content=\"Dur\u00e9e de lecture estim\u00e9e\" \/>\n\t<meta name=\"twitter:data1\" content=\"4 minutes\" \/>\r\n<script type=\"application\/ld+json\" class=\"yoast-schema-graph\">{\"@context\":\"https:\/\/schema.org\",\"@graph\":[{\"@type\":\"WebPage\",\"@id\":\"https:\/\/paracherkaoui.ma\/index.php\/produit\/la-roche-posay-cicaplast-baume-reparateur-b5-100-ml-3\/\",\"url\":\"https:\/\/paracherkaoui.ma\/index.php\/produit\/la-roche-posay-cicaplast-baume-reparateur-b5-100-ml-3\/\",\"name\":\"LA ROCHE POSAY CICAPLAST BAUME REPARATEUR B5+ 100 ML - Paracherkaoui.ma\",\"isPartOf\":{\"@id\":\"https:\/\/paracherkaoui.ma\/#website\"},\"primaryImageOfPage\":{\"@id\":\"https:\/\/paracherkaoui.ma\/index.php\/produit\/la-roche-posay-cicaplast-baume-reparateur-b5-100-ml-3\/#primaryimage\"},\"image\":{\"@id\":\"https:\/\/paracherkaoui.ma\/index.php\/produit\/la-roche-posay-cicaplast-baume-reparateur-b5-100-ml-3\/#primaryimage\"},\"thumbnailUrl\":\"https:\/\/paracherkaoui.ma\/wp-content\/uploads\/2025\/12\/la-roche-posay-la-roche-posay-cicaplast-baume-reparateur-b5-100-ml-pommades-et-cremes-cicatrisantes.jpg\",\"datePublished\":\"2025-12-12T17:20:26+00:00\",\"dateModified\":\"2025-12-12T17:20:29+00:00\",\"breadcrumb\":{\"@id\":\"https:\/\/paracherkaoui.ma\/index.php\/produit\/la-roche-posay-cicaplast-baume-reparateur-b5-100-ml-3\/#breadcrumb\"},\"inLanguage\":\"fr-FR\",\"potentialAction\":[{\"@type\":\"ReadAction\",\"target\":[\"https:\/\/paracherkaoui.ma\/index.php\/produit\/la-roche-posay-cicaplast-baume-reparateur-b5-100-ml-3\/\"]}]},{\"@type\":\"ImageObject\",\"inLanguage\":\"fr-FR\",\"@id\":\"https:\/\/paracherkaoui.ma\/index.php\/produit\/la-roche-posay-cicaplast-baume-reparateur-b5-100-ml-3\/#primaryimage\",\"url\":\"https:\/\/paracherkaoui.ma\/wp-content\/uploads\/2025\/12\/la-roche-posay-la-roche-posay-cicaplast-baume-reparateur-b5-100-ml-pommades-et-cremes-cicatrisantes.jpg\",\"contentUrl\":\"https:\/\/paracherkaoui.ma\/wp-content\/uploads\/2025\/12\/la-roche-posay-la-roche-posay-cicaplast-baume-reparateur-b5-100-ml-pommades-et-cremes-cicatrisantes.jpg\",\"width\":700,\"height\":700},{\"@type\":\"BreadcrumbList\",\"@id\":\"https:\/\/paracherkaoui.ma\/index.php\/produit\/la-roche-posay-cicaplast-baume-reparateur-b5-100-ml-3\/#breadcrumb\",\"itemListElement\":[{\"@type\":\"ListItem\",\"position\":1,\"name\":\"Accueil\",\"item\":\"https:\/\/paracherkaoui.ma\/\"},{\"@type\":\"ListItem\",\"position\":2,\"name\":\"Boutique\",\"item\":\"https:\/\/paracherkaoui.ma\/index.php\/boutique\/\"},{\"@type\":\"ListItem\",\"position\":3,\"name\":\"LA ROCHE POSAY CICAPLAST BAUME REPARATEUR B5+ 100 ML\"}]},{\"@type\":\"WebSite\",\"@id\":\"https:\/\/paracherkaoui.ma\/#website\",\"url\":\"https:\/\/paracherkaoui.ma\/\",\"name\":\"Paracherkaoui.ma\",\"description\":\"Achetez en ligne sur Paracherkaoui.ma\",\"potentialAction\":[{\"@type\":\"SearchAction\",\"target\":{\"@type\":\"EntryPoint\",\"urlTemplate\":\"https:\/\/paracherkaoui.ma\/?s={search_term_string}\"},\"query-input\":{\"@type\":\"PropertyValueSpecification\",\"valueRequired\":true,\"valueName\":\"search_term_string\"}}],\"inLanguage\":\"fr-FR\"}]}<\/script>\r\n<!-- \/ Yoast SEO plugin. -->","yoast_head_json":{"title":"LA ROCHE POSAY CICAPLAST BAUME REPARATEUR B5+ 100 ML - Paracherkaoui.ma","robots":{"index":"index","follow":"follow","max-snippet":"max-snippet:-1","max-image-preview":"max-image-preview:large","max-video-preview":"max-video-preview:-1"},"canonical":"https:\/\/paracherkaoui.ma\/index.php\/produit\/la-roche-posay-cicaplast-baume-reparateur-b5-100-ml-3\/","og_locale":"fr_FR","og_type":"article","og_title":"LA ROCHE POSAY CICAPLAST BAUME REPARATEUR B5+ 100 ML - Paracherkaoui.ma","og_description":".elementor-91 .elementor-element.elementor-element-3bcd212 .elementor-accordion .elementor-tab-title{color:#000000;font-size:16px;}.elementor-91 .elementor-element.elementor-element-3bcd212 .elementor-accordion .elementor-tab-title.elementor-active{color:#06a594;}.elementor-91 .elementor-element.elementor-element-3bcd212 .elementor-accordion .elementor-tab-content{color:#000000;}.elementor-91 .elementor-element.elementor-element-5b5a0e88 .axps-swiper-slider .swiper-slide img{width:auto;}.elementor-91 .elementor-element.elementor-element-5b5a0e88 .wrapper-items:not(.swiper-container-initialized) .item{-ms-flex:0 0 calc(100%\/1);flex:0 0","og_url":"https:\/\/paracherkaoui.ma\/index.php\/produit\/la-roche-posay-cicaplast-baume-reparateur-b5-100-ml-3\/","og_site_name":"Paracherkaoui.ma","article_modified_time":"2025-12-12T17:20:29+00:00","og_image":[{"width":700,"height":700,"url":"https:\/\/paracherkaoui.ma\/wp-content\/uploads\/2025\/12\/la-roche-posay-la-roche-posay-cicaplast-baume-reparateur-b5-100-ml-pommades-et-cremes-cicatrisantes.jpg","type":"image\/jpeg"}],"twitter_card":"summary_large_image","twitter_misc":{"Dur\u00e9e de lecture estim\u00e9e":"4 minutes"},"schema":{"@context":"https:\/\/schema.org","@graph":[{"@type":"WebPage","@id":"https:\/\/paracherkaoui.ma\/index.php\/produit\/la-roche-posay-cicaplast-baume-reparateur-b5-100-ml-3\/","url":"https:\/\/paracherkaoui.ma\/index.php\/produit\/la-roche-posay-cicaplast-baume-reparateur-b5-100-ml-3\/","name":"LA ROCHE POSAY CICAPLAST BAUME REPARATEUR B5+ 100 ML - Paracherkaoui.ma","isPartOf":{"@id":"https:\/\/paracherkaoui.ma\/#website"},"primaryImageOfPage":{"@id":"https:\/\/paracherkaoui.ma\/index.php\/produit\/la-roche-posay-cicaplast-baume-reparateur-b5-100-ml-3\/#primaryimage"},"image":{"@id":"https:\/\/paracherkaoui.ma\/index.php\/produit\/la-roche-posay-cicaplast-baume-reparateur-b5-100-ml-3\/#primaryimage"},"thumbnailUrl":"https:\/\/paracherkaoui.ma\/wp-content\/uploads\/2025\/12\/la-roche-posay-la-roche-posay-cicaplast-baume-reparateur-b5-100-ml-pommades-et-cremes-cicatrisantes.jpg","datePublished":"2025-12-12T17:20:26+00:00","dateModified":"2025-12-12T17:20:29+00:00","breadcrumb":{"@id":"https:\/\/paracherkaoui.ma\/index.php\/produit\/la-roche-posay-cicaplast-baume-reparateur-b5-100-ml-3\/#breadcrumb"},"inLanguage":"fr-FR","potentialAction":[{"@type":"ReadAction","target":["https:\/\/paracherkaoui.ma\/index.php\/produit\/la-roche-posay-cicaplast-baume-reparateur-b5-100-ml-3\/"]}]},{"@type":"ImageObject","inLanguage":"fr-FR","@id":"https:\/\/paracherkaoui.ma\/index.php\/produit\/la-roche-posay-cicaplast-baume-reparateur-b5-100-ml-3\/#primaryimage","url":"https:\/\/paracherkaoui.ma\/wp-content\/uploads\/2025\/12\/la-roche-posay-la-roche-posay-cicaplast-baume-reparateur-b5-100-ml-pommades-et-cremes-cicatrisantes.jpg","contentUrl":"https:\/\/paracherkaoui.ma\/wp-content\/uploads\/2025\/12\/la-roche-posay-la-roche-posay-cicaplast-baume-reparateur-b5-100-ml-pommades-et-cremes-cicatrisantes.jpg","width":700,"height":700},{"@type":"BreadcrumbList","@id":"https:\/\/paracherkaoui.ma\/index.php\/produit\/la-roche-posay-cicaplast-baume-reparateur-b5-100-ml-3\/#breadcrumb","itemListElement":[{"@type":"ListItem","position":1,"name":"Accueil","item":"https:\/\/paracherkaoui.ma\/"},{"@type":"ListItem","position":2,"name":"Boutique","item":"https:\/\/paracherkaoui.ma\/index.php\/boutique\/"},{"@type":"ListItem","position":3,"name":"LA ROCHE POSAY CICAPLAST BAUME REPARATEUR B5+ 100 ML"}]},{"@type":"WebSite","@id":"https:\/\/paracherkaoui.ma\/#website","url":"https:\/\/paracherkaoui.ma\/","name":"Paracherkaoui.ma","description":"Achetez en ligne sur Paracherkaoui.ma","potentialAction":[{"@type":"SearchAction","target":{"@type":"EntryPoint","urlTemplate":"https:\/\/paracherkaoui.ma\/?s={search_term_string}"},"query-input":{"@type":"PropertyValueSpecification","valueRequired":true,"valueName":"search_term_string"}}],"inLanguage":"fr-FR"}]}},"_links":{"self":[{"href":"https:\/\/paracherkaoui.ma\/index.php\/wp-json\/wp\/v2\/product\/24416","targetHints":{"allow":["GET"]}}],"collection":[{"href":"https:\/\/paracherkaoui.ma\/index.php\/wp-json\/wp\/v2\/product"}],"about":[{"href":"https:\/\/paracherkaoui.ma\/index.php\/wp-json\/wp\/v2\/types\/product"}],"replies":[{"embeddable":true,"href":"https:\/\/paracherkaoui.ma\/index.php\/wp-json\/wp\/v2\/comments?post=24416"}],"version-history":[{"count":1,"href":"https:\/\/paracherkaoui.ma\/index.php\/wp-json\/wp\/v2\/product\/24416\/revisions"}],"predecessor-version":[{"id":24447,"href":"https:\/\/paracherkaoui.ma\/index.php\/wp-json\/wp\/v2\/product\/24416\/revisions\/24447"}],"wp:featuredmedia":[{"embeddable":true,"href":"https:\/\/paracherkaoui.ma\/index.php\/wp-json\/wp\/v2\/media\/13327"}],"wp:attachment":[{"href":"https:\/\/paracherkaoui.ma\/index.php\/wp-json\/wp\/v2\/media?parent=24416"}],"wp:term":[{"taxonomy":"product_brand","embeddable":true,"href":"https:\/\/paracherkaoui.ma\/index.php\/wp-json\/wp\/v2\/product_brand?post=24416"},{"taxonomy":"product_cat","embeddable":true,"href":"https:\/\/paracherkaoui.ma\/index.php\/wp-json\/wp\/v2\/product_cat?post=24416"},{"taxonomy":"product_tag","embeddable":true,"href":"https:\/\/paracherkaoui.ma\/index.php\/wp-json\/wp\/v2\/product_tag?post=24416"}],"curies":[{"name":"wp","href":"https:\/\/api.w.org\/{rel}","templated":true}]}}