{"id":24349,"date":"2025-12-12T18:20:20","date_gmt":"2025-12-12T17:20:20","guid":{"rendered":"https:\/\/test.ecbeaute.com\/?post_type=product&#038;p=24349"},"modified":"2025-12-12T18:20:24","modified_gmt":"2025-12-12T17:20:24","slug":"noreva-iklen-serum-sublim-perfect-30ml","status":"publish","type":"product","link":"https:\/\/paracherkaoui.ma\/index.php\/produit\/noreva-iklen-serum-sublim-perfect-30ml\/","title":{"rendered":"NOREVA IKLEN+ S\u00c9RUM SUBLIM PERFECT 30ml"},"content":{"rendered":"<p>Ce s\u00e9rum intensif, fortement concentr\u00e9 en actifs, offre une double action anti-\u00e2ge et anti-taches d\u00e8s l\u2019application. L\u2019association de ses actifs en fait un soin puissant id\u00e9al pour uniformiser le teint, aider \u00e0 corriger les taches existantes et \u00e0 pr\u00e9venir les taches naissantes g\u00e9n\u00e9r\u00e9es par le stress oxydatif. R\u00e9sultats : la peau est \u00e9clatante, les taches brunes diminuent, le teint est homog\u00e8ne et sublim\u00e9. Sa formule unique lui permet d\u2019agir tant au niveau intra qu\u2019extra cellulaire, pour une efficacit\u00e9 renforc\u00e9e sur tous les types de taches : photo-vieillissement cutan\u00e9 (lentigos), variations hormonales (masque de grossesse) ou r\u00e9actionnelles (hyperpigmentations post imperfections ou post traumatique (cicatrice), photosensibilisation m\u00e9dicamenteuse, etc<br \/>\nConseils d&rsquo;utilisation<br \/>\nAppliquer le S\u00e9rum sublim perfect, pendant 8 semaines minimum, matin et\/ou soir.<br \/>\nComposition<br \/>\nAQUA (WATER), BUTYLENE GLYCOL, GLYCERIN, DIPHENYLSILOXY PHENYL TRIMETHICONE, ALCOHOL, GLYCOSYL TREHALOSE, DIMETHICONE, PEG-75, HYDROGENATED STARCH HYDROLYSATE, PEG-150, PEG-32, PEG-6, 4-BUTYLRESORCINOL, ACRYLATES\/C10-30 ALKYL ACRYLATE CROSSPOLYMER, CARBOMER, POTASSIUM HYDROXIDE, SODIUM CITRATE, SORBITAN STEARATE, XANTHAN GUM, AESCULUS HIPPOCASTANUM (HORSE CHESTNUT) SEED EXTRACT, CITRIC ACID, SOPHORA ANGUSTIFOLIA ROOT EXTRACT, ACHILLEA MILLEFOLIUM EXTRACT.<\/p>\n","protected":false},"excerpt":{"rendered":"<p>Ce s\u00e9rum intensif, fortement concentr\u00e9 en actifs, offre une double action anti-\u00e2ge et anti-taches d\u00e8s l\u2019application. L\u2019association de ses actifs<\/p>\n","protected":false},"featured_media":24396,"comment_status":"open","ping_status":"closed","template":"","meta":[],"product_brand":[403],"product_cat":[496],"product_tag":[],"class_list":{"0":"post-24349","1":"product","2":"type-product","3":"status-publish","4":"has-post-thumbnail","6":"product_brand-noreva","7":"product_cat-premieres-rides","9":"first","10":"instock","11":"sale","12":"shipping-taxable","13":"purchasable","14":"product-type-simple"},"yoast_head":"<!-- This site is optimized with the Yoast SEO plugin v26.6 - https:\/\/yoast.com\/wordpress\/plugins\/seo\/ -->\r\n<title>NOREVA IKLEN+ S\u00c9RUM SUBLIM PERFECT 30ml - Paracherkaoui.ma<\/title>\r\n<meta name=\"robots\" content=\"index, follow, max-snippet:-1, max-image-preview:large, max-video-preview:-1\" \/>\r\n<link rel=\"canonical\" href=\"https:\/\/paracherkaoui.ma\/index.php\/produit\/noreva-iklen-serum-sublim-perfect-30ml\/\" \/>\r\n<meta property=\"og:locale\" content=\"fr_FR\" \/>\r\n<meta property=\"og:type\" content=\"article\" \/>\r\n<meta property=\"og:title\" content=\"NOREVA IKLEN+ S\u00c9RUM SUBLIM PERFECT 30ml - Paracherkaoui.ma\" \/>\r\n<meta property=\"og:description\" content=\"Ce s\u00e9rum intensif, fortement concentr\u00e9 en actifs, offre une double action anti-\u00e2ge et anti-taches d\u00e8s l\u2019application. L\u2019association de ses actifs\" \/>\r\n<meta property=\"og:url\" content=\"https:\/\/paracherkaoui.ma\/index.php\/produit\/noreva-iklen-serum-sublim-perfect-30ml\/\" \/>\r\n<meta property=\"og:site_name\" content=\"Paracherkaoui.ma\" \/>\r\n<meta property=\"article:modified_time\" content=\"2025-12-12T17:20:24+00:00\" \/>\r\n<meta property=\"og:image\" content=\"https:\/\/paracherkaoui.ma\/wp-content\/uploads\/2025\/12\/noreva-noreva-iklen-serum-sublim-perfect-30ml-soins-anti-age-et-anti-rides.jpg\" \/>\r\n\t<meta property=\"og:image:width\" content=\"700\" \/>\r\n\t<meta property=\"og:image:height\" content=\"700\" \/>\r\n\t<meta property=\"og:image:type\" content=\"image\/jpeg\" \/>\r\n<meta name=\"twitter:card\" content=\"summary_large_image\" \/>\r\n<meta name=\"twitter:label1\" content=\"Dur\u00e9e de lecture estim\u00e9e\" \/>\n\t<meta name=\"twitter:data1\" content=\"1 minute\" \/>\r\n<script type=\"application\/ld+json\" class=\"yoast-schema-graph\">{\"@context\":\"https:\/\/schema.org\",\"@graph\":[{\"@type\":\"WebPage\",\"@id\":\"https:\/\/paracherkaoui.ma\/index.php\/produit\/noreva-iklen-serum-sublim-perfect-30ml\/\",\"url\":\"https:\/\/paracherkaoui.ma\/index.php\/produit\/noreva-iklen-serum-sublim-perfect-30ml\/\",\"name\":\"NOREVA IKLEN+ S\u00c9RUM SUBLIM PERFECT 30ml - Paracherkaoui.ma\",\"isPartOf\":{\"@id\":\"https:\/\/paracherkaoui.ma\/#website\"},\"primaryImageOfPage\":{\"@id\":\"https:\/\/paracherkaoui.ma\/index.php\/produit\/noreva-iklen-serum-sublim-perfect-30ml\/#primaryimage\"},\"image\":{\"@id\":\"https:\/\/paracherkaoui.ma\/index.php\/produit\/noreva-iklen-serum-sublim-perfect-30ml\/#primaryimage\"},\"thumbnailUrl\":\"https:\/\/paracherkaoui.ma\/wp-content\/uploads\/2025\/12\/noreva-noreva-iklen-serum-sublim-perfect-30ml-soins-anti-age-et-anti-rides.jpg\",\"datePublished\":\"2025-12-12T17:20:20+00:00\",\"dateModified\":\"2025-12-12T17:20:24+00:00\",\"breadcrumb\":{\"@id\":\"https:\/\/paracherkaoui.ma\/index.php\/produit\/noreva-iklen-serum-sublim-perfect-30ml\/#breadcrumb\"},\"inLanguage\":\"fr-FR\",\"potentialAction\":[{\"@type\":\"ReadAction\",\"target\":[\"https:\/\/paracherkaoui.ma\/index.php\/produit\/noreva-iklen-serum-sublim-perfect-30ml\/\"]}]},{\"@type\":\"ImageObject\",\"inLanguage\":\"fr-FR\",\"@id\":\"https:\/\/paracherkaoui.ma\/index.php\/produit\/noreva-iklen-serum-sublim-perfect-30ml\/#primaryimage\",\"url\":\"https:\/\/paracherkaoui.ma\/wp-content\/uploads\/2025\/12\/noreva-noreva-iklen-serum-sublim-perfect-30ml-soins-anti-age-et-anti-rides.jpg\",\"contentUrl\":\"https:\/\/paracherkaoui.ma\/wp-content\/uploads\/2025\/12\/noreva-noreva-iklen-serum-sublim-perfect-30ml-soins-anti-age-et-anti-rides.jpg\",\"width\":700,\"height\":700},{\"@type\":\"BreadcrumbList\",\"@id\":\"https:\/\/paracherkaoui.ma\/index.php\/produit\/noreva-iklen-serum-sublim-perfect-30ml\/#breadcrumb\",\"itemListElement\":[{\"@type\":\"ListItem\",\"position\":1,\"name\":\"Accueil\",\"item\":\"https:\/\/paracherkaoui.ma\/\"},{\"@type\":\"ListItem\",\"position\":2,\"name\":\"Boutique\",\"item\":\"https:\/\/paracherkaoui.ma\/index.php\/boutique\/\"},{\"@type\":\"ListItem\",\"position\":3,\"name\":\"NOREVA IKLEN+ S\u00c9RUM SUBLIM PERFECT 30ml\"}]},{\"@type\":\"WebSite\",\"@id\":\"https:\/\/paracherkaoui.ma\/#website\",\"url\":\"https:\/\/paracherkaoui.ma\/\",\"name\":\"Paracherkaoui.ma\",\"description\":\"Achetez en ligne sur Paracherkaoui.ma\",\"potentialAction\":[{\"@type\":\"SearchAction\",\"target\":{\"@type\":\"EntryPoint\",\"urlTemplate\":\"https:\/\/paracherkaoui.ma\/?s={search_term_string}\"},\"query-input\":{\"@type\":\"PropertyValueSpecification\",\"valueRequired\":true,\"valueName\":\"search_term_string\"}}],\"inLanguage\":\"fr-FR\"}]}<\/script>\r\n<!-- \/ Yoast SEO plugin. -->","yoast_head_json":{"title":"NOREVA IKLEN+ S\u00c9RUM SUBLIM PERFECT 30ml - Paracherkaoui.ma","robots":{"index":"index","follow":"follow","max-snippet":"max-snippet:-1","max-image-preview":"max-image-preview:large","max-video-preview":"max-video-preview:-1"},"canonical":"https:\/\/paracherkaoui.ma\/index.php\/produit\/noreva-iklen-serum-sublim-perfect-30ml\/","og_locale":"fr_FR","og_type":"article","og_title":"NOREVA IKLEN+ S\u00c9RUM SUBLIM PERFECT 30ml - Paracherkaoui.ma","og_description":"Ce s\u00e9rum intensif, fortement concentr\u00e9 en actifs, offre une double action anti-\u00e2ge et anti-taches d\u00e8s l\u2019application. L\u2019association de ses actifs","og_url":"https:\/\/paracherkaoui.ma\/index.php\/produit\/noreva-iklen-serum-sublim-perfect-30ml\/","og_site_name":"Paracherkaoui.ma","article_modified_time":"2025-12-12T17:20:24+00:00","og_image":[{"width":700,"height":700,"url":"https:\/\/paracherkaoui.ma\/wp-content\/uploads\/2025\/12\/noreva-noreva-iklen-serum-sublim-perfect-30ml-soins-anti-age-et-anti-rides.jpg","type":"image\/jpeg"}],"twitter_card":"summary_large_image","twitter_misc":{"Dur\u00e9e de lecture estim\u00e9e":"1 minute"},"schema":{"@context":"https:\/\/schema.org","@graph":[{"@type":"WebPage","@id":"https:\/\/paracherkaoui.ma\/index.php\/produit\/noreva-iklen-serum-sublim-perfect-30ml\/","url":"https:\/\/paracherkaoui.ma\/index.php\/produit\/noreva-iklen-serum-sublim-perfect-30ml\/","name":"NOREVA IKLEN+ S\u00c9RUM SUBLIM PERFECT 30ml - Paracherkaoui.ma","isPartOf":{"@id":"https:\/\/paracherkaoui.ma\/#website"},"primaryImageOfPage":{"@id":"https:\/\/paracherkaoui.ma\/index.php\/produit\/noreva-iklen-serum-sublim-perfect-30ml\/#primaryimage"},"image":{"@id":"https:\/\/paracherkaoui.ma\/index.php\/produit\/noreva-iklen-serum-sublim-perfect-30ml\/#primaryimage"},"thumbnailUrl":"https:\/\/paracherkaoui.ma\/wp-content\/uploads\/2025\/12\/noreva-noreva-iklen-serum-sublim-perfect-30ml-soins-anti-age-et-anti-rides.jpg","datePublished":"2025-12-12T17:20:20+00:00","dateModified":"2025-12-12T17:20:24+00:00","breadcrumb":{"@id":"https:\/\/paracherkaoui.ma\/index.php\/produit\/noreva-iklen-serum-sublim-perfect-30ml\/#breadcrumb"},"inLanguage":"fr-FR","potentialAction":[{"@type":"ReadAction","target":["https:\/\/paracherkaoui.ma\/index.php\/produit\/noreva-iklen-serum-sublim-perfect-30ml\/"]}]},{"@type":"ImageObject","inLanguage":"fr-FR","@id":"https:\/\/paracherkaoui.ma\/index.php\/produit\/noreva-iklen-serum-sublim-perfect-30ml\/#primaryimage","url":"https:\/\/paracherkaoui.ma\/wp-content\/uploads\/2025\/12\/noreva-noreva-iklen-serum-sublim-perfect-30ml-soins-anti-age-et-anti-rides.jpg","contentUrl":"https:\/\/paracherkaoui.ma\/wp-content\/uploads\/2025\/12\/noreva-noreva-iklen-serum-sublim-perfect-30ml-soins-anti-age-et-anti-rides.jpg","width":700,"height":700},{"@type":"BreadcrumbList","@id":"https:\/\/paracherkaoui.ma\/index.php\/produit\/noreva-iklen-serum-sublim-perfect-30ml\/#breadcrumb","itemListElement":[{"@type":"ListItem","position":1,"name":"Accueil","item":"https:\/\/paracherkaoui.ma\/"},{"@type":"ListItem","position":2,"name":"Boutique","item":"https:\/\/paracherkaoui.ma\/index.php\/boutique\/"},{"@type":"ListItem","position":3,"name":"NOREVA IKLEN+ S\u00c9RUM SUBLIM PERFECT 30ml"}]},{"@type":"WebSite","@id":"https:\/\/paracherkaoui.ma\/#website","url":"https:\/\/paracherkaoui.ma\/","name":"Paracherkaoui.ma","description":"Achetez en ligne sur Paracherkaoui.ma","potentialAction":[{"@type":"SearchAction","target":{"@type":"EntryPoint","urlTemplate":"https:\/\/paracherkaoui.ma\/?s={search_term_string}"},"query-input":{"@type":"PropertyValueSpecification","valueRequired":true,"valueName":"search_term_string"}}],"inLanguage":"fr-FR"}]}},"_links":{"self":[{"href":"https:\/\/paracherkaoui.ma\/index.php\/wp-json\/wp\/v2\/product\/24349","targetHints":{"allow":["GET"]}}],"collection":[{"href":"https:\/\/paracherkaoui.ma\/index.php\/wp-json\/wp\/v2\/product"}],"about":[{"href":"https:\/\/paracherkaoui.ma\/index.php\/wp-json\/wp\/v2\/types\/product"}],"replies":[{"embeddable":true,"href":"https:\/\/paracherkaoui.ma\/index.php\/wp-json\/wp\/v2\/comments?post=24349"}],"version-history":[{"count":1,"href":"https:\/\/paracherkaoui.ma\/index.php\/wp-json\/wp\/v2\/product\/24349\/revisions"}],"predecessor-version":[{"id":24397,"href":"https:\/\/paracherkaoui.ma\/index.php\/wp-json\/wp\/v2\/product\/24349\/revisions\/24397"}],"wp:featuredmedia":[{"embeddable":true,"href":"https:\/\/paracherkaoui.ma\/index.php\/wp-json\/wp\/v2\/media\/24396"}],"wp:attachment":[{"href":"https:\/\/paracherkaoui.ma\/index.php\/wp-json\/wp\/v2\/media?parent=24349"}],"wp:term":[{"taxonomy":"product_brand","embeddable":true,"href":"https:\/\/paracherkaoui.ma\/index.php\/wp-json\/wp\/v2\/product_brand?post=24349"},{"taxonomy":"product_cat","embeddable":true,"href":"https:\/\/paracherkaoui.ma\/index.php\/wp-json\/wp\/v2\/product_cat?post=24349"},{"taxonomy":"product_tag","embeddable":true,"href":"https:\/\/paracherkaoui.ma\/index.php\/wp-json\/wp\/v2\/product_tag?post=24349"}],"curies":[{"name":"wp","href":"https:\/\/api.w.org\/{rel}","templated":true}]}}