{"id":24269,"date":"2025-12-12T18:20:12","date_gmt":"2025-12-12T17:20:12","guid":{"rendered":"https:\/\/test.ecbeaute.com\/?post_type=product&#038;p=24269"},"modified":"2025-12-12T18:20:18","modified_gmt":"2025-12-12T17:20:18","slug":"lsi-biotopix-specific-lifting-15g","status":"publish","type":"product","link":"https:\/\/paracherkaoui.ma\/index.php\/produit\/lsi-biotopix-specific-lifting-15g\/","title":{"rendered":"LSI Biotopix specific lifting 15g"},"content":{"rendered":"<p>Description:<br \/>\nBIOTOPIX Specific Lifting Facial Instantan\u00e9 est le s\u00e9rum anti-\u00e2ge ideal, restaurant instantan\u00e9ment la peau et assurant un effet tenseur imm\u00e9diat.BIOTOPIX Lifting Facial Instantan\u00e9, avec sa composition naturellement riche en prot\u00e9ines, min\u00e9raux, acides amin\u00e9s, contient un principe actif issu du lait de vache et convient \u00e0 tous types de peaux.<br \/>\nConseils d&rsquo;utilisation:<br \/>\nAppliquer de petites quantit\u00e9s de produit sur l\u2019ensemble du visage et du cou en commen\u00e7ant par la zone T du visage en allant vers les tempes. Etirer vers le front, de la ligne des sourcils vers l\u2019ext\u00e9rieur. Une petite quantit\u00e9 de produit est suffisante. Il est tr\u00e8s important d\u2019\u00e9viter toute expression du visage ou tout mouvement durant le s\u00e9chage du produit afin d\u2019obtenir un effet optimal. Laisser passer 5 minutes apr\u00e8s s\u00e9chage complet avant de maquiller.<\/p>\n","protected":false},"excerpt":{"rendered":"<p>Description: BIOTOPIX Specific Lifting Facial Instantan\u00e9 est le s\u00e9rum anti-\u00e2ge ideal, restaurant instantan\u00e9ment la peau et assurant un effet tenseur<\/p>\n","protected":false},"featured_media":24321,"comment_status":"open","ping_status":"closed","template":"","meta":[],"product_brand":[498],"product_cat":[496],"product_tag":[],"class_list":{"0":"post-24269","1":"product","2":"type-product","3":"status-publish","4":"has-post-thumbnail","6":"product_brand-lsi-silderma","7":"product_cat-premieres-rides","9":"first","10":"instock","11":"sale","12":"shipping-taxable","13":"purchasable","14":"product-type-simple"},"yoast_head":"<!-- This site is optimized with the Yoast SEO plugin v26.6 - https:\/\/yoast.com\/wordpress\/plugins\/seo\/ -->\r\n<title>LSI Biotopix specific lifting 15g - Paracherkaoui.ma<\/title>\r\n<meta name=\"robots\" content=\"index, follow, max-snippet:-1, max-image-preview:large, max-video-preview:-1\" \/>\r\n<link rel=\"canonical\" href=\"https:\/\/paracherkaoui.ma\/index.php\/produit\/lsi-biotopix-specific-lifting-15g\/\" \/>\r\n<meta property=\"og:locale\" content=\"fr_FR\" \/>\r\n<meta property=\"og:type\" content=\"article\" \/>\r\n<meta property=\"og:title\" content=\"LSI Biotopix specific lifting 15g - Paracherkaoui.ma\" \/>\r\n<meta property=\"og:description\" content=\"Description: BIOTOPIX Specific Lifting Facial Instantan\u00e9 est le s\u00e9rum anti-\u00e2ge ideal, restaurant instantan\u00e9ment la peau et assurant un effet tenseur\" \/>\r\n<meta property=\"og:url\" content=\"https:\/\/paracherkaoui.ma\/index.php\/produit\/lsi-biotopix-specific-lifting-15g\/\" \/>\r\n<meta property=\"og:site_name\" content=\"Paracherkaoui.ma\" \/>\r\n<meta property=\"article:modified_time\" content=\"2025-12-12T17:20:18+00:00\" \/>\r\n<meta property=\"og:image\" content=\"https:\/\/paracherkaoui.ma\/wp-content\/uploads\/2025\/12\/lsi-lsi-biotopix-specific-lifting-15g-premieres-rides.jpg\" \/>\r\n\t<meta property=\"og:image:width\" content=\"700\" \/>\r\n\t<meta property=\"og:image:height\" content=\"700\" \/>\r\n\t<meta property=\"og:image:type\" content=\"image\/jpeg\" \/>\r\n<meta name=\"twitter:card\" content=\"summary_large_image\" \/>\r\n<meta name=\"twitter:label1\" content=\"Dur\u00e9e de lecture estim\u00e9e\" \/>\n\t<meta name=\"twitter:data1\" content=\"1 minute\" \/>\r\n<script type=\"application\/ld+json\" class=\"yoast-schema-graph\">{\"@context\":\"https:\/\/schema.org\",\"@graph\":[{\"@type\":\"WebPage\",\"@id\":\"https:\/\/paracherkaoui.ma\/index.php\/produit\/lsi-biotopix-specific-lifting-15g\/\",\"url\":\"https:\/\/paracherkaoui.ma\/index.php\/produit\/lsi-biotopix-specific-lifting-15g\/\",\"name\":\"LSI Biotopix specific lifting 15g - Paracherkaoui.ma\",\"isPartOf\":{\"@id\":\"https:\/\/paracherkaoui.ma\/#website\"},\"primaryImageOfPage\":{\"@id\":\"https:\/\/paracherkaoui.ma\/index.php\/produit\/lsi-biotopix-specific-lifting-15g\/#primaryimage\"},\"image\":{\"@id\":\"https:\/\/paracherkaoui.ma\/index.php\/produit\/lsi-biotopix-specific-lifting-15g\/#primaryimage\"},\"thumbnailUrl\":\"https:\/\/paracherkaoui.ma\/wp-content\/uploads\/2025\/12\/lsi-lsi-biotopix-specific-lifting-15g-premieres-rides.jpg\",\"datePublished\":\"2025-12-12T17:20:12+00:00\",\"dateModified\":\"2025-12-12T17:20:18+00:00\",\"breadcrumb\":{\"@id\":\"https:\/\/paracherkaoui.ma\/index.php\/produit\/lsi-biotopix-specific-lifting-15g\/#breadcrumb\"},\"inLanguage\":\"fr-FR\",\"potentialAction\":[{\"@type\":\"ReadAction\",\"target\":[\"https:\/\/paracherkaoui.ma\/index.php\/produit\/lsi-biotopix-specific-lifting-15g\/\"]}]},{\"@type\":\"ImageObject\",\"inLanguage\":\"fr-FR\",\"@id\":\"https:\/\/paracherkaoui.ma\/index.php\/produit\/lsi-biotopix-specific-lifting-15g\/#primaryimage\",\"url\":\"https:\/\/paracherkaoui.ma\/wp-content\/uploads\/2025\/12\/lsi-lsi-biotopix-specific-lifting-15g-premieres-rides.jpg\",\"contentUrl\":\"https:\/\/paracherkaoui.ma\/wp-content\/uploads\/2025\/12\/lsi-lsi-biotopix-specific-lifting-15g-premieres-rides.jpg\",\"width\":700,\"height\":700},{\"@type\":\"BreadcrumbList\",\"@id\":\"https:\/\/paracherkaoui.ma\/index.php\/produit\/lsi-biotopix-specific-lifting-15g\/#breadcrumb\",\"itemListElement\":[{\"@type\":\"ListItem\",\"position\":1,\"name\":\"Accueil\",\"item\":\"https:\/\/paracherkaoui.ma\/\"},{\"@type\":\"ListItem\",\"position\":2,\"name\":\"Boutique\",\"item\":\"https:\/\/paracherkaoui.ma\/index.php\/boutique\/\"},{\"@type\":\"ListItem\",\"position\":3,\"name\":\"LSI Biotopix specific lifting 15g\"}]},{\"@type\":\"WebSite\",\"@id\":\"https:\/\/paracherkaoui.ma\/#website\",\"url\":\"https:\/\/paracherkaoui.ma\/\",\"name\":\"Paracherkaoui.ma\",\"description\":\"Achetez en ligne sur Paracherkaoui.ma\",\"potentialAction\":[{\"@type\":\"SearchAction\",\"target\":{\"@type\":\"EntryPoint\",\"urlTemplate\":\"https:\/\/paracherkaoui.ma\/?s={search_term_string}\"},\"query-input\":{\"@type\":\"PropertyValueSpecification\",\"valueRequired\":true,\"valueName\":\"search_term_string\"}}],\"inLanguage\":\"fr-FR\"}]}<\/script>\r\n<!-- \/ Yoast SEO plugin. -->","yoast_head_json":{"title":"LSI Biotopix specific lifting 15g - Paracherkaoui.ma","robots":{"index":"index","follow":"follow","max-snippet":"max-snippet:-1","max-image-preview":"max-image-preview:large","max-video-preview":"max-video-preview:-1"},"canonical":"https:\/\/paracherkaoui.ma\/index.php\/produit\/lsi-biotopix-specific-lifting-15g\/","og_locale":"fr_FR","og_type":"article","og_title":"LSI Biotopix specific lifting 15g - Paracherkaoui.ma","og_description":"Description: BIOTOPIX Specific Lifting Facial Instantan\u00e9 est le s\u00e9rum anti-\u00e2ge ideal, restaurant instantan\u00e9ment la peau et assurant un effet tenseur","og_url":"https:\/\/paracherkaoui.ma\/index.php\/produit\/lsi-biotopix-specific-lifting-15g\/","og_site_name":"Paracherkaoui.ma","article_modified_time":"2025-12-12T17:20:18+00:00","og_image":[{"width":700,"height":700,"url":"https:\/\/paracherkaoui.ma\/wp-content\/uploads\/2025\/12\/lsi-lsi-biotopix-specific-lifting-15g-premieres-rides.jpg","type":"image\/jpeg"}],"twitter_card":"summary_large_image","twitter_misc":{"Dur\u00e9e de lecture estim\u00e9e":"1 minute"},"schema":{"@context":"https:\/\/schema.org","@graph":[{"@type":"WebPage","@id":"https:\/\/paracherkaoui.ma\/index.php\/produit\/lsi-biotopix-specific-lifting-15g\/","url":"https:\/\/paracherkaoui.ma\/index.php\/produit\/lsi-biotopix-specific-lifting-15g\/","name":"LSI Biotopix specific lifting 15g - Paracherkaoui.ma","isPartOf":{"@id":"https:\/\/paracherkaoui.ma\/#website"},"primaryImageOfPage":{"@id":"https:\/\/paracherkaoui.ma\/index.php\/produit\/lsi-biotopix-specific-lifting-15g\/#primaryimage"},"image":{"@id":"https:\/\/paracherkaoui.ma\/index.php\/produit\/lsi-biotopix-specific-lifting-15g\/#primaryimage"},"thumbnailUrl":"https:\/\/paracherkaoui.ma\/wp-content\/uploads\/2025\/12\/lsi-lsi-biotopix-specific-lifting-15g-premieres-rides.jpg","datePublished":"2025-12-12T17:20:12+00:00","dateModified":"2025-12-12T17:20:18+00:00","breadcrumb":{"@id":"https:\/\/paracherkaoui.ma\/index.php\/produit\/lsi-biotopix-specific-lifting-15g\/#breadcrumb"},"inLanguage":"fr-FR","potentialAction":[{"@type":"ReadAction","target":["https:\/\/paracherkaoui.ma\/index.php\/produit\/lsi-biotopix-specific-lifting-15g\/"]}]},{"@type":"ImageObject","inLanguage":"fr-FR","@id":"https:\/\/paracherkaoui.ma\/index.php\/produit\/lsi-biotopix-specific-lifting-15g\/#primaryimage","url":"https:\/\/paracherkaoui.ma\/wp-content\/uploads\/2025\/12\/lsi-lsi-biotopix-specific-lifting-15g-premieres-rides.jpg","contentUrl":"https:\/\/paracherkaoui.ma\/wp-content\/uploads\/2025\/12\/lsi-lsi-biotopix-specific-lifting-15g-premieres-rides.jpg","width":700,"height":700},{"@type":"BreadcrumbList","@id":"https:\/\/paracherkaoui.ma\/index.php\/produit\/lsi-biotopix-specific-lifting-15g\/#breadcrumb","itemListElement":[{"@type":"ListItem","position":1,"name":"Accueil","item":"https:\/\/paracherkaoui.ma\/"},{"@type":"ListItem","position":2,"name":"Boutique","item":"https:\/\/paracherkaoui.ma\/index.php\/boutique\/"},{"@type":"ListItem","position":3,"name":"LSI Biotopix specific lifting 15g"}]},{"@type":"WebSite","@id":"https:\/\/paracherkaoui.ma\/#website","url":"https:\/\/paracherkaoui.ma\/","name":"Paracherkaoui.ma","description":"Achetez en ligne sur Paracherkaoui.ma","potentialAction":[{"@type":"SearchAction","target":{"@type":"EntryPoint","urlTemplate":"https:\/\/paracherkaoui.ma\/?s={search_term_string}"},"query-input":{"@type":"PropertyValueSpecification","valueRequired":true,"valueName":"search_term_string"}}],"inLanguage":"fr-FR"}]}},"_links":{"self":[{"href":"https:\/\/paracherkaoui.ma\/index.php\/wp-json\/wp\/v2\/product\/24269","targetHints":{"allow":["GET"]}}],"collection":[{"href":"https:\/\/paracherkaoui.ma\/index.php\/wp-json\/wp\/v2\/product"}],"about":[{"href":"https:\/\/paracherkaoui.ma\/index.php\/wp-json\/wp\/v2\/types\/product"}],"replies":[{"embeddable":true,"href":"https:\/\/paracherkaoui.ma\/index.php\/wp-json\/wp\/v2\/comments?post=24269"}],"version-history":[{"count":1,"href":"https:\/\/paracherkaoui.ma\/index.php\/wp-json\/wp\/v2\/product\/24269\/revisions"}],"predecessor-version":[{"id":24322,"href":"https:\/\/paracherkaoui.ma\/index.php\/wp-json\/wp\/v2\/product\/24269\/revisions\/24322"}],"wp:featuredmedia":[{"embeddable":true,"href":"https:\/\/paracherkaoui.ma\/index.php\/wp-json\/wp\/v2\/media\/24321"}],"wp:attachment":[{"href":"https:\/\/paracherkaoui.ma\/index.php\/wp-json\/wp\/v2\/media?parent=24269"}],"wp:term":[{"taxonomy":"product_brand","embeddable":true,"href":"https:\/\/paracherkaoui.ma\/index.php\/wp-json\/wp\/v2\/product_brand?post=24269"},{"taxonomy":"product_cat","embeddable":true,"href":"https:\/\/paracherkaoui.ma\/index.php\/wp-json\/wp\/v2\/product_cat?post=24269"},{"taxonomy":"product_tag","embeddable":true,"href":"https:\/\/paracherkaoui.ma\/index.php\/wp-json\/wp\/v2\/product_tag?post=24269"}],"curies":[{"name":"wp","href":"https:\/\/api.w.org\/{rel}","templated":true}]}}