{"id":24254,"date":"2025-12-12T18:20:11","date_gmt":"2025-12-12T17:20:11","guid":{"rendered":"https:\/\/test.ecbeaute.com\/?post_type=product&#038;p=24254"},"modified":"2025-12-12T18:20:15","modified_gmt":"2025-12-12T17:20:15","slug":"patyka-lift-essentiel-creme-rose-lift-eclat-fermete-50-ml","status":"publish","type":"product","link":"https:\/\/paracherkaoui.ma\/index.php\/produit\/patyka-lift-essentiel-creme-rose-lift-eclat-fermete-50-ml\/","title":{"rendered":"PATYKA LIFT ESSENTIEL CREME ROSE LIFT ECLAT FERMETE 50 ML"},"content":{"rendered":"<p>Votre peau manque de fermet\u00e9, les rides s&rsquo;installent, et votre teint semble terne ou gris, perdant son \u00e9clat naturel ? La Cr\u00e8me Fermet\u00e9 Rose Lift Luminosit\u00e9 PATYKA Lift Essentiel est la r\u00e9ponse \u00e0 vos d\u00e9sirs d&rsquo;une peau visiblement plus jeune et rayonnante. D\u00e8s l&rsquo;application, sa texture d\u00e9licatement ros\u00e9e enveloppe votre peau d&rsquo;un voile de confort et de lumi\u00e8re.<br \/>\nCe soin exceptionnel concentre toute l&rsquo;efficacit\u00e9 anti-\u00e2ge de la collection Lift Essentiel, une gamme reconnue pour ses prouesses. Il offre une triple correction anti-\u00e2ge cibl\u00e9e :<br \/>\nR\u00e9duit les rides : Il agit en profondeur pour lisser l&rsquo;apparence des rides et ridules, offrant une peau visiblement plus jeune et plus douce.<br \/>\nRaffermit la peau : Il renforce la structure cutan\u00e9e, am\u00e9liorant la fermet\u00e9 et l&rsquo;\u00e9lasticit\u00e9 pour un ovale du visage mieux d\u00e9fini.<br \/>\nRavive son \u00e9clat : Il illumine le teint, dissipant la grisaille et la fatigue pour une peau \u00e9clatante de vitalit\u00e9.<br \/>\nLe secret de cette triple action r\u00e9side dans l&rsquo;association puissante de l&rsquo;Ang\u00e9lique, connue pour son pouvoir revitalisant, et du R\u00e9tinol v\u00e9g\u00e9tal, un actif anti-\u00e2ge naturel qui agit efficacement contre les signes du temps. Cette synergie est renforc\u00e9e par une double action booster d&rsquo;\u00e9clat. La formule est enrichie en pigments roses qui subliment instantan\u00e9ment la peau, r\u00e9veillant les teints ternes et gris de toutes les carnations pour un \u00e9clat imm\u00e9diat et sain. C&rsquo;est comme une bonne mine instantan\u00e9e !<br \/>\nConseils d&rsquo;utilisation :<br \/>\nAppliquez la cr\u00e8me sur une peau propre et s\u00e8che, apr\u00e8s votre s\u00e9rum Lift Essentiel ou votre s\u00e9rum habituel.<\/p>\n","protected":false},"excerpt":{"rendered":"<p>Votre peau manque de fermet\u00e9, les rides s&rsquo;installent, et votre teint semble terne ou gris, perdant son \u00e9clat naturel ?<\/p>\n","protected":false},"featured_media":24295,"comment_status":"open","ping_status":"closed","template":"","meta":[],"product_brand":[443],"product_cat":[496],"product_tag":[],"class_list":{"0":"post-24254","1":"product","2":"type-product","3":"status-publish","4":"has-post-thumbnail","6":"product_brand-patyka","7":"product_cat-premieres-rides","9":"first","10":"instock","11":"sale","12":"shipping-taxable","13":"purchasable","14":"product-type-simple"},"yoast_head":"<!-- This site is optimized with the Yoast SEO plugin v26.6 - https:\/\/yoast.com\/wordpress\/plugins\/seo\/ -->\r\n<title>PATYKA LIFT ESSENTIEL CREME ROSE LIFT ECLAT FERMETE 50 ML - Paracherkaoui.ma<\/title>\r\n<meta name=\"robots\" content=\"index, follow, max-snippet:-1, max-image-preview:large, max-video-preview:-1\" \/>\r\n<link rel=\"canonical\" href=\"https:\/\/paracherkaoui.ma\/index.php\/produit\/patyka-lift-essentiel-creme-rose-lift-eclat-fermete-50-ml\/\" \/>\r\n<meta property=\"og:locale\" content=\"fr_FR\" \/>\r\n<meta property=\"og:type\" content=\"article\" \/>\r\n<meta property=\"og:title\" content=\"PATYKA LIFT ESSENTIEL CREME ROSE LIFT ECLAT FERMETE 50 ML - Paracherkaoui.ma\" \/>\r\n<meta property=\"og:description\" content=\"Votre peau manque de fermet\u00e9, les rides s&rsquo;installent, et votre teint semble terne ou gris, perdant son \u00e9clat naturel ?\" \/>\r\n<meta property=\"og:url\" content=\"https:\/\/paracherkaoui.ma\/index.php\/produit\/patyka-lift-essentiel-creme-rose-lift-eclat-fermete-50-ml\/\" \/>\r\n<meta property=\"og:site_name\" content=\"Paracherkaoui.ma\" \/>\r\n<meta property=\"article:modified_time\" content=\"2025-12-12T17:20:15+00:00\" \/>\r\n<meta property=\"og:image\" content=\"https:\/\/paracherkaoui.ma\/wp-content\/uploads\/2025\/12\/patyka-patyka-lift-essentiel-creme-rose-lift-eclat-fermete-50-ml-premieres-rides.jpg\" \/>\r\n\t<meta property=\"og:image:width\" content=\"700\" \/>\r\n\t<meta property=\"og:image:height\" content=\"700\" \/>\r\n\t<meta property=\"og:image:type\" content=\"image\/jpeg\" \/>\r\n<meta name=\"twitter:card\" content=\"summary_large_image\" \/>\r\n<meta name=\"twitter:label1\" content=\"Dur\u00e9e de lecture estim\u00e9e\" \/>\n\t<meta name=\"twitter:data1\" content=\"1 minute\" \/>\r\n<script type=\"application\/ld+json\" class=\"yoast-schema-graph\">{\"@context\":\"https:\/\/schema.org\",\"@graph\":[{\"@type\":\"WebPage\",\"@id\":\"https:\/\/paracherkaoui.ma\/index.php\/produit\/patyka-lift-essentiel-creme-rose-lift-eclat-fermete-50-ml\/\",\"url\":\"https:\/\/paracherkaoui.ma\/index.php\/produit\/patyka-lift-essentiel-creme-rose-lift-eclat-fermete-50-ml\/\",\"name\":\"PATYKA LIFT ESSENTIEL CREME ROSE LIFT ECLAT FERMETE 50 ML - Paracherkaoui.ma\",\"isPartOf\":{\"@id\":\"https:\/\/paracherkaoui.ma\/#website\"},\"primaryImageOfPage\":{\"@id\":\"https:\/\/paracherkaoui.ma\/index.php\/produit\/patyka-lift-essentiel-creme-rose-lift-eclat-fermete-50-ml\/#primaryimage\"},\"image\":{\"@id\":\"https:\/\/paracherkaoui.ma\/index.php\/produit\/patyka-lift-essentiel-creme-rose-lift-eclat-fermete-50-ml\/#primaryimage\"},\"thumbnailUrl\":\"https:\/\/paracherkaoui.ma\/wp-content\/uploads\/2025\/12\/patyka-patyka-lift-essentiel-creme-rose-lift-eclat-fermete-50-ml-premieres-rides.jpg\",\"datePublished\":\"2025-12-12T17:20:11+00:00\",\"dateModified\":\"2025-12-12T17:20:15+00:00\",\"breadcrumb\":{\"@id\":\"https:\/\/paracherkaoui.ma\/index.php\/produit\/patyka-lift-essentiel-creme-rose-lift-eclat-fermete-50-ml\/#breadcrumb\"},\"inLanguage\":\"fr-FR\",\"potentialAction\":[{\"@type\":\"ReadAction\",\"target\":[\"https:\/\/paracherkaoui.ma\/index.php\/produit\/patyka-lift-essentiel-creme-rose-lift-eclat-fermete-50-ml\/\"]}]},{\"@type\":\"ImageObject\",\"inLanguage\":\"fr-FR\",\"@id\":\"https:\/\/paracherkaoui.ma\/index.php\/produit\/patyka-lift-essentiel-creme-rose-lift-eclat-fermete-50-ml\/#primaryimage\",\"url\":\"https:\/\/paracherkaoui.ma\/wp-content\/uploads\/2025\/12\/patyka-patyka-lift-essentiel-creme-rose-lift-eclat-fermete-50-ml-premieres-rides.jpg\",\"contentUrl\":\"https:\/\/paracherkaoui.ma\/wp-content\/uploads\/2025\/12\/patyka-patyka-lift-essentiel-creme-rose-lift-eclat-fermete-50-ml-premieres-rides.jpg\",\"width\":700,\"height\":700},{\"@type\":\"BreadcrumbList\",\"@id\":\"https:\/\/paracherkaoui.ma\/index.php\/produit\/patyka-lift-essentiel-creme-rose-lift-eclat-fermete-50-ml\/#breadcrumb\",\"itemListElement\":[{\"@type\":\"ListItem\",\"position\":1,\"name\":\"Accueil\",\"item\":\"https:\/\/paracherkaoui.ma\/\"},{\"@type\":\"ListItem\",\"position\":2,\"name\":\"Boutique\",\"item\":\"https:\/\/paracherkaoui.ma\/index.php\/boutique\/\"},{\"@type\":\"ListItem\",\"position\":3,\"name\":\"PATYKA LIFT ESSENTIEL CREME ROSE LIFT ECLAT FERMETE 50 ML\"}]},{\"@type\":\"WebSite\",\"@id\":\"https:\/\/paracherkaoui.ma\/#website\",\"url\":\"https:\/\/paracherkaoui.ma\/\",\"name\":\"Paracherkaoui.ma\",\"description\":\"Achetez en ligne sur Paracherkaoui.ma\",\"potentialAction\":[{\"@type\":\"SearchAction\",\"target\":{\"@type\":\"EntryPoint\",\"urlTemplate\":\"https:\/\/paracherkaoui.ma\/?s={search_term_string}\"},\"query-input\":{\"@type\":\"PropertyValueSpecification\",\"valueRequired\":true,\"valueName\":\"search_term_string\"}}],\"inLanguage\":\"fr-FR\"}]}<\/script>\r\n<!-- \/ Yoast SEO plugin. -->","yoast_head_json":{"title":"PATYKA LIFT ESSENTIEL CREME ROSE LIFT ECLAT FERMETE 50 ML - Paracherkaoui.ma","robots":{"index":"index","follow":"follow","max-snippet":"max-snippet:-1","max-image-preview":"max-image-preview:large","max-video-preview":"max-video-preview:-1"},"canonical":"https:\/\/paracherkaoui.ma\/index.php\/produit\/patyka-lift-essentiel-creme-rose-lift-eclat-fermete-50-ml\/","og_locale":"fr_FR","og_type":"article","og_title":"PATYKA LIFT ESSENTIEL CREME ROSE LIFT ECLAT FERMETE 50 ML - Paracherkaoui.ma","og_description":"Votre peau manque de fermet\u00e9, les rides s&rsquo;installent, et votre teint semble terne ou gris, perdant son \u00e9clat naturel ?","og_url":"https:\/\/paracherkaoui.ma\/index.php\/produit\/patyka-lift-essentiel-creme-rose-lift-eclat-fermete-50-ml\/","og_site_name":"Paracherkaoui.ma","article_modified_time":"2025-12-12T17:20:15+00:00","og_image":[{"width":700,"height":700,"url":"https:\/\/paracherkaoui.ma\/wp-content\/uploads\/2025\/12\/patyka-patyka-lift-essentiel-creme-rose-lift-eclat-fermete-50-ml-premieres-rides.jpg","type":"image\/jpeg"}],"twitter_card":"summary_large_image","twitter_misc":{"Dur\u00e9e de lecture estim\u00e9e":"1 minute"},"schema":{"@context":"https:\/\/schema.org","@graph":[{"@type":"WebPage","@id":"https:\/\/paracherkaoui.ma\/index.php\/produit\/patyka-lift-essentiel-creme-rose-lift-eclat-fermete-50-ml\/","url":"https:\/\/paracherkaoui.ma\/index.php\/produit\/patyka-lift-essentiel-creme-rose-lift-eclat-fermete-50-ml\/","name":"PATYKA LIFT ESSENTIEL CREME ROSE LIFT ECLAT FERMETE 50 ML - Paracherkaoui.ma","isPartOf":{"@id":"https:\/\/paracherkaoui.ma\/#website"},"primaryImageOfPage":{"@id":"https:\/\/paracherkaoui.ma\/index.php\/produit\/patyka-lift-essentiel-creme-rose-lift-eclat-fermete-50-ml\/#primaryimage"},"image":{"@id":"https:\/\/paracherkaoui.ma\/index.php\/produit\/patyka-lift-essentiel-creme-rose-lift-eclat-fermete-50-ml\/#primaryimage"},"thumbnailUrl":"https:\/\/paracherkaoui.ma\/wp-content\/uploads\/2025\/12\/patyka-patyka-lift-essentiel-creme-rose-lift-eclat-fermete-50-ml-premieres-rides.jpg","datePublished":"2025-12-12T17:20:11+00:00","dateModified":"2025-12-12T17:20:15+00:00","breadcrumb":{"@id":"https:\/\/paracherkaoui.ma\/index.php\/produit\/patyka-lift-essentiel-creme-rose-lift-eclat-fermete-50-ml\/#breadcrumb"},"inLanguage":"fr-FR","potentialAction":[{"@type":"ReadAction","target":["https:\/\/paracherkaoui.ma\/index.php\/produit\/patyka-lift-essentiel-creme-rose-lift-eclat-fermete-50-ml\/"]}]},{"@type":"ImageObject","inLanguage":"fr-FR","@id":"https:\/\/paracherkaoui.ma\/index.php\/produit\/patyka-lift-essentiel-creme-rose-lift-eclat-fermete-50-ml\/#primaryimage","url":"https:\/\/paracherkaoui.ma\/wp-content\/uploads\/2025\/12\/patyka-patyka-lift-essentiel-creme-rose-lift-eclat-fermete-50-ml-premieres-rides.jpg","contentUrl":"https:\/\/paracherkaoui.ma\/wp-content\/uploads\/2025\/12\/patyka-patyka-lift-essentiel-creme-rose-lift-eclat-fermete-50-ml-premieres-rides.jpg","width":700,"height":700},{"@type":"BreadcrumbList","@id":"https:\/\/paracherkaoui.ma\/index.php\/produit\/patyka-lift-essentiel-creme-rose-lift-eclat-fermete-50-ml\/#breadcrumb","itemListElement":[{"@type":"ListItem","position":1,"name":"Accueil","item":"https:\/\/paracherkaoui.ma\/"},{"@type":"ListItem","position":2,"name":"Boutique","item":"https:\/\/paracherkaoui.ma\/index.php\/boutique\/"},{"@type":"ListItem","position":3,"name":"PATYKA LIFT ESSENTIEL CREME ROSE LIFT ECLAT FERMETE 50 ML"}]},{"@type":"WebSite","@id":"https:\/\/paracherkaoui.ma\/#website","url":"https:\/\/paracherkaoui.ma\/","name":"Paracherkaoui.ma","description":"Achetez en ligne sur Paracherkaoui.ma","potentialAction":[{"@type":"SearchAction","target":{"@type":"EntryPoint","urlTemplate":"https:\/\/paracherkaoui.ma\/?s={search_term_string}"},"query-input":{"@type":"PropertyValueSpecification","valueRequired":true,"valueName":"search_term_string"}}],"inLanguage":"fr-FR"}]}},"_links":{"self":[{"href":"https:\/\/paracherkaoui.ma\/index.php\/wp-json\/wp\/v2\/product\/24254","targetHints":{"allow":["GET"]}}],"collection":[{"href":"https:\/\/paracherkaoui.ma\/index.php\/wp-json\/wp\/v2\/product"}],"about":[{"href":"https:\/\/paracherkaoui.ma\/index.php\/wp-json\/wp\/v2\/types\/product"}],"replies":[{"embeddable":true,"href":"https:\/\/paracherkaoui.ma\/index.php\/wp-json\/wp\/v2\/comments?post=24254"}],"version-history":[{"count":1,"href":"https:\/\/paracherkaoui.ma\/index.php\/wp-json\/wp\/v2\/product\/24254\/revisions"}],"predecessor-version":[{"id":24296,"href":"https:\/\/paracherkaoui.ma\/index.php\/wp-json\/wp\/v2\/product\/24254\/revisions\/24296"}],"wp:featuredmedia":[{"embeddable":true,"href":"https:\/\/paracherkaoui.ma\/index.php\/wp-json\/wp\/v2\/media\/24295"}],"wp:attachment":[{"href":"https:\/\/paracherkaoui.ma\/index.php\/wp-json\/wp\/v2\/media?parent=24254"}],"wp:term":[{"taxonomy":"product_brand","embeddable":true,"href":"https:\/\/paracherkaoui.ma\/index.php\/wp-json\/wp\/v2\/product_brand?post=24254"},{"taxonomy":"product_cat","embeddable":true,"href":"https:\/\/paracherkaoui.ma\/index.php\/wp-json\/wp\/v2\/product_cat?post=24254"},{"taxonomy":"product_tag","embeddable":true,"href":"https:\/\/paracherkaoui.ma\/index.php\/wp-json\/wp\/v2\/product_tag?post=24254"}],"curies":[{"name":"wp","href":"https:\/\/api.w.org\/{rel}","templated":true}]}}