{"id":24243,"date":"2025-12-12T18:20:10","date_gmt":"2025-12-12T17:20:10","guid":{"rendered":"https:\/\/test.ecbeaute.com\/?post_type=product&#038;p=24243"},"modified":"2025-12-12T18:20:12","modified_gmt":"2025-12-12T17:20:12","slug":"niacinaz-creme-pure-niacihyal-30ml","status":"publish","type":"product","link":"https:\/\/paracherkaoui.ma\/index.php\/produit\/niacinaz-creme-pure-niacihyal-30ml\/","title":{"rendered":"NIACINAZ CREME PURE NIACIHYAL++ 30ML"},"content":{"rendered":"<p>D\u00e9couvrez NiacinAZ NiaciHyal++ Cr\u00e8me Pure 30ml, un v\u00e9ritable \u00e9lixir de jeunesse pour votre peau ! Gr\u00e2ce \u00e0 sa formule enrichie en acide hyaluronique, en niacinamide et en vitamine E, cette cr\u00e8me cible efficacement les signes du vieillissement cutan\u00e9. L\u2019acide hyaluronique hydrate en profondeur en retenant jusqu\u2019\u00e0 1000 fois son poids en eau, tout en stimulant le collag\u00e8ne pour une peau visiblement plus ferme et des rides estomp\u00e9es. La niacinamide renforce la barri\u00e8re cutan\u00e9e, resserre les pores, r\u00e9gule le s\u00e9bum et am\u00e9liore l\u2019\u00e9lasticit\u00e9 de la peau, r\u00e9duisant ainsi les imperfections et les signes de fatigue. Enfin, la vitamine E offre une puissante protection antioxydante en luttant contre les radicaux libres et en pr\u00e9venant le vieillissement pr\u00e9matur\u00e9.<br \/>\nCette cr\u00e8me agit comme un bouclier contre les agressions ext\u00e9rieures telles que les rayons UV et la pollution, tout en procurant une hydratation intense et durable. Parfaitement adapt\u00e9e \u00e0 toutes les peaux, elle laisse le teint lumineux, lisse et revitalis\u00e9. Que vous souhaitiez pr\u00e9venir les premi\u00e8res rides ou att\u00e9nuer les signes visibles de l\u2019\u00e2ge, la NiacinAZ NiaciHyal++ Cr\u00e8me Pure est le soin anti-\u00e2ge par excellence pour une peau \u00e9clatante de sant\u00e9 et de jeunesse.<br \/>\nConseils d&rsquo;utilisation :<br \/>\nAppliquez une noisette de cr\u00e8me matin et soir sur une peau propre et s\u00e8che.<br \/>\nComposition :<br \/>\nACIDE HYALURONIQUE: stimule le collag\u00e8ne, il permet de retarder le vieillissement cutan\u00e9. La peau est visiblement plus ferme. Lisse les rides et les ridules. Se pr\u00e9sente comme barri\u00e8re efficace vis-\u00e0-vis de l\u2019ext\u00e9rieur (UV, pollution, etc.), Hydratant et humectant hors du commun (il est capable de retenir 1000 fois son poids en eau). R\u00e9gule la praduction de s\u00eabum<br \/>\nNIACINAMIDE: R\u00e9duit les signes du vieillissement. Am\u00e9liore l\u2019\u00e9lasticit\u00e9 de la peau. Augmente is production de collagene. Elle r\u00e9gule la production de s\u00e9burn. R\u00e9duit l\u2019apparition des boutons. Resserre les pores.<br \/>\nVITAMINE E: Assure une r\u00e9duction de l\u2019action des radicaux libres. Pr\u00e9vient le vieillissement pr\u00e9matur\u00e9. Renforce la barri\u00e8re lipidique cutan\u00e9e. Anti oxydantes. Pr\u00e9vient le vieillissement pr\u00e9matur\u00e9 de la peau. Associ\u00e9e avec l\u2019acide hyaluronique elle joue un r\u00f4le de boosteur pour une action antiride renforc\u00e9e<\/p>\n","protected":false},"excerpt":{"rendered":"<p>D\u00e9couvrez NiacinAZ NiaciHyal++ Cr\u00e8me Pure 30ml, un v\u00e9ritable \u00e9lixir de jeunesse pour votre peau ! Gr\u00e2ce \u00e0 sa formule enrichie<\/p>\n","protected":false},"featured_media":24273,"comment_status":"open","ping_status":"closed","template":"","meta":[],"product_brand":[442],"product_cat":[496],"product_tag":[],"class_list":{"0":"post-24243","1":"product","2":"type-product","3":"status-publish","4":"has-post-thumbnail","6":"product_brand-niacinaz","7":"product_cat-premieres-rides","9":"first","10":"instock","11":"sale","12":"shipping-taxable","13":"purchasable","14":"product-type-simple"},"yoast_head":"<!-- This site is optimized with the Yoast SEO plugin v26.6 - https:\/\/yoast.com\/wordpress\/plugins\/seo\/ -->\r\n<title>NIACINAZ CREME PURE NIACIHYAL++ 30ML - Paracherkaoui.ma<\/title>\r\n<meta name=\"robots\" content=\"index, follow, max-snippet:-1, max-image-preview:large, max-video-preview:-1\" \/>\r\n<link rel=\"canonical\" href=\"https:\/\/paracherkaoui.ma\/index.php\/produit\/niacinaz-creme-pure-niacihyal-30ml\/\" \/>\r\n<meta property=\"og:locale\" content=\"fr_FR\" \/>\r\n<meta property=\"og:type\" content=\"article\" \/>\r\n<meta property=\"og:title\" content=\"NIACINAZ CREME PURE NIACIHYAL++ 30ML - Paracherkaoui.ma\" \/>\r\n<meta property=\"og:description\" content=\"D\u00e9couvrez NiacinAZ NiaciHyal++ Cr\u00e8me Pure 30ml, un v\u00e9ritable \u00e9lixir de jeunesse pour votre peau ! Gr\u00e2ce \u00e0 sa formule enrichie\" \/>\r\n<meta property=\"og:url\" content=\"https:\/\/paracherkaoui.ma\/index.php\/produit\/niacinaz-creme-pure-niacihyal-30ml\/\" \/>\r\n<meta property=\"og:site_name\" content=\"Paracherkaoui.ma\" \/>\r\n<meta property=\"article:modified_time\" content=\"2025-12-12T17:20:12+00:00\" \/>\r\n<meta property=\"og:image\" content=\"https:\/\/paracherkaoui.ma\/wp-content\/uploads\/2025\/12\/niacinaz-creme-pure-niacihyal-30ml.jpg\" \/>\r\n\t<meta property=\"og:image:width\" content=\"700\" \/>\r\n\t<meta property=\"og:image:height\" content=\"700\" \/>\r\n\t<meta property=\"og:image:type\" content=\"image\/jpeg\" \/>\r\n<meta name=\"twitter:card\" content=\"summary_large_image\" \/>\r\n<meta name=\"twitter:label1\" content=\"Dur\u00e9e de lecture estim\u00e9e\" \/>\n\t<meta name=\"twitter:data1\" content=\"2 minutes\" \/>\r\n<script type=\"application\/ld+json\" class=\"yoast-schema-graph\">{\"@context\":\"https:\/\/schema.org\",\"@graph\":[{\"@type\":\"WebPage\",\"@id\":\"https:\/\/paracherkaoui.ma\/index.php\/produit\/niacinaz-creme-pure-niacihyal-30ml\/\",\"url\":\"https:\/\/paracherkaoui.ma\/index.php\/produit\/niacinaz-creme-pure-niacihyal-30ml\/\",\"name\":\"NIACINAZ CREME PURE NIACIHYAL++ 30ML - Paracherkaoui.ma\",\"isPartOf\":{\"@id\":\"https:\/\/paracherkaoui.ma\/#website\"},\"primaryImageOfPage\":{\"@id\":\"https:\/\/paracherkaoui.ma\/index.php\/produit\/niacinaz-creme-pure-niacihyal-30ml\/#primaryimage\"},\"image\":{\"@id\":\"https:\/\/paracherkaoui.ma\/index.php\/produit\/niacinaz-creme-pure-niacihyal-30ml\/#primaryimage\"},\"thumbnailUrl\":\"https:\/\/paracherkaoui.ma\/wp-content\/uploads\/2025\/12\/niacinaz-creme-pure-niacihyal-30ml.jpg\",\"datePublished\":\"2025-12-12T17:20:10+00:00\",\"dateModified\":\"2025-12-12T17:20:12+00:00\",\"breadcrumb\":{\"@id\":\"https:\/\/paracherkaoui.ma\/index.php\/produit\/niacinaz-creme-pure-niacihyal-30ml\/#breadcrumb\"},\"inLanguage\":\"fr-FR\",\"potentialAction\":[{\"@type\":\"ReadAction\",\"target\":[\"https:\/\/paracherkaoui.ma\/index.php\/produit\/niacinaz-creme-pure-niacihyal-30ml\/\"]}]},{\"@type\":\"ImageObject\",\"inLanguage\":\"fr-FR\",\"@id\":\"https:\/\/paracherkaoui.ma\/index.php\/produit\/niacinaz-creme-pure-niacihyal-30ml\/#primaryimage\",\"url\":\"https:\/\/paracherkaoui.ma\/wp-content\/uploads\/2025\/12\/niacinaz-creme-pure-niacihyal-30ml.jpg\",\"contentUrl\":\"https:\/\/paracherkaoui.ma\/wp-content\/uploads\/2025\/12\/niacinaz-creme-pure-niacihyal-30ml.jpg\",\"width\":700,\"height\":700},{\"@type\":\"BreadcrumbList\",\"@id\":\"https:\/\/paracherkaoui.ma\/index.php\/produit\/niacinaz-creme-pure-niacihyal-30ml\/#breadcrumb\",\"itemListElement\":[{\"@type\":\"ListItem\",\"position\":1,\"name\":\"Accueil\",\"item\":\"https:\/\/paracherkaoui.ma\/\"},{\"@type\":\"ListItem\",\"position\":2,\"name\":\"Boutique\",\"item\":\"https:\/\/paracherkaoui.ma\/index.php\/boutique\/\"},{\"@type\":\"ListItem\",\"position\":3,\"name\":\"NIACINAZ CREME PURE NIACIHYAL++ 30ML\"}]},{\"@type\":\"WebSite\",\"@id\":\"https:\/\/paracherkaoui.ma\/#website\",\"url\":\"https:\/\/paracherkaoui.ma\/\",\"name\":\"Paracherkaoui.ma\",\"description\":\"Achetez en ligne sur Paracherkaoui.ma\",\"potentialAction\":[{\"@type\":\"SearchAction\",\"target\":{\"@type\":\"EntryPoint\",\"urlTemplate\":\"https:\/\/paracherkaoui.ma\/?s={search_term_string}\"},\"query-input\":{\"@type\":\"PropertyValueSpecification\",\"valueRequired\":true,\"valueName\":\"search_term_string\"}}],\"inLanguage\":\"fr-FR\"}]}<\/script>\r\n<!-- \/ Yoast SEO plugin. -->","yoast_head_json":{"title":"NIACINAZ CREME PURE NIACIHYAL++ 30ML - Paracherkaoui.ma","robots":{"index":"index","follow":"follow","max-snippet":"max-snippet:-1","max-image-preview":"max-image-preview:large","max-video-preview":"max-video-preview:-1"},"canonical":"https:\/\/paracherkaoui.ma\/index.php\/produit\/niacinaz-creme-pure-niacihyal-30ml\/","og_locale":"fr_FR","og_type":"article","og_title":"NIACINAZ CREME PURE NIACIHYAL++ 30ML - Paracherkaoui.ma","og_description":"D\u00e9couvrez NiacinAZ NiaciHyal++ Cr\u00e8me Pure 30ml, un v\u00e9ritable \u00e9lixir de jeunesse pour votre peau ! Gr\u00e2ce \u00e0 sa formule enrichie","og_url":"https:\/\/paracherkaoui.ma\/index.php\/produit\/niacinaz-creme-pure-niacihyal-30ml\/","og_site_name":"Paracherkaoui.ma","article_modified_time":"2025-12-12T17:20:12+00:00","og_image":[{"width":700,"height":700,"url":"https:\/\/paracherkaoui.ma\/wp-content\/uploads\/2025\/12\/niacinaz-creme-pure-niacihyal-30ml.jpg","type":"image\/jpeg"}],"twitter_card":"summary_large_image","twitter_misc":{"Dur\u00e9e de lecture estim\u00e9e":"2 minutes"},"schema":{"@context":"https:\/\/schema.org","@graph":[{"@type":"WebPage","@id":"https:\/\/paracherkaoui.ma\/index.php\/produit\/niacinaz-creme-pure-niacihyal-30ml\/","url":"https:\/\/paracherkaoui.ma\/index.php\/produit\/niacinaz-creme-pure-niacihyal-30ml\/","name":"NIACINAZ CREME PURE NIACIHYAL++ 30ML - Paracherkaoui.ma","isPartOf":{"@id":"https:\/\/paracherkaoui.ma\/#website"},"primaryImageOfPage":{"@id":"https:\/\/paracherkaoui.ma\/index.php\/produit\/niacinaz-creme-pure-niacihyal-30ml\/#primaryimage"},"image":{"@id":"https:\/\/paracherkaoui.ma\/index.php\/produit\/niacinaz-creme-pure-niacihyal-30ml\/#primaryimage"},"thumbnailUrl":"https:\/\/paracherkaoui.ma\/wp-content\/uploads\/2025\/12\/niacinaz-creme-pure-niacihyal-30ml.jpg","datePublished":"2025-12-12T17:20:10+00:00","dateModified":"2025-12-12T17:20:12+00:00","breadcrumb":{"@id":"https:\/\/paracherkaoui.ma\/index.php\/produit\/niacinaz-creme-pure-niacihyal-30ml\/#breadcrumb"},"inLanguage":"fr-FR","potentialAction":[{"@type":"ReadAction","target":["https:\/\/paracherkaoui.ma\/index.php\/produit\/niacinaz-creme-pure-niacihyal-30ml\/"]}]},{"@type":"ImageObject","inLanguage":"fr-FR","@id":"https:\/\/paracherkaoui.ma\/index.php\/produit\/niacinaz-creme-pure-niacihyal-30ml\/#primaryimage","url":"https:\/\/paracherkaoui.ma\/wp-content\/uploads\/2025\/12\/niacinaz-creme-pure-niacihyal-30ml.jpg","contentUrl":"https:\/\/paracherkaoui.ma\/wp-content\/uploads\/2025\/12\/niacinaz-creme-pure-niacihyal-30ml.jpg","width":700,"height":700},{"@type":"BreadcrumbList","@id":"https:\/\/paracherkaoui.ma\/index.php\/produit\/niacinaz-creme-pure-niacihyal-30ml\/#breadcrumb","itemListElement":[{"@type":"ListItem","position":1,"name":"Accueil","item":"https:\/\/paracherkaoui.ma\/"},{"@type":"ListItem","position":2,"name":"Boutique","item":"https:\/\/paracherkaoui.ma\/index.php\/boutique\/"},{"@type":"ListItem","position":3,"name":"NIACINAZ CREME PURE NIACIHYAL++ 30ML"}]},{"@type":"WebSite","@id":"https:\/\/paracherkaoui.ma\/#website","url":"https:\/\/paracherkaoui.ma\/","name":"Paracherkaoui.ma","description":"Achetez en ligne sur Paracherkaoui.ma","potentialAction":[{"@type":"SearchAction","target":{"@type":"EntryPoint","urlTemplate":"https:\/\/paracherkaoui.ma\/?s={search_term_string}"},"query-input":{"@type":"PropertyValueSpecification","valueRequired":true,"valueName":"search_term_string"}}],"inLanguage":"fr-FR"}]}},"_links":{"self":[{"href":"https:\/\/paracherkaoui.ma\/index.php\/wp-json\/wp\/v2\/product\/24243","targetHints":{"allow":["GET"]}}],"collection":[{"href":"https:\/\/paracherkaoui.ma\/index.php\/wp-json\/wp\/v2\/product"}],"about":[{"href":"https:\/\/paracherkaoui.ma\/index.php\/wp-json\/wp\/v2\/types\/product"}],"replies":[{"embeddable":true,"href":"https:\/\/paracherkaoui.ma\/index.php\/wp-json\/wp\/v2\/comments?post=24243"}],"version-history":[{"count":1,"href":"https:\/\/paracherkaoui.ma\/index.php\/wp-json\/wp\/v2\/product\/24243\/revisions"}],"predecessor-version":[{"id":24274,"href":"https:\/\/paracherkaoui.ma\/index.php\/wp-json\/wp\/v2\/product\/24243\/revisions\/24274"}],"wp:featuredmedia":[{"embeddable":true,"href":"https:\/\/paracherkaoui.ma\/index.php\/wp-json\/wp\/v2\/media\/24273"}],"wp:attachment":[{"href":"https:\/\/paracherkaoui.ma\/index.php\/wp-json\/wp\/v2\/media?parent=24243"}],"wp:term":[{"taxonomy":"product_brand","embeddable":true,"href":"https:\/\/paracherkaoui.ma\/index.php\/wp-json\/wp\/v2\/product_brand?post=24243"},{"taxonomy":"product_cat","embeddable":true,"href":"https:\/\/paracherkaoui.ma\/index.php\/wp-json\/wp\/v2\/product_cat?post=24243"},{"taxonomy":"product_tag","embeddable":true,"href":"https:\/\/paracherkaoui.ma\/index.php\/wp-json\/wp\/v2\/product_tag?post=24243"}],"curies":[{"name":"wp","href":"https:\/\/api.w.org\/{rel}","templated":true}]}}