{"id":24030,"date":"2025-12-12T18:19:33","date_gmt":"2025-12-12T17:19:33","guid":{"rendered":"https:\/\/test.ecbeaute.com\/?post_type=product&#038;p=24030"},"modified":"2025-12-12T18:19:37","modified_gmt":"2025-12-12T17:19:37","slug":"onagrine-creme-20-huiles-precieuses-50ml","status":"publish","type":"product","link":"https:\/\/paracherkaoui.ma\/index.php\/produit\/onagrine-creme-20-huiles-precieuses-50ml\/","title":{"rendered":"ONAGRINE CREME 20 HUILES PRECIEUSES 50ML"},"content":{"rendered":"<p>DESCRIPTION<br \/>\nPlus qu\u2019un savoir-faire de beaut\u00e9, la cr\u00e8me aux 20 huiles pr\u00e9cieuses est une v\u00e9ritable invitation au voyage. Elle est une prouesse technologique et elle procure sensorialit\u00e9 et efficacit\u00e9.\u00a0Anti-\u00e2ge\u00a0Lisse\u00a0Redensifie\u00a0Restaure la fermet\u00e9\u00a0Reg\u00e9n\u00e8re\u00a0Hydrate\u00a0R\u00e9v\u00e8le l\u2019\u00e9clat.\u00a0Unifie le teint,\u00a0Affine le grain de peau,\u00a0Nourrit<br \/>\nConseils d&rsquo;utilisation<br \/>\nMatin et soir, pr\u00e9lever la cr\u00e8me \u00e0 l\u2019aide de la spatule et d\u00e9poser une petite quantit\u00e9 sur le visage, le cou et le d\u00e9collet\u00e9. Masser ensuite d\u00e9licatement de l\u2019int\u00e9rieur vers l\u2019ext\u00e9rieur.<br \/>\nIngredients<br \/>\nAQUA (WATER), GLYCERIN, LAURYL LAURATE, HELIANTHUS ANNUUS (SUNFLOWER) SEED OIL, CETYL ALCOHOL, GLYCERYL STEARATE, CETEARYL ALCOHOL, UNDECANE, PEG-75 STEARATE, TRIDECANE, OENOTHERA BIENNIS (EVENING PRIMROSE) OIL, PERSEA GRATISSIMA (AVOCADO) OIL, MAURITIA FLEXUOSA FRUIT OIL, ARGANIA SPINOSA KERNEL OIL, ORBIGNYA OLEIFERA SEED OIL, GOSSYPIUM HERBACEUM (COTTON) SEED OIL, MACADAMIA INTEGRIFOLIA SEED OIL,PUNICA GRANATUM SEED OIL, LINUM USITATISSIMUM (LINSEED) SEED OIL, ORYZA SATIVA (RICE) BRAN OIL, CALOPHYLLUM INOPHYLLUM SEED OIL, PLUKENETIA VOLUBILIS SEED OIL, ALEURITES MOLUCCANA SEED OIL, SCLEROCARYA BIRREA SEED OIL, CAMELLIA JAPONICA SEED OIL, HIPPOPHAE RHAMNOIDES (SEABUCKTHORN) FRUIT OIL, ALKANNA TINCTORIA ROOT EXTRACT, BRASSICA CAMPESTRIS (RAPESEED) SEED OIL, ZINGIBER OFFICINALE (GINGER) ROOT EXTRACT, OENOTHERA<\/p>\n","protected":false},"excerpt":{"rendered":"<p>DESCRIPTION Plus qu\u2019un savoir-faire de beaut\u00e9, la cr\u00e8me aux 20 huiles pr\u00e9cieuses est une v\u00e9ritable invitation au voyage. Elle est<\/p>\n","protected":false},"featured_media":24067,"comment_status":"open","ping_status":"closed","template":"","meta":[],"product_brand":[396],"product_cat":[496],"product_tag":[],"class_list":{"0":"post-24030","1":"product","2":"type-product","3":"status-publish","4":"has-post-thumbnail","6":"product_brand-onagrine","7":"product_cat-premieres-rides","9":"first","10":"instock","11":"sale","12":"shipping-taxable","13":"purchasable","14":"product-type-simple"},"yoast_head":"<!-- This site is optimized with the Yoast SEO plugin v26.6 - https:\/\/yoast.com\/wordpress\/plugins\/seo\/ -->\r\n<title>ONAGRINE CREME 20 HUILES PRECIEUSES 50ML - Paracherkaoui.ma<\/title>\r\n<meta name=\"robots\" content=\"index, follow, max-snippet:-1, max-image-preview:large, max-video-preview:-1\" \/>\r\n<link rel=\"canonical\" href=\"https:\/\/paracherkaoui.ma\/index.php\/produit\/onagrine-creme-20-huiles-precieuses-50ml\/\" \/>\r\n<meta property=\"og:locale\" content=\"fr_FR\" \/>\r\n<meta property=\"og:type\" content=\"article\" \/>\r\n<meta property=\"og:title\" content=\"ONAGRINE CREME 20 HUILES PRECIEUSES 50ML - Paracherkaoui.ma\" \/>\r\n<meta property=\"og:description\" content=\"DESCRIPTION Plus qu\u2019un savoir-faire de beaut\u00e9, la cr\u00e8me aux 20 huiles pr\u00e9cieuses est une v\u00e9ritable invitation au voyage. Elle est\" \/>\r\n<meta property=\"og:url\" content=\"https:\/\/paracherkaoui.ma\/index.php\/produit\/onagrine-creme-20-huiles-precieuses-50ml\/\" \/>\r\n<meta property=\"og:site_name\" content=\"Paracherkaoui.ma\" \/>\r\n<meta property=\"article:modified_time\" content=\"2025-12-12T17:19:37+00:00\" \/>\r\n<meta property=\"og:image\" content=\"https:\/\/paracherkaoui.ma\/wp-content\/uploads\/2025\/12\/onagrine-creme-20-huiles-precieuses-50ml.jpg\" \/>\r\n\t<meta property=\"og:image:width\" content=\"700\" \/>\r\n\t<meta property=\"og:image:height\" content=\"700\" \/>\r\n\t<meta property=\"og:image:type\" content=\"image\/jpeg\" \/>\r\n<meta name=\"twitter:card\" content=\"summary_large_image\" \/>\r\n<meta name=\"twitter:label1\" content=\"Dur\u00e9e de lecture estim\u00e9e\" \/>\n\t<meta name=\"twitter:data1\" content=\"1 minute\" \/>\r\n<script type=\"application\/ld+json\" class=\"yoast-schema-graph\">{\"@context\":\"https:\/\/schema.org\",\"@graph\":[{\"@type\":\"WebPage\",\"@id\":\"https:\/\/paracherkaoui.ma\/index.php\/produit\/onagrine-creme-20-huiles-precieuses-50ml\/\",\"url\":\"https:\/\/paracherkaoui.ma\/index.php\/produit\/onagrine-creme-20-huiles-precieuses-50ml\/\",\"name\":\"ONAGRINE CREME 20 HUILES PRECIEUSES 50ML - Paracherkaoui.ma\",\"isPartOf\":{\"@id\":\"https:\/\/paracherkaoui.ma\/#website\"},\"primaryImageOfPage\":{\"@id\":\"https:\/\/paracherkaoui.ma\/index.php\/produit\/onagrine-creme-20-huiles-precieuses-50ml\/#primaryimage\"},\"image\":{\"@id\":\"https:\/\/paracherkaoui.ma\/index.php\/produit\/onagrine-creme-20-huiles-precieuses-50ml\/#primaryimage\"},\"thumbnailUrl\":\"https:\/\/paracherkaoui.ma\/wp-content\/uploads\/2025\/12\/onagrine-creme-20-huiles-precieuses-50ml.jpg\",\"datePublished\":\"2025-12-12T17:19:33+00:00\",\"dateModified\":\"2025-12-12T17:19:37+00:00\",\"breadcrumb\":{\"@id\":\"https:\/\/paracherkaoui.ma\/index.php\/produit\/onagrine-creme-20-huiles-precieuses-50ml\/#breadcrumb\"},\"inLanguage\":\"fr-FR\",\"potentialAction\":[{\"@type\":\"ReadAction\",\"target\":[\"https:\/\/paracherkaoui.ma\/index.php\/produit\/onagrine-creme-20-huiles-precieuses-50ml\/\"]}]},{\"@type\":\"ImageObject\",\"inLanguage\":\"fr-FR\",\"@id\":\"https:\/\/paracherkaoui.ma\/index.php\/produit\/onagrine-creme-20-huiles-precieuses-50ml\/#primaryimage\",\"url\":\"https:\/\/paracherkaoui.ma\/wp-content\/uploads\/2025\/12\/onagrine-creme-20-huiles-precieuses-50ml.jpg\",\"contentUrl\":\"https:\/\/paracherkaoui.ma\/wp-content\/uploads\/2025\/12\/onagrine-creme-20-huiles-precieuses-50ml.jpg\",\"width\":700,\"height\":700},{\"@type\":\"BreadcrumbList\",\"@id\":\"https:\/\/paracherkaoui.ma\/index.php\/produit\/onagrine-creme-20-huiles-precieuses-50ml\/#breadcrumb\",\"itemListElement\":[{\"@type\":\"ListItem\",\"position\":1,\"name\":\"Accueil\",\"item\":\"https:\/\/paracherkaoui.ma\/\"},{\"@type\":\"ListItem\",\"position\":2,\"name\":\"Boutique\",\"item\":\"https:\/\/paracherkaoui.ma\/index.php\/boutique\/\"},{\"@type\":\"ListItem\",\"position\":3,\"name\":\"ONAGRINE CREME 20 HUILES PRECIEUSES 50ML\"}]},{\"@type\":\"WebSite\",\"@id\":\"https:\/\/paracherkaoui.ma\/#website\",\"url\":\"https:\/\/paracherkaoui.ma\/\",\"name\":\"Paracherkaoui.ma\",\"description\":\"Achetez en ligne sur Paracherkaoui.ma\",\"potentialAction\":[{\"@type\":\"SearchAction\",\"target\":{\"@type\":\"EntryPoint\",\"urlTemplate\":\"https:\/\/paracherkaoui.ma\/?s={search_term_string}\"},\"query-input\":{\"@type\":\"PropertyValueSpecification\",\"valueRequired\":true,\"valueName\":\"search_term_string\"}}],\"inLanguage\":\"fr-FR\"}]}<\/script>\r\n<!-- \/ Yoast SEO plugin. -->","yoast_head_json":{"title":"ONAGRINE CREME 20 HUILES PRECIEUSES 50ML - Paracherkaoui.ma","robots":{"index":"index","follow":"follow","max-snippet":"max-snippet:-1","max-image-preview":"max-image-preview:large","max-video-preview":"max-video-preview:-1"},"canonical":"https:\/\/paracherkaoui.ma\/index.php\/produit\/onagrine-creme-20-huiles-precieuses-50ml\/","og_locale":"fr_FR","og_type":"article","og_title":"ONAGRINE CREME 20 HUILES PRECIEUSES 50ML - Paracherkaoui.ma","og_description":"DESCRIPTION Plus qu\u2019un savoir-faire de beaut\u00e9, la cr\u00e8me aux 20 huiles pr\u00e9cieuses est une v\u00e9ritable invitation au voyage. Elle est","og_url":"https:\/\/paracherkaoui.ma\/index.php\/produit\/onagrine-creme-20-huiles-precieuses-50ml\/","og_site_name":"Paracherkaoui.ma","article_modified_time":"2025-12-12T17:19:37+00:00","og_image":[{"width":700,"height":700,"url":"https:\/\/paracherkaoui.ma\/wp-content\/uploads\/2025\/12\/onagrine-creme-20-huiles-precieuses-50ml.jpg","type":"image\/jpeg"}],"twitter_card":"summary_large_image","twitter_misc":{"Dur\u00e9e de lecture estim\u00e9e":"1 minute"},"schema":{"@context":"https:\/\/schema.org","@graph":[{"@type":"WebPage","@id":"https:\/\/paracherkaoui.ma\/index.php\/produit\/onagrine-creme-20-huiles-precieuses-50ml\/","url":"https:\/\/paracherkaoui.ma\/index.php\/produit\/onagrine-creme-20-huiles-precieuses-50ml\/","name":"ONAGRINE CREME 20 HUILES PRECIEUSES 50ML - Paracherkaoui.ma","isPartOf":{"@id":"https:\/\/paracherkaoui.ma\/#website"},"primaryImageOfPage":{"@id":"https:\/\/paracherkaoui.ma\/index.php\/produit\/onagrine-creme-20-huiles-precieuses-50ml\/#primaryimage"},"image":{"@id":"https:\/\/paracherkaoui.ma\/index.php\/produit\/onagrine-creme-20-huiles-precieuses-50ml\/#primaryimage"},"thumbnailUrl":"https:\/\/paracherkaoui.ma\/wp-content\/uploads\/2025\/12\/onagrine-creme-20-huiles-precieuses-50ml.jpg","datePublished":"2025-12-12T17:19:33+00:00","dateModified":"2025-12-12T17:19:37+00:00","breadcrumb":{"@id":"https:\/\/paracherkaoui.ma\/index.php\/produit\/onagrine-creme-20-huiles-precieuses-50ml\/#breadcrumb"},"inLanguage":"fr-FR","potentialAction":[{"@type":"ReadAction","target":["https:\/\/paracherkaoui.ma\/index.php\/produit\/onagrine-creme-20-huiles-precieuses-50ml\/"]}]},{"@type":"ImageObject","inLanguage":"fr-FR","@id":"https:\/\/paracherkaoui.ma\/index.php\/produit\/onagrine-creme-20-huiles-precieuses-50ml\/#primaryimage","url":"https:\/\/paracherkaoui.ma\/wp-content\/uploads\/2025\/12\/onagrine-creme-20-huiles-precieuses-50ml.jpg","contentUrl":"https:\/\/paracherkaoui.ma\/wp-content\/uploads\/2025\/12\/onagrine-creme-20-huiles-precieuses-50ml.jpg","width":700,"height":700},{"@type":"BreadcrumbList","@id":"https:\/\/paracherkaoui.ma\/index.php\/produit\/onagrine-creme-20-huiles-precieuses-50ml\/#breadcrumb","itemListElement":[{"@type":"ListItem","position":1,"name":"Accueil","item":"https:\/\/paracherkaoui.ma\/"},{"@type":"ListItem","position":2,"name":"Boutique","item":"https:\/\/paracherkaoui.ma\/index.php\/boutique\/"},{"@type":"ListItem","position":3,"name":"ONAGRINE CREME 20 HUILES PRECIEUSES 50ML"}]},{"@type":"WebSite","@id":"https:\/\/paracherkaoui.ma\/#website","url":"https:\/\/paracherkaoui.ma\/","name":"Paracherkaoui.ma","description":"Achetez en ligne sur Paracherkaoui.ma","potentialAction":[{"@type":"SearchAction","target":{"@type":"EntryPoint","urlTemplate":"https:\/\/paracherkaoui.ma\/?s={search_term_string}"},"query-input":{"@type":"PropertyValueSpecification","valueRequired":true,"valueName":"search_term_string"}}],"inLanguage":"fr-FR"}]}},"_links":{"self":[{"href":"https:\/\/paracherkaoui.ma\/index.php\/wp-json\/wp\/v2\/product\/24030","targetHints":{"allow":["GET"]}}],"collection":[{"href":"https:\/\/paracherkaoui.ma\/index.php\/wp-json\/wp\/v2\/product"}],"about":[{"href":"https:\/\/paracherkaoui.ma\/index.php\/wp-json\/wp\/v2\/types\/product"}],"replies":[{"embeddable":true,"href":"https:\/\/paracherkaoui.ma\/index.php\/wp-json\/wp\/v2\/comments?post=24030"}],"version-history":[{"count":1,"href":"https:\/\/paracherkaoui.ma\/index.php\/wp-json\/wp\/v2\/product\/24030\/revisions"}],"predecessor-version":[{"id":24068,"href":"https:\/\/paracherkaoui.ma\/index.php\/wp-json\/wp\/v2\/product\/24030\/revisions\/24068"}],"wp:featuredmedia":[{"embeddable":true,"href":"https:\/\/paracherkaoui.ma\/index.php\/wp-json\/wp\/v2\/media\/24067"}],"wp:attachment":[{"href":"https:\/\/paracherkaoui.ma\/index.php\/wp-json\/wp\/v2\/media?parent=24030"}],"wp:term":[{"taxonomy":"product_brand","embeddable":true,"href":"https:\/\/paracherkaoui.ma\/index.php\/wp-json\/wp\/v2\/product_brand?post=24030"},{"taxonomy":"product_cat","embeddable":true,"href":"https:\/\/paracherkaoui.ma\/index.php\/wp-json\/wp\/v2\/product_cat?post=24030"},{"taxonomy":"product_tag","embeddable":true,"href":"https:\/\/paracherkaoui.ma\/index.php\/wp-json\/wp\/v2\/product_tag?post=24030"}],"curies":[{"name":"wp","href":"https:\/\/api.w.org\/{rel}","templated":true}]}}