{"id":24029,"date":"2025-12-12T18:19:33","date_gmt":"2025-12-12T17:19:33","guid":{"rendered":"https:\/\/test.ecbeaute.com\/?post_type=product&#038;p=24029"},"modified":"2025-12-12T18:19:37","modified_gmt":"2025-12-12T17:19:37","slug":"lierac-premium-la-creme-soyeuse-recharge-50-ml","status":"publish","type":"product","link":"https:\/\/paracherkaoui.ma\/index.php\/produit\/lierac-premium-la-creme-soyeuse-recharge-50-ml\/","title":{"rendered":"LIERAC PREMIUM LA CREME SOYEUSE RECHARGE 50 ML"},"content":{"rendered":"<p>V\u00e9ritable soin visage anti-\u00e2ge absolu, La Cr\u00e8me Soyeuse corrige tous les signes de l\u2019\u00e2ge : rides, ridules, taches, manque de fermet\u00e9, d\u2019\u00e9clat, d\u2019\u00e9lasticit\u00e9, et de densit\u00e9, d\u00e9shydratation.<br \/>\nSa texture \u00e0 la douceur in\u00e9gal\u00e9e laisse un subtil fini poudr\u00e9 sur la peau. Convient aux peaux normales \u00e0 mixtes, m\u00eames sensibles.<br \/>\nEnrichie en poudre matifiante v\u00e9g\u00e9tale pour offrir un l\u00e9ger fini poudr\u00e9 sur la peau. Tous les signes de l\u2019\u00e2ge sont corrig\u00e9s : rides, ridules, taches, manque de fermet\u00e9, d\u2019\u00e9lasticit\u00e9, de densit\u00e9 et d\u2019\u00e9clat, d\u00e9shydratation.<br \/>\nSa texture cr\u00e8me onctueuse et d\u00e9licate glisse sur la peau comme de la soie et offre un l\u00e9ger fini matifiant. Son parfum fleuri embl\u00e9matique et d\u00e9licat r\u00e9v\u00e8le les notes subtiles de jasmin, rose et ylang-ylang.<br \/>\nTest\u00e9 sous contr\u00f4le dermatologique.<br \/>\nConvient aux peaux normales \u00e0 mixtes, m\u00eame sensibles<br \/>\nCONSEILS D&rsquo;UTILISATION :<br \/>\nAppliquer le matin et le soir sur le visage et le cou apr\u00e8s votre s\u00e9rum.<br \/>\nEtape 1 : Appliquer la cr\u00e8me du milieu du visage vers l\u2019ext\u00e9rieur ; du menton vers les tempes, du nez vers les tempes et du milieu du front vers les tempes.<br \/>\nEtape 2 : Reproduire le mouvement jusqu\u2019\u00e0 p\u00e9n\u00e9tration compl\u00e8te de la texture.<\/p>\n","protected":false},"excerpt":{"rendered":"<p>V\u00e9ritable soin visage anti-\u00e2ge absolu, La Cr\u00e8me Soyeuse corrige tous les signes de l\u2019\u00e2ge : rides, ridules, taches, manque de<\/p>\n","protected":false},"featured_media":24065,"comment_status":"open","ping_status":"closed","template":"","meta":[],"product_brand":[371],"product_cat":[496],"product_tag":[],"class_list":{"0":"post-24029","1":"product","2":"type-product","3":"status-publish","4":"has-post-thumbnail","6":"product_brand-lierac","7":"product_cat-premieres-rides","9":"first","10":"instock","11":"shipping-taxable","12":"purchasable","13":"product-type-simple"},"yoast_head":"<!-- This site is optimized with the Yoast SEO plugin v26.6 - https:\/\/yoast.com\/wordpress\/plugins\/seo\/ -->\r\n<title>LIERAC PREMIUM LA CREME SOYEUSE RECHARGE 50 ML - Paracherkaoui.ma<\/title>\r\n<meta name=\"robots\" content=\"index, follow, max-snippet:-1, max-image-preview:large, max-video-preview:-1\" \/>\r\n<link rel=\"canonical\" href=\"https:\/\/paracherkaoui.ma\/index.php\/produit\/lierac-premium-la-creme-soyeuse-recharge-50-ml\/\" \/>\r\n<meta property=\"og:locale\" content=\"fr_FR\" \/>\r\n<meta property=\"og:type\" content=\"article\" \/>\r\n<meta property=\"og:title\" content=\"LIERAC PREMIUM LA CREME SOYEUSE RECHARGE 50 ML - Paracherkaoui.ma\" \/>\r\n<meta property=\"og:description\" content=\"V\u00e9ritable soin visage anti-\u00e2ge absolu, La Cr\u00e8me Soyeuse corrige tous les signes de l\u2019\u00e2ge : rides, ridules, taches, manque de\" \/>\r\n<meta property=\"og:url\" content=\"https:\/\/paracherkaoui.ma\/index.php\/produit\/lierac-premium-la-creme-soyeuse-recharge-50-ml\/\" \/>\r\n<meta property=\"og:site_name\" content=\"Paracherkaoui.ma\" \/>\r\n<meta property=\"article:modified_time\" content=\"2025-12-12T17:19:37+00:00\" \/>\r\n<meta property=\"og:image\" content=\"https:\/\/paracherkaoui.ma\/wp-content\/uploads\/2025\/12\/lierac-lierac-premium-la-creme-soyeuse-recharge-50-ml-premieres-rides.jpg\" \/>\r\n\t<meta property=\"og:image:width\" content=\"700\" \/>\r\n\t<meta property=\"og:image:height\" content=\"700\" \/>\r\n\t<meta property=\"og:image:type\" content=\"image\/jpeg\" \/>\r\n<meta name=\"twitter:card\" content=\"summary_large_image\" \/>\r\n<meta name=\"twitter:label1\" content=\"Dur\u00e9e de lecture estim\u00e9e\" \/>\n\t<meta name=\"twitter:data1\" content=\"1 minute\" \/>\r\n<script type=\"application\/ld+json\" class=\"yoast-schema-graph\">{\"@context\":\"https:\/\/schema.org\",\"@graph\":[{\"@type\":\"WebPage\",\"@id\":\"https:\/\/paracherkaoui.ma\/index.php\/produit\/lierac-premium-la-creme-soyeuse-recharge-50-ml\/\",\"url\":\"https:\/\/paracherkaoui.ma\/index.php\/produit\/lierac-premium-la-creme-soyeuse-recharge-50-ml\/\",\"name\":\"LIERAC PREMIUM LA CREME SOYEUSE RECHARGE 50 ML - Paracherkaoui.ma\",\"isPartOf\":{\"@id\":\"https:\/\/paracherkaoui.ma\/#website\"},\"primaryImageOfPage\":{\"@id\":\"https:\/\/paracherkaoui.ma\/index.php\/produit\/lierac-premium-la-creme-soyeuse-recharge-50-ml\/#primaryimage\"},\"image\":{\"@id\":\"https:\/\/paracherkaoui.ma\/index.php\/produit\/lierac-premium-la-creme-soyeuse-recharge-50-ml\/#primaryimage\"},\"thumbnailUrl\":\"https:\/\/paracherkaoui.ma\/wp-content\/uploads\/2025\/12\/lierac-lierac-premium-la-creme-soyeuse-recharge-50-ml-premieres-rides.jpg\",\"datePublished\":\"2025-12-12T17:19:33+00:00\",\"dateModified\":\"2025-12-12T17:19:37+00:00\",\"breadcrumb\":{\"@id\":\"https:\/\/paracherkaoui.ma\/index.php\/produit\/lierac-premium-la-creme-soyeuse-recharge-50-ml\/#breadcrumb\"},\"inLanguage\":\"fr-FR\",\"potentialAction\":[{\"@type\":\"ReadAction\",\"target\":[\"https:\/\/paracherkaoui.ma\/index.php\/produit\/lierac-premium-la-creme-soyeuse-recharge-50-ml\/\"]}]},{\"@type\":\"ImageObject\",\"inLanguage\":\"fr-FR\",\"@id\":\"https:\/\/paracherkaoui.ma\/index.php\/produit\/lierac-premium-la-creme-soyeuse-recharge-50-ml\/#primaryimage\",\"url\":\"https:\/\/paracherkaoui.ma\/wp-content\/uploads\/2025\/12\/lierac-lierac-premium-la-creme-soyeuse-recharge-50-ml-premieres-rides.jpg\",\"contentUrl\":\"https:\/\/paracherkaoui.ma\/wp-content\/uploads\/2025\/12\/lierac-lierac-premium-la-creme-soyeuse-recharge-50-ml-premieres-rides.jpg\",\"width\":700,\"height\":700},{\"@type\":\"BreadcrumbList\",\"@id\":\"https:\/\/paracherkaoui.ma\/index.php\/produit\/lierac-premium-la-creme-soyeuse-recharge-50-ml\/#breadcrumb\",\"itemListElement\":[{\"@type\":\"ListItem\",\"position\":1,\"name\":\"Accueil\",\"item\":\"https:\/\/paracherkaoui.ma\/\"},{\"@type\":\"ListItem\",\"position\":2,\"name\":\"Boutique\",\"item\":\"https:\/\/paracherkaoui.ma\/index.php\/boutique\/\"},{\"@type\":\"ListItem\",\"position\":3,\"name\":\"LIERAC PREMIUM LA CREME SOYEUSE RECHARGE 50 ML\"}]},{\"@type\":\"WebSite\",\"@id\":\"https:\/\/paracherkaoui.ma\/#website\",\"url\":\"https:\/\/paracherkaoui.ma\/\",\"name\":\"Paracherkaoui.ma\",\"description\":\"Achetez en ligne sur Paracherkaoui.ma\",\"potentialAction\":[{\"@type\":\"SearchAction\",\"target\":{\"@type\":\"EntryPoint\",\"urlTemplate\":\"https:\/\/paracherkaoui.ma\/?s={search_term_string}\"},\"query-input\":{\"@type\":\"PropertyValueSpecification\",\"valueRequired\":true,\"valueName\":\"search_term_string\"}}],\"inLanguage\":\"fr-FR\"}]}<\/script>\r\n<!-- \/ Yoast SEO plugin. -->","yoast_head_json":{"title":"LIERAC PREMIUM LA CREME SOYEUSE RECHARGE 50 ML - Paracherkaoui.ma","robots":{"index":"index","follow":"follow","max-snippet":"max-snippet:-1","max-image-preview":"max-image-preview:large","max-video-preview":"max-video-preview:-1"},"canonical":"https:\/\/paracherkaoui.ma\/index.php\/produit\/lierac-premium-la-creme-soyeuse-recharge-50-ml\/","og_locale":"fr_FR","og_type":"article","og_title":"LIERAC PREMIUM LA CREME SOYEUSE RECHARGE 50 ML - Paracherkaoui.ma","og_description":"V\u00e9ritable soin visage anti-\u00e2ge absolu, La Cr\u00e8me Soyeuse corrige tous les signes de l\u2019\u00e2ge : rides, ridules, taches, manque de","og_url":"https:\/\/paracherkaoui.ma\/index.php\/produit\/lierac-premium-la-creme-soyeuse-recharge-50-ml\/","og_site_name":"Paracherkaoui.ma","article_modified_time":"2025-12-12T17:19:37+00:00","og_image":[{"width":700,"height":700,"url":"https:\/\/paracherkaoui.ma\/wp-content\/uploads\/2025\/12\/lierac-lierac-premium-la-creme-soyeuse-recharge-50-ml-premieres-rides.jpg","type":"image\/jpeg"}],"twitter_card":"summary_large_image","twitter_misc":{"Dur\u00e9e de lecture estim\u00e9e":"1 minute"},"schema":{"@context":"https:\/\/schema.org","@graph":[{"@type":"WebPage","@id":"https:\/\/paracherkaoui.ma\/index.php\/produit\/lierac-premium-la-creme-soyeuse-recharge-50-ml\/","url":"https:\/\/paracherkaoui.ma\/index.php\/produit\/lierac-premium-la-creme-soyeuse-recharge-50-ml\/","name":"LIERAC PREMIUM LA CREME SOYEUSE RECHARGE 50 ML - Paracherkaoui.ma","isPartOf":{"@id":"https:\/\/paracherkaoui.ma\/#website"},"primaryImageOfPage":{"@id":"https:\/\/paracherkaoui.ma\/index.php\/produit\/lierac-premium-la-creme-soyeuse-recharge-50-ml\/#primaryimage"},"image":{"@id":"https:\/\/paracherkaoui.ma\/index.php\/produit\/lierac-premium-la-creme-soyeuse-recharge-50-ml\/#primaryimage"},"thumbnailUrl":"https:\/\/paracherkaoui.ma\/wp-content\/uploads\/2025\/12\/lierac-lierac-premium-la-creme-soyeuse-recharge-50-ml-premieres-rides.jpg","datePublished":"2025-12-12T17:19:33+00:00","dateModified":"2025-12-12T17:19:37+00:00","breadcrumb":{"@id":"https:\/\/paracherkaoui.ma\/index.php\/produit\/lierac-premium-la-creme-soyeuse-recharge-50-ml\/#breadcrumb"},"inLanguage":"fr-FR","potentialAction":[{"@type":"ReadAction","target":["https:\/\/paracherkaoui.ma\/index.php\/produit\/lierac-premium-la-creme-soyeuse-recharge-50-ml\/"]}]},{"@type":"ImageObject","inLanguage":"fr-FR","@id":"https:\/\/paracherkaoui.ma\/index.php\/produit\/lierac-premium-la-creme-soyeuse-recharge-50-ml\/#primaryimage","url":"https:\/\/paracherkaoui.ma\/wp-content\/uploads\/2025\/12\/lierac-lierac-premium-la-creme-soyeuse-recharge-50-ml-premieres-rides.jpg","contentUrl":"https:\/\/paracherkaoui.ma\/wp-content\/uploads\/2025\/12\/lierac-lierac-premium-la-creme-soyeuse-recharge-50-ml-premieres-rides.jpg","width":700,"height":700},{"@type":"BreadcrumbList","@id":"https:\/\/paracherkaoui.ma\/index.php\/produit\/lierac-premium-la-creme-soyeuse-recharge-50-ml\/#breadcrumb","itemListElement":[{"@type":"ListItem","position":1,"name":"Accueil","item":"https:\/\/paracherkaoui.ma\/"},{"@type":"ListItem","position":2,"name":"Boutique","item":"https:\/\/paracherkaoui.ma\/index.php\/boutique\/"},{"@type":"ListItem","position":3,"name":"LIERAC PREMIUM LA CREME SOYEUSE RECHARGE 50 ML"}]},{"@type":"WebSite","@id":"https:\/\/paracherkaoui.ma\/#website","url":"https:\/\/paracherkaoui.ma\/","name":"Paracherkaoui.ma","description":"Achetez en ligne sur Paracherkaoui.ma","potentialAction":[{"@type":"SearchAction","target":{"@type":"EntryPoint","urlTemplate":"https:\/\/paracherkaoui.ma\/?s={search_term_string}"},"query-input":{"@type":"PropertyValueSpecification","valueRequired":true,"valueName":"search_term_string"}}],"inLanguage":"fr-FR"}]}},"_links":{"self":[{"href":"https:\/\/paracherkaoui.ma\/index.php\/wp-json\/wp\/v2\/product\/24029","targetHints":{"allow":["GET"]}}],"collection":[{"href":"https:\/\/paracherkaoui.ma\/index.php\/wp-json\/wp\/v2\/product"}],"about":[{"href":"https:\/\/paracherkaoui.ma\/index.php\/wp-json\/wp\/v2\/types\/product"}],"replies":[{"embeddable":true,"href":"https:\/\/paracherkaoui.ma\/index.php\/wp-json\/wp\/v2\/comments?post=24029"}],"version-history":[{"count":1,"href":"https:\/\/paracherkaoui.ma\/index.php\/wp-json\/wp\/v2\/product\/24029\/revisions"}],"predecessor-version":[{"id":24066,"href":"https:\/\/paracherkaoui.ma\/index.php\/wp-json\/wp\/v2\/product\/24029\/revisions\/24066"}],"wp:featuredmedia":[{"embeddable":true,"href":"https:\/\/paracherkaoui.ma\/index.php\/wp-json\/wp\/v2\/media\/24065"}],"wp:attachment":[{"href":"https:\/\/paracherkaoui.ma\/index.php\/wp-json\/wp\/v2\/media?parent=24029"}],"wp:term":[{"taxonomy":"product_brand","embeddable":true,"href":"https:\/\/paracherkaoui.ma\/index.php\/wp-json\/wp\/v2\/product_brand?post=24029"},{"taxonomy":"product_cat","embeddable":true,"href":"https:\/\/paracherkaoui.ma\/index.php\/wp-json\/wp\/v2\/product_cat?post=24029"},{"taxonomy":"product_tag","embeddable":true,"href":"https:\/\/paracherkaoui.ma\/index.php\/wp-json\/wp\/v2\/product_tag?post=24029"}],"curies":[{"name":"wp","href":"https:\/\/api.w.org\/{rel}","templated":true}]}}