{"id":23851,"date":"2025-12-12T18:19:13","date_gmt":"2025-12-12T17:19:13","guid":{"rendered":"https:\/\/test.ecbeaute.com\/?post_type=product&#038;p=23851"},"modified":"2025-12-12T18:19:17","modified_gmt":"2025-12-12T17:19:17","slug":"rilastil-hydrotenseur-creme-hydratante-50ml","status":"publish","type":"product","link":"https:\/\/paracherkaoui.ma\/index.php\/produit\/rilastil-hydrotenseur-creme-hydratante-50ml\/","title":{"rendered":"Rilastil hydrotenseur creme hydratante 50ml"},"content":{"rendered":"<p>CR\u00c8ME HYDRATANTE ANTIRIDES<br \/>\nLa cr\u00e8me hydratante antirides Rilastil Hydrotenseur est une \u00e9mulsion l\u00e9g\u00e8re pour le visage rapidement absorb\u00e9e, avec une action antirides forte.a formule, aux nombreux principes actifs s\u00e9lectionn\u00e9s et innovants, agit efficacement contre les premiers signes du temps, hydrate en profondeur et garde la peau fra\u00eeche et jeune.<\/p>\n","protected":false},"excerpt":{"rendered":"<p>CR\u00c8ME HYDRATANTE ANTIRIDES La cr\u00e8me hydratante antirides Rilastil Hydrotenseur est une \u00e9mulsion l\u00e9g\u00e8re pour le visage rapidement absorb\u00e9e, avec une<\/p>\n","protected":false},"featured_media":23886,"comment_status":"open","ping_status":"closed","template":"","meta":[],"product_brand":[393],"product_cat":[496],"product_tag":[],"class_list":{"0":"post-23851","1":"product","2":"type-product","3":"status-publish","4":"has-post-thumbnail","6":"product_brand-rilastil","7":"product_cat-premieres-rides","9":"first","10":"instock","11":"sale","12":"shipping-taxable","13":"purchasable","14":"product-type-simple"},"yoast_head":"<!-- This site is optimized with the Yoast SEO plugin v26.6 - https:\/\/yoast.com\/wordpress\/plugins\/seo\/ -->\r\n<title>Rilastil hydrotenseur creme hydratante 50ml - Paracherkaoui.ma<\/title>\r\n<meta name=\"robots\" content=\"index, follow, max-snippet:-1, max-image-preview:large, max-video-preview:-1\" \/>\r\n<link rel=\"canonical\" href=\"https:\/\/paracherkaoui.ma\/index.php\/produit\/rilastil-hydrotenseur-creme-hydratante-50ml\/\" \/>\r\n<meta property=\"og:locale\" content=\"fr_FR\" \/>\r\n<meta property=\"og:type\" content=\"article\" \/>\r\n<meta property=\"og:title\" content=\"Rilastil hydrotenseur creme hydratante 50ml - Paracherkaoui.ma\" \/>\r\n<meta property=\"og:description\" content=\"CR\u00c8ME HYDRATANTE ANTIRIDES La cr\u00e8me hydratante antirides Rilastil Hydrotenseur est une \u00e9mulsion l\u00e9g\u00e8re pour le visage rapidement absorb\u00e9e, avec une\" \/>\r\n<meta property=\"og:url\" content=\"https:\/\/paracherkaoui.ma\/index.php\/produit\/rilastil-hydrotenseur-creme-hydratante-50ml\/\" \/>\r\n<meta property=\"og:site_name\" content=\"Paracherkaoui.ma\" \/>\r\n<meta property=\"article:modified_time\" content=\"2025-12-12T17:19:17+00:00\" \/>\r\n<meta property=\"og:image\" content=\"https:\/\/paracherkaoui.ma\/wp-content\/uploads\/2025\/12\/rilastil-rilastil-hydrotenseur-creme-hydratante-50ml-soins-hydratants-et-nutrition.jpg\" \/>\r\n\t<meta property=\"og:image:width\" content=\"700\" \/>\r\n\t<meta property=\"og:image:height\" content=\"700\" \/>\r\n\t<meta property=\"og:image:type\" content=\"image\/jpeg\" \/>\r\n<meta name=\"twitter:card\" content=\"summary_large_image\" \/>\r\n<script type=\"application\/ld+json\" class=\"yoast-schema-graph\">{\"@context\":\"https:\/\/schema.org\",\"@graph\":[{\"@type\":\"WebPage\",\"@id\":\"https:\/\/paracherkaoui.ma\/index.php\/produit\/rilastil-hydrotenseur-creme-hydratante-50ml\/\",\"url\":\"https:\/\/paracherkaoui.ma\/index.php\/produit\/rilastil-hydrotenseur-creme-hydratante-50ml\/\",\"name\":\"Rilastil hydrotenseur creme hydratante 50ml - Paracherkaoui.ma\",\"isPartOf\":{\"@id\":\"https:\/\/paracherkaoui.ma\/#website\"},\"primaryImageOfPage\":{\"@id\":\"https:\/\/paracherkaoui.ma\/index.php\/produit\/rilastil-hydrotenseur-creme-hydratante-50ml\/#primaryimage\"},\"image\":{\"@id\":\"https:\/\/paracherkaoui.ma\/index.php\/produit\/rilastil-hydrotenseur-creme-hydratante-50ml\/#primaryimage\"},\"thumbnailUrl\":\"https:\/\/paracherkaoui.ma\/wp-content\/uploads\/2025\/12\/rilastil-rilastil-hydrotenseur-creme-hydratante-50ml-soins-hydratants-et-nutrition.jpg\",\"datePublished\":\"2025-12-12T17:19:13+00:00\",\"dateModified\":\"2025-12-12T17:19:17+00:00\",\"breadcrumb\":{\"@id\":\"https:\/\/paracherkaoui.ma\/index.php\/produit\/rilastil-hydrotenseur-creme-hydratante-50ml\/#breadcrumb\"},\"inLanguage\":\"fr-FR\",\"potentialAction\":[{\"@type\":\"ReadAction\",\"target\":[\"https:\/\/paracherkaoui.ma\/index.php\/produit\/rilastil-hydrotenseur-creme-hydratante-50ml\/\"]}]},{\"@type\":\"ImageObject\",\"inLanguage\":\"fr-FR\",\"@id\":\"https:\/\/paracherkaoui.ma\/index.php\/produit\/rilastil-hydrotenseur-creme-hydratante-50ml\/#primaryimage\",\"url\":\"https:\/\/paracherkaoui.ma\/wp-content\/uploads\/2025\/12\/rilastil-rilastil-hydrotenseur-creme-hydratante-50ml-soins-hydratants-et-nutrition.jpg\",\"contentUrl\":\"https:\/\/paracherkaoui.ma\/wp-content\/uploads\/2025\/12\/rilastil-rilastil-hydrotenseur-creme-hydratante-50ml-soins-hydratants-et-nutrition.jpg\",\"width\":700,\"height\":700},{\"@type\":\"BreadcrumbList\",\"@id\":\"https:\/\/paracherkaoui.ma\/index.php\/produit\/rilastil-hydrotenseur-creme-hydratante-50ml\/#breadcrumb\",\"itemListElement\":[{\"@type\":\"ListItem\",\"position\":1,\"name\":\"Accueil\",\"item\":\"https:\/\/paracherkaoui.ma\/\"},{\"@type\":\"ListItem\",\"position\":2,\"name\":\"Boutique\",\"item\":\"https:\/\/paracherkaoui.ma\/index.php\/boutique\/\"},{\"@type\":\"ListItem\",\"position\":3,\"name\":\"Rilastil hydrotenseur creme hydratante 50ml\"}]},{\"@type\":\"WebSite\",\"@id\":\"https:\/\/paracherkaoui.ma\/#website\",\"url\":\"https:\/\/paracherkaoui.ma\/\",\"name\":\"Paracherkaoui.ma\",\"description\":\"Achetez en ligne sur Paracherkaoui.ma\",\"potentialAction\":[{\"@type\":\"SearchAction\",\"target\":{\"@type\":\"EntryPoint\",\"urlTemplate\":\"https:\/\/paracherkaoui.ma\/?s={search_term_string}\"},\"query-input\":{\"@type\":\"PropertyValueSpecification\",\"valueRequired\":true,\"valueName\":\"search_term_string\"}}],\"inLanguage\":\"fr-FR\"}]}<\/script>\r\n<!-- \/ Yoast SEO plugin. -->","yoast_head_json":{"title":"Rilastil hydrotenseur creme hydratante 50ml - Paracherkaoui.ma","robots":{"index":"index","follow":"follow","max-snippet":"max-snippet:-1","max-image-preview":"max-image-preview:large","max-video-preview":"max-video-preview:-1"},"canonical":"https:\/\/paracherkaoui.ma\/index.php\/produit\/rilastil-hydrotenseur-creme-hydratante-50ml\/","og_locale":"fr_FR","og_type":"article","og_title":"Rilastil hydrotenseur creme hydratante 50ml - Paracherkaoui.ma","og_description":"CR\u00c8ME HYDRATANTE ANTIRIDES La cr\u00e8me hydratante antirides Rilastil Hydrotenseur est une \u00e9mulsion l\u00e9g\u00e8re pour le visage rapidement absorb\u00e9e, avec une","og_url":"https:\/\/paracherkaoui.ma\/index.php\/produit\/rilastil-hydrotenseur-creme-hydratante-50ml\/","og_site_name":"Paracherkaoui.ma","article_modified_time":"2025-12-12T17:19:17+00:00","og_image":[{"width":700,"height":700,"url":"https:\/\/paracherkaoui.ma\/wp-content\/uploads\/2025\/12\/rilastil-rilastil-hydrotenseur-creme-hydratante-50ml-soins-hydratants-et-nutrition.jpg","type":"image\/jpeg"}],"twitter_card":"summary_large_image","schema":{"@context":"https:\/\/schema.org","@graph":[{"@type":"WebPage","@id":"https:\/\/paracherkaoui.ma\/index.php\/produit\/rilastil-hydrotenseur-creme-hydratante-50ml\/","url":"https:\/\/paracherkaoui.ma\/index.php\/produit\/rilastil-hydrotenseur-creme-hydratante-50ml\/","name":"Rilastil hydrotenseur creme hydratante 50ml - Paracherkaoui.ma","isPartOf":{"@id":"https:\/\/paracherkaoui.ma\/#website"},"primaryImageOfPage":{"@id":"https:\/\/paracherkaoui.ma\/index.php\/produit\/rilastil-hydrotenseur-creme-hydratante-50ml\/#primaryimage"},"image":{"@id":"https:\/\/paracherkaoui.ma\/index.php\/produit\/rilastil-hydrotenseur-creme-hydratante-50ml\/#primaryimage"},"thumbnailUrl":"https:\/\/paracherkaoui.ma\/wp-content\/uploads\/2025\/12\/rilastil-rilastil-hydrotenseur-creme-hydratante-50ml-soins-hydratants-et-nutrition.jpg","datePublished":"2025-12-12T17:19:13+00:00","dateModified":"2025-12-12T17:19:17+00:00","breadcrumb":{"@id":"https:\/\/paracherkaoui.ma\/index.php\/produit\/rilastil-hydrotenseur-creme-hydratante-50ml\/#breadcrumb"},"inLanguage":"fr-FR","potentialAction":[{"@type":"ReadAction","target":["https:\/\/paracherkaoui.ma\/index.php\/produit\/rilastil-hydrotenseur-creme-hydratante-50ml\/"]}]},{"@type":"ImageObject","inLanguage":"fr-FR","@id":"https:\/\/paracherkaoui.ma\/index.php\/produit\/rilastil-hydrotenseur-creme-hydratante-50ml\/#primaryimage","url":"https:\/\/paracherkaoui.ma\/wp-content\/uploads\/2025\/12\/rilastil-rilastil-hydrotenseur-creme-hydratante-50ml-soins-hydratants-et-nutrition.jpg","contentUrl":"https:\/\/paracherkaoui.ma\/wp-content\/uploads\/2025\/12\/rilastil-rilastil-hydrotenseur-creme-hydratante-50ml-soins-hydratants-et-nutrition.jpg","width":700,"height":700},{"@type":"BreadcrumbList","@id":"https:\/\/paracherkaoui.ma\/index.php\/produit\/rilastil-hydrotenseur-creme-hydratante-50ml\/#breadcrumb","itemListElement":[{"@type":"ListItem","position":1,"name":"Accueil","item":"https:\/\/paracherkaoui.ma\/"},{"@type":"ListItem","position":2,"name":"Boutique","item":"https:\/\/paracherkaoui.ma\/index.php\/boutique\/"},{"@type":"ListItem","position":3,"name":"Rilastil hydrotenseur creme hydratante 50ml"}]},{"@type":"WebSite","@id":"https:\/\/paracherkaoui.ma\/#website","url":"https:\/\/paracherkaoui.ma\/","name":"Paracherkaoui.ma","description":"Achetez en ligne sur Paracherkaoui.ma","potentialAction":[{"@type":"SearchAction","target":{"@type":"EntryPoint","urlTemplate":"https:\/\/paracherkaoui.ma\/?s={search_term_string}"},"query-input":{"@type":"PropertyValueSpecification","valueRequired":true,"valueName":"search_term_string"}}],"inLanguage":"fr-FR"}]}},"_links":{"self":[{"href":"https:\/\/paracherkaoui.ma\/index.php\/wp-json\/wp\/v2\/product\/23851","targetHints":{"allow":["GET"]}}],"collection":[{"href":"https:\/\/paracherkaoui.ma\/index.php\/wp-json\/wp\/v2\/product"}],"about":[{"href":"https:\/\/paracherkaoui.ma\/index.php\/wp-json\/wp\/v2\/types\/product"}],"replies":[{"embeddable":true,"href":"https:\/\/paracherkaoui.ma\/index.php\/wp-json\/wp\/v2\/comments?post=23851"}],"version-history":[{"count":1,"href":"https:\/\/paracherkaoui.ma\/index.php\/wp-json\/wp\/v2\/product\/23851\/revisions"}],"predecessor-version":[{"id":23887,"href":"https:\/\/paracherkaoui.ma\/index.php\/wp-json\/wp\/v2\/product\/23851\/revisions\/23887"}],"wp:featuredmedia":[{"embeddable":true,"href":"https:\/\/paracherkaoui.ma\/index.php\/wp-json\/wp\/v2\/media\/23886"}],"wp:attachment":[{"href":"https:\/\/paracherkaoui.ma\/index.php\/wp-json\/wp\/v2\/media?parent=23851"}],"wp:term":[{"taxonomy":"product_brand","embeddable":true,"href":"https:\/\/paracherkaoui.ma\/index.php\/wp-json\/wp\/v2\/product_brand?post=23851"},{"taxonomy":"product_cat","embeddable":true,"href":"https:\/\/paracherkaoui.ma\/index.php\/wp-json\/wp\/v2\/product_cat?post=23851"},{"taxonomy":"product_tag","embeddable":true,"href":"https:\/\/paracherkaoui.ma\/index.php\/wp-json\/wp\/v2\/product_tag?post=23851"}],"curies":[{"name":"wp","href":"https:\/\/api.w.org\/{rel}","templated":true}]}}