{"id":23694,"date":"2025-12-12T18:18:54","date_gmt":"2025-12-12T17:18:54","guid":{"rendered":"https:\/\/test.ecbeaute.com\/?post_type=product&#038;p=23694"},"modified":"2025-12-12T18:18:57","modified_gmt":"2025-12-12T17:18:57","slug":"filorga-hydra-hyal-gel-creme-50-ml-2","status":"publish","type":"product","link":"https:\/\/paracherkaoui.ma\/index.php\/produit\/filorga-hydra-hyal-gel-creme-50-ml-2\/","title":{"rendered":"FILORGA HYDRA HYAL GEL CREME 50 ML"},"content":{"rendered":"<p>La formule HYDRA-HYAL Gel-Cr\u00e8me est enrichie en actifs astringents d&rsquo;origine v\u00e9g\u00e9tale, con\u00e7us pour r\u00e9duire l&rsquo;apparence des pores et matifier durablement le teint. Le r\u00e9sultat ? Une peau sans imperfections, \u00e9clatante et visiblement plus jeune, quelle que soit votre routine. Ce soin agit comme une v\u00e9ritable infusion d\u2019hydratation tout en ralentissant les signes du vieillissement gr\u00e2ce \u00e0 sa synergie unique d\u2019acides hyaluroniques. Parfait pour toutes les peaux assoiff\u00e9es, il r\u00e9pond aux besoins d\u2019hydratation des peaux matures, tout en s\u2019int\u00e9grant ais\u00e9ment dans toutes les routines de soins.<br \/>\nComposition<br \/>\nAqua (Water, Eau), Propanediol, Glycerin, Lauryl Laurate, Isodecyl Neopentanoate, Butyrospermum Parkii (Shea) Butter, Maltodextrin, Synthtix Fluorphlogopite, Phenoxyethanol, Acrylates\/C10-30 Alkyl Acrylat Crosspolymer, Alcohol Denat., Methyl Methacrylate Crosspolymer, Butylene Glycol, Sucrose Palmitate, Alcohol, Sodium Polyacrylate, Sodium Hyaluronate, Ethylhexylglycerin, Parfum (Fragrance), Sodium Stearoyl Glutamate, Sodium Hydroxide, Glyceryl Linoleate, Prunus Amygdalus Dulcis (Sweet Almond) Oil, Pentylene Glycol, Sodium Hyaluronate Crosspolymer, Sodium Chloride, Lauroyl Lysine, Lecithin, Pistacia Lentiscus (Mastic) Gum, Swertia Chirata Extract, Papain, Citric Acid, Alteromonas Ferment Extract, Glucose, 1,2-Hexanediol, Caprylyl Glycol, Carbomer, Potassium Chloride, Potassium Sorbate, Calcium Chloride, Algin, Magnesium Sulfate, Glutamine, Sodium Phosphate, Ascorbic Acid, Sodium Acetate, Tocopherol, Lysine HCL, Arginine HCL, Alanine, Histidine HCL, Valine, Leucine, Threonine, Isoleucine, Tryptophan, Phenylalaniene, Tyrosine, Glycine Polysorbate 80, Serine, Cystne, Cyanocobalamin, Glutathione, Asparagine, Aspartic Acid, Ornithine HCL, Glutamic Acid, Nicotinamide, Adenine Dinucleotide, Proline, Methionine, Taurine, Hydroxypropline, Glucosamine HCL, Coenzyme A, Sodium Glucuronate, Thiamine Diphosphate, Retinyl Acetate, Inositol, Niacin, Niacinamide, Pyridoxine HCL, Biotin, Calcium Pantothenate, Riboflavin, Sodium Tocopheryl Phosphate, Thiamine HCL, Folic Acid.<br \/>\nConseils d\u2019utilisation<br \/>\nPour optimiser les bienfaits hydratants et repulpants du FILORGA HYDRA-HYAL Gel-Cr\u00e8me, appliquez-le chaque matin et soir sur une peau propre, de pr\u00e9f\u00e9rence apr\u00e8s l\u2019utilisation du s\u00e9rum HYDRA-HYAL. Massez d\u00e9licatement du bout des doigts pour favoriser l&rsquo;absorption, en insistant sur les zones les plus s\u00e8ches ou marqu\u00e9es par des ridules. Ce soin constitue une base parfaite avant le maquillage, laissant la peau douce, lisse et sans brillance.<\/p>\n","protected":false},"excerpt":{"rendered":"<p>La formule HYDRA-HYAL Gel-Cr\u00e8me est enrichie en actifs astringents d&rsquo;origine v\u00e9g\u00e9tale, con\u00e7us pour r\u00e9duire l&rsquo;apparence des pores et matifier durablement<\/p>\n","protected":false},"featured_media":23084,"comment_status":"open","ping_status":"closed","template":"","meta":[],"product_brand":[141],"product_cat":[496],"product_tag":[],"class_list":{"0":"post-23694","1":"product","2":"type-product","3":"status-publish","4":"has-post-thumbnail","6":"product_brand-filorga","7":"product_cat-premieres-rides","9":"first","10":"instock","11":"sale","12":"shipping-taxable","13":"purchasable","14":"product-type-simple"},"yoast_head":"<!-- This site is optimized with the Yoast SEO plugin v26.6 - https:\/\/yoast.com\/wordpress\/plugins\/seo\/ -->\r\n<title>FILORGA HYDRA HYAL GEL CREME 50 ML - Paracherkaoui.ma<\/title>\r\n<meta name=\"robots\" content=\"index, follow, max-snippet:-1, max-image-preview:large, max-video-preview:-1\" \/>\r\n<link rel=\"canonical\" href=\"https:\/\/paracherkaoui.ma\/index.php\/produit\/filorga-hydra-hyal-gel-creme-50-ml-2\/\" \/>\r\n<meta property=\"og:locale\" content=\"fr_FR\" \/>\r\n<meta property=\"og:type\" content=\"article\" \/>\r\n<meta property=\"og:title\" content=\"FILORGA HYDRA HYAL GEL CREME 50 ML - Paracherkaoui.ma\" \/>\r\n<meta property=\"og:description\" content=\"La formule HYDRA-HYAL Gel-Cr\u00e8me est enrichie en actifs astringents d&rsquo;origine v\u00e9g\u00e9tale, con\u00e7us pour r\u00e9duire l&rsquo;apparence des pores et matifier durablement\" \/>\r\n<meta property=\"og:url\" content=\"https:\/\/paracherkaoui.ma\/index.php\/produit\/filorga-hydra-hyal-gel-creme-50-ml-2\/\" \/>\r\n<meta property=\"og:site_name\" content=\"Paracherkaoui.ma\" \/>\r\n<meta property=\"article:modified_time\" content=\"2025-12-12T17:18:57+00:00\" \/>\r\n<meta property=\"og:image\" content=\"https:\/\/paracherkaoui.ma\/wp-content\/uploads\/2025\/12\/filorga-filorga-hydra-hyal-gel-creme-50-ml-soins-anti-age.jpg\" \/>\r\n\t<meta property=\"og:image:width\" content=\"700\" \/>\r\n\t<meta property=\"og:image:height\" content=\"700\" \/>\r\n\t<meta property=\"og:image:type\" content=\"image\/jpeg\" \/>\r\n<meta name=\"twitter:card\" content=\"summary_large_image\" \/>\r\n<meta name=\"twitter:label1\" content=\"Dur\u00e9e de lecture estim\u00e9e\" \/>\n\t<meta name=\"twitter:data1\" content=\"2 minutes\" \/>\r\n<script type=\"application\/ld+json\" class=\"yoast-schema-graph\">{\"@context\":\"https:\/\/schema.org\",\"@graph\":[{\"@type\":\"WebPage\",\"@id\":\"https:\/\/paracherkaoui.ma\/index.php\/produit\/filorga-hydra-hyal-gel-creme-50-ml-2\/\",\"url\":\"https:\/\/paracherkaoui.ma\/index.php\/produit\/filorga-hydra-hyal-gel-creme-50-ml-2\/\",\"name\":\"FILORGA HYDRA HYAL GEL CREME 50 ML - Paracherkaoui.ma\",\"isPartOf\":{\"@id\":\"https:\/\/paracherkaoui.ma\/#website\"},\"primaryImageOfPage\":{\"@id\":\"https:\/\/paracherkaoui.ma\/index.php\/produit\/filorga-hydra-hyal-gel-creme-50-ml-2\/#primaryimage\"},\"image\":{\"@id\":\"https:\/\/paracherkaoui.ma\/index.php\/produit\/filorga-hydra-hyal-gel-creme-50-ml-2\/#primaryimage\"},\"thumbnailUrl\":\"https:\/\/paracherkaoui.ma\/wp-content\/uploads\/2025\/12\/filorga-filorga-hydra-hyal-gel-creme-50-ml-soins-anti-age.jpg\",\"datePublished\":\"2025-12-12T17:18:54+00:00\",\"dateModified\":\"2025-12-12T17:18:57+00:00\",\"breadcrumb\":{\"@id\":\"https:\/\/paracherkaoui.ma\/index.php\/produit\/filorga-hydra-hyal-gel-creme-50-ml-2\/#breadcrumb\"},\"inLanguage\":\"fr-FR\",\"potentialAction\":[{\"@type\":\"ReadAction\",\"target\":[\"https:\/\/paracherkaoui.ma\/index.php\/produit\/filorga-hydra-hyal-gel-creme-50-ml-2\/\"]}]},{\"@type\":\"ImageObject\",\"inLanguage\":\"fr-FR\",\"@id\":\"https:\/\/paracherkaoui.ma\/index.php\/produit\/filorga-hydra-hyal-gel-creme-50-ml-2\/#primaryimage\",\"url\":\"https:\/\/paracherkaoui.ma\/wp-content\/uploads\/2025\/12\/filorga-filorga-hydra-hyal-gel-creme-50-ml-soins-anti-age.jpg\",\"contentUrl\":\"https:\/\/paracherkaoui.ma\/wp-content\/uploads\/2025\/12\/filorga-filorga-hydra-hyal-gel-creme-50-ml-soins-anti-age.jpg\",\"width\":700,\"height\":700},{\"@type\":\"BreadcrumbList\",\"@id\":\"https:\/\/paracherkaoui.ma\/index.php\/produit\/filorga-hydra-hyal-gel-creme-50-ml-2\/#breadcrumb\",\"itemListElement\":[{\"@type\":\"ListItem\",\"position\":1,\"name\":\"Accueil\",\"item\":\"https:\/\/paracherkaoui.ma\/\"},{\"@type\":\"ListItem\",\"position\":2,\"name\":\"Boutique\",\"item\":\"https:\/\/paracherkaoui.ma\/index.php\/boutique\/\"},{\"@type\":\"ListItem\",\"position\":3,\"name\":\"FILORGA HYDRA HYAL GEL CREME 50 ML\"}]},{\"@type\":\"WebSite\",\"@id\":\"https:\/\/paracherkaoui.ma\/#website\",\"url\":\"https:\/\/paracherkaoui.ma\/\",\"name\":\"Paracherkaoui.ma\",\"description\":\"Achetez en ligne sur Paracherkaoui.ma\",\"potentialAction\":[{\"@type\":\"SearchAction\",\"target\":{\"@type\":\"EntryPoint\",\"urlTemplate\":\"https:\/\/paracherkaoui.ma\/?s={search_term_string}\"},\"query-input\":{\"@type\":\"PropertyValueSpecification\",\"valueRequired\":true,\"valueName\":\"search_term_string\"}}],\"inLanguage\":\"fr-FR\"}]}<\/script>\r\n<!-- \/ Yoast SEO plugin. -->","yoast_head_json":{"title":"FILORGA HYDRA HYAL GEL CREME 50 ML - Paracherkaoui.ma","robots":{"index":"index","follow":"follow","max-snippet":"max-snippet:-1","max-image-preview":"max-image-preview:large","max-video-preview":"max-video-preview:-1"},"canonical":"https:\/\/paracherkaoui.ma\/index.php\/produit\/filorga-hydra-hyal-gel-creme-50-ml-2\/","og_locale":"fr_FR","og_type":"article","og_title":"FILORGA HYDRA HYAL GEL CREME 50 ML - Paracherkaoui.ma","og_description":"La formule HYDRA-HYAL Gel-Cr\u00e8me est enrichie en actifs astringents d&rsquo;origine v\u00e9g\u00e9tale, con\u00e7us pour r\u00e9duire l&rsquo;apparence des pores et matifier durablement","og_url":"https:\/\/paracherkaoui.ma\/index.php\/produit\/filorga-hydra-hyal-gel-creme-50-ml-2\/","og_site_name":"Paracherkaoui.ma","article_modified_time":"2025-12-12T17:18:57+00:00","og_image":[{"width":700,"height":700,"url":"https:\/\/paracherkaoui.ma\/wp-content\/uploads\/2025\/12\/filorga-filorga-hydra-hyal-gel-creme-50-ml-soins-anti-age.jpg","type":"image\/jpeg"}],"twitter_card":"summary_large_image","twitter_misc":{"Dur\u00e9e de lecture estim\u00e9e":"2 minutes"},"schema":{"@context":"https:\/\/schema.org","@graph":[{"@type":"WebPage","@id":"https:\/\/paracherkaoui.ma\/index.php\/produit\/filorga-hydra-hyal-gel-creme-50-ml-2\/","url":"https:\/\/paracherkaoui.ma\/index.php\/produit\/filorga-hydra-hyal-gel-creme-50-ml-2\/","name":"FILORGA HYDRA HYAL GEL CREME 50 ML - Paracherkaoui.ma","isPartOf":{"@id":"https:\/\/paracherkaoui.ma\/#website"},"primaryImageOfPage":{"@id":"https:\/\/paracherkaoui.ma\/index.php\/produit\/filorga-hydra-hyal-gel-creme-50-ml-2\/#primaryimage"},"image":{"@id":"https:\/\/paracherkaoui.ma\/index.php\/produit\/filorga-hydra-hyal-gel-creme-50-ml-2\/#primaryimage"},"thumbnailUrl":"https:\/\/paracherkaoui.ma\/wp-content\/uploads\/2025\/12\/filorga-filorga-hydra-hyal-gel-creme-50-ml-soins-anti-age.jpg","datePublished":"2025-12-12T17:18:54+00:00","dateModified":"2025-12-12T17:18:57+00:00","breadcrumb":{"@id":"https:\/\/paracherkaoui.ma\/index.php\/produit\/filorga-hydra-hyal-gel-creme-50-ml-2\/#breadcrumb"},"inLanguage":"fr-FR","potentialAction":[{"@type":"ReadAction","target":["https:\/\/paracherkaoui.ma\/index.php\/produit\/filorga-hydra-hyal-gel-creme-50-ml-2\/"]}]},{"@type":"ImageObject","inLanguage":"fr-FR","@id":"https:\/\/paracherkaoui.ma\/index.php\/produit\/filorga-hydra-hyal-gel-creme-50-ml-2\/#primaryimage","url":"https:\/\/paracherkaoui.ma\/wp-content\/uploads\/2025\/12\/filorga-filorga-hydra-hyal-gel-creme-50-ml-soins-anti-age.jpg","contentUrl":"https:\/\/paracherkaoui.ma\/wp-content\/uploads\/2025\/12\/filorga-filorga-hydra-hyal-gel-creme-50-ml-soins-anti-age.jpg","width":700,"height":700},{"@type":"BreadcrumbList","@id":"https:\/\/paracherkaoui.ma\/index.php\/produit\/filorga-hydra-hyal-gel-creme-50-ml-2\/#breadcrumb","itemListElement":[{"@type":"ListItem","position":1,"name":"Accueil","item":"https:\/\/paracherkaoui.ma\/"},{"@type":"ListItem","position":2,"name":"Boutique","item":"https:\/\/paracherkaoui.ma\/index.php\/boutique\/"},{"@type":"ListItem","position":3,"name":"FILORGA HYDRA HYAL GEL CREME 50 ML"}]},{"@type":"WebSite","@id":"https:\/\/paracherkaoui.ma\/#website","url":"https:\/\/paracherkaoui.ma\/","name":"Paracherkaoui.ma","description":"Achetez en ligne sur Paracherkaoui.ma","potentialAction":[{"@type":"SearchAction","target":{"@type":"EntryPoint","urlTemplate":"https:\/\/paracherkaoui.ma\/?s={search_term_string}"},"query-input":{"@type":"PropertyValueSpecification","valueRequired":true,"valueName":"search_term_string"}}],"inLanguage":"fr-FR"}]}},"_links":{"self":[{"href":"https:\/\/paracherkaoui.ma\/index.php\/wp-json\/wp\/v2\/product\/23694","targetHints":{"allow":["GET"]}}],"collection":[{"href":"https:\/\/paracherkaoui.ma\/index.php\/wp-json\/wp\/v2\/product"}],"about":[{"href":"https:\/\/paracherkaoui.ma\/index.php\/wp-json\/wp\/v2\/types\/product"}],"replies":[{"embeddable":true,"href":"https:\/\/paracherkaoui.ma\/index.php\/wp-json\/wp\/v2\/comments?post=23694"}],"version-history":[{"count":1,"href":"https:\/\/paracherkaoui.ma\/index.php\/wp-json\/wp\/v2\/product\/23694\/revisions"}],"predecessor-version":[{"id":23734,"href":"https:\/\/paracherkaoui.ma\/index.php\/wp-json\/wp\/v2\/product\/23694\/revisions\/23734"}],"wp:featuredmedia":[{"embeddable":true,"href":"https:\/\/paracherkaoui.ma\/index.php\/wp-json\/wp\/v2\/media\/23084"}],"wp:attachment":[{"href":"https:\/\/paracherkaoui.ma\/index.php\/wp-json\/wp\/v2\/media?parent=23694"}],"wp:term":[{"taxonomy":"product_brand","embeddable":true,"href":"https:\/\/paracherkaoui.ma\/index.php\/wp-json\/wp\/v2\/product_brand?post=23694"},{"taxonomy":"product_cat","embeddable":true,"href":"https:\/\/paracherkaoui.ma\/index.php\/wp-json\/wp\/v2\/product_cat?post=23694"},{"taxonomy":"product_tag","embeddable":true,"href":"https:\/\/paracherkaoui.ma\/index.php\/wp-json\/wp\/v2\/product_tag?post=23694"}],"curies":[{"name":"wp","href":"https:\/\/api.w.org\/{rel}","templated":true}]}}