{"id":23601,"date":"2025-12-12T18:18:46","date_gmt":"2025-12-12T17:18:46","guid":{"rendered":"https:\/\/test.ecbeaute.com\/?post_type=product&#038;p=23601"},"modified":"2025-12-12T18:18:48","modified_gmt":"2025-12-12T17:18:48","slug":"eucerin-hyaluron-filler-ultra-light-moisture-booster-30-ml","status":"publish","type":"product","link":"https:\/\/paracherkaoui.ma\/index.php\/produit\/eucerin-hyaluron-filler-ultra-light-moisture-booster-30-ml\/","title":{"rendered":"EUCERIN HYALURON FILLER ULTRA LIGHT MOISTURE BOOSTER 30 ML"},"content":{"rendered":"<p>Un gel hydratant et rafra\u00eechissant qui donne \u00e0 la peau un regain d&rsquo;hydratation imm\u00e9diat et augmente l&rsquo;hydratation de la peau jusqu&rsquo;\u00e0 24 heures. Repulpe visiblement les ridules pour une peau lisse et d\u2019apparence saine.<br \/>\nCOMPOSITION:<br \/>\nGlyc\u00e9rine<br \/>\nLa glyc\u00e9rine \u2013 parfois appel\u00e9e \u00ab Glyc\u00e9rine \u00bb et \u00e9galement connue sous le nom de Glyc\u00e9rol \u2013 est un humectant, ce qui signifie qu&rsquo;elle aide \u00e0 attirer l&rsquo;eau et \u00e0 la retenir dans la peau. C&rsquo;est un hydratant tr\u00e8s efficace qui lisse la peau s\u00e8che et lui apporte une hydratation et des soins longue dur\u00e9e. Il est \u00e0 la fois incolore et inodore.<br \/>\nAcide hyaluronique<br \/>\nL&rsquo;acide hyaluronique est form\u00e9 par les cellules de la peau et fait partie du tissu conjonctif de la peau. L\u2019une de ses fonctions cl\u00e9s est de retenir l\u2019humidit\u00e9, et il a la capacit\u00e9 de lier entre 1 000 et 10 000 fois son propre poids en eau (c\u2019est-\u00e0-dire qu\u2019un gramme lie entre un et dix litres). \u00c0 mesure que nous vieillissons, la capacit\u00e9 naturelle de la peau \u00e0 produire de l&rsquo;acide hyaluronique s&rsquo;\u00e9puise et les rides commencent \u00e0 se former et \u00e0 se creuser.<br \/>\nCONSEILS D&rsquo;UTILISATION :<br \/>\nAppliquer en premi\u00e8re \u00e9tape de votre soin quotidien matin et soir en massant doucement sur une peau bien nettoy\u00e9e. Ne pas utiliser dans le contour des yeux.<\/p>\n","protected":false},"excerpt":{"rendered":"<p>Un gel hydratant et rafra\u00eechissant qui donne \u00e0 la peau un regain d&rsquo;hydratation imm\u00e9diat et augmente l&rsquo;hydratation de la peau<\/p>\n","protected":false},"featured_media":23632,"comment_status":"open","ping_status":"closed","template":"","meta":[],"product_brand":[134],"product_cat":[496],"product_tag":[],"class_list":{"0":"post-23601","1":"product","2":"type-product","3":"status-publish","4":"has-post-thumbnail","6":"product_brand-eucerin","7":"product_cat-premieres-rides","9":"first","10":"instock","11":"sale","12":"shipping-taxable","13":"purchasable","14":"product-type-simple"},"yoast_head":"<!-- This site is optimized with the Yoast SEO plugin v26.6 - https:\/\/yoast.com\/wordpress\/plugins\/seo\/ -->\r\n<title>EUCERIN HYALURON FILLER ULTRA LIGHT MOISTURE BOOSTER 30 ML - Paracherkaoui.ma<\/title>\r\n<meta name=\"robots\" content=\"index, follow, max-snippet:-1, max-image-preview:large, max-video-preview:-1\" \/>\r\n<link rel=\"canonical\" href=\"https:\/\/paracherkaoui.ma\/index.php\/produit\/eucerin-hyaluron-filler-ultra-light-moisture-booster-30-ml\/\" \/>\r\n<meta property=\"og:locale\" content=\"fr_FR\" \/>\r\n<meta property=\"og:type\" content=\"article\" \/>\r\n<meta property=\"og:title\" content=\"EUCERIN HYALURON FILLER ULTRA LIGHT MOISTURE BOOSTER 30 ML - Paracherkaoui.ma\" \/>\r\n<meta property=\"og:description\" content=\"Un gel hydratant et rafra\u00eechissant qui donne \u00e0 la peau un regain d&rsquo;hydratation imm\u00e9diat et augmente l&rsquo;hydratation de la peau\" \/>\r\n<meta property=\"og:url\" content=\"https:\/\/paracherkaoui.ma\/index.php\/produit\/eucerin-hyaluron-filler-ultra-light-moisture-booster-30-ml\/\" \/>\r\n<meta property=\"og:site_name\" content=\"Paracherkaoui.ma\" \/>\r\n<meta property=\"article:modified_time\" content=\"2025-12-12T17:18:48+00:00\" \/>\r\n<meta property=\"og:image\" content=\"https:\/\/paracherkaoui.ma\/wp-content\/uploads\/2025\/12\/eucerin-eucerin-hyaluron-filler-ultra-light-moisture-booster-30-ml-premieres-rides.jpg\" \/>\r\n\t<meta property=\"og:image:width\" content=\"700\" \/>\r\n\t<meta property=\"og:image:height\" content=\"700\" \/>\r\n\t<meta property=\"og:image:type\" content=\"image\/jpeg\" \/>\r\n<meta name=\"twitter:card\" content=\"summary_large_image\" \/>\r\n<meta name=\"twitter:label1\" content=\"Dur\u00e9e de lecture estim\u00e9e\" \/>\n\t<meta name=\"twitter:data1\" content=\"1 minute\" \/>\r\n<script type=\"application\/ld+json\" class=\"yoast-schema-graph\">{\"@context\":\"https:\/\/schema.org\",\"@graph\":[{\"@type\":\"WebPage\",\"@id\":\"https:\/\/paracherkaoui.ma\/index.php\/produit\/eucerin-hyaluron-filler-ultra-light-moisture-booster-30-ml\/\",\"url\":\"https:\/\/paracherkaoui.ma\/index.php\/produit\/eucerin-hyaluron-filler-ultra-light-moisture-booster-30-ml\/\",\"name\":\"EUCERIN HYALURON FILLER ULTRA LIGHT MOISTURE BOOSTER 30 ML - Paracherkaoui.ma\",\"isPartOf\":{\"@id\":\"https:\/\/paracherkaoui.ma\/#website\"},\"primaryImageOfPage\":{\"@id\":\"https:\/\/paracherkaoui.ma\/index.php\/produit\/eucerin-hyaluron-filler-ultra-light-moisture-booster-30-ml\/#primaryimage\"},\"image\":{\"@id\":\"https:\/\/paracherkaoui.ma\/index.php\/produit\/eucerin-hyaluron-filler-ultra-light-moisture-booster-30-ml\/#primaryimage\"},\"thumbnailUrl\":\"https:\/\/paracherkaoui.ma\/wp-content\/uploads\/2025\/12\/eucerin-eucerin-hyaluron-filler-ultra-light-moisture-booster-30-ml-premieres-rides.jpg\",\"datePublished\":\"2025-12-12T17:18:46+00:00\",\"dateModified\":\"2025-12-12T17:18:48+00:00\",\"breadcrumb\":{\"@id\":\"https:\/\/paracherkaoui.ma\/index.php\/produit\/eucerin-hyaluron-filler-ultra-light-moisture-booster-30-ml\/#breadcrumb\"},\"inLanguage\":\"fr-FR\",\"potentialAction\":[{\"@type\":\"ReadAction\",\"target\":[\"https:\/\/paracherkaoui.ma\/index.php\/produit\/eucerin-hyaluron-filler-ultra-light-moisture-booster-30-ml\/\"]}]},{\"@type\":\"ImageObject\",\"inLanguage\":\"fr-FR\",\"@id\":\"https:\/\/paracherkaoui.ma\/index.php\/produit\/eucerin-hyaluron-filler-ultra-light-moisture-booster-30-ml\/#primaryimage\",\"url\":\"https:\/\/paracherkaoui.ma\/wp-content\/uploads\/2025\/12\/eucerin-eucerin-hyaluron-filler-ultra-light-moisture-booster-30-ml-premieres-rides.jpg\",\"contentUrl\":\"https:\/\/paracherkaoui.ma\/wp-content\/uploads\/2025\/12\/eucerin-eucerin-hyaluron-filler-ultra-light-moisture-booster-30-ml-premieres-rides.jpg\",\"width\":700,\"height\":700},{\"@type\":\"BreadcrumbList\",\"@id\":\"https:\/\/paracherkaoui.ma\/index.php\/produit\/eucerin-hyaluron-filler-ultra-light-moisture-booster-30-ml\/#breadcrumb\",\"itemListElement\":[{\"@type\":\"ListItem\",\"position\":1,\"name\":\"Accueil\",\"item\":\"https:\/\/paracherkaoui.ma\/\"},{\"@type\":\"ListItem\",\"position\":2,\"name\":\"Boutique\",\"item\":\"https:\/\/paracherkaoui.ma\/index.php\/boutique\/\"},{\"@type\":\"ListItem\",\"position\":3,\"name\":\"EUCERIN HYALURON FILLER ULTRA LIGHT MOISTURE BOOSTER 30 ML\"}]},{\"@type\":\"WebSite\",\"@id\":\"https:\/\/paracherkaoui.ma\/#website\",\"url\":\"https:\/\/paracherkaoui.ma\/\",\"name\":\"Paracherkaoui.ma\",\"description\":\"Achetez en ligne sur Paracherkaoui.ma\",\"potentialAction\":[{\"@type\":\"SearchAction\",\"target\":{\"@type\":\"EntryPoint\",\"urlTemplate\":\"https:\/\/paracherkaoui.ma\/?s={search_term_string}\"},\"query-input\":{\"@type\":\"PropertyValueSpecification\",\"valueRequired\":true,\"valueName\":\"search_term_string\"}}],\"inLanguage\":\"fr-FR\"}]}<\/script>\r\n<!-- \/ Yoast SEO plugin. -->","yoast_head_json":{"title":"EUCERIN HYALURON FILLER ULTRA LIGHT MOISTURE BOOSTER 30 ML - Paracherkaoui.ma","robots":{"index":"index","follow":"follow","max-snippet":"max-snippet:-1","max-image-preview":"max-image-preview:large","max-video-preview":"max-video-preview:-1"},"canonical":"https:\/\/paracherkaoui.ma\/index.php\/produit\/eucerin-hyaluron-filler-ultra-light-moisture-booster-30-ml\/","og_locale":"fr_FR","og_type":"article","og_title":"EUCERIN HYALURON FILLER ULTRA LIGHT MOISTURE BOOSTER 30 ML - Paracherkaoui.ma","og_description":"Un gel hydratant et rafra\u00eechissant qui donne \u00e0 la peau un regain d&rsquo;hydratation imm\u00e9diat et augmente l&rsquo;hydratation de la peau","og_url":"https:\/\/paracherkaoui.ma\/index.php\/produit\/eucerin-hyaluron-filler-ultra-light-moisture-booster-30-ml\/","og_site_name":"Paracherkaoui.ma","article_modified_time":"2025-12-12T17:18:48+00:00","og_image":[{"width":700,"height":700,"url":"https:\/\/paracherkaoui.ma\/wp-content\/uploads\/2025\/12\/eucerin-eucerin-hyaluron-filler-ultra-light-moisture-booster-30-ml-premieres-rides.jpg","type":"image\/jpeg"}],"twitter_card":"summary_large_image","twitter_misc":{"Dur\u00e9e de lecture estim\u00e9e":"1 minute"},"schema":{"@context":"https:\/\/schema.org","@graph":[{"@type":"WebPage","@id":"https:\/\/paracherkaoui.ma\/index.php\/produit\/eucerin-hyaluron-filler-ultra-light-moisture-booster-30-ml\/","url":"https:\/\/paracherkaoui.ma\/index.php\/produit\/eucerin-hyaluron-filler-ultra-light-moisture-booster-30-ml\/","name":"EUCERIN HYALURON FILLER ULTRA LIGHT MOISTURE BOOSTER 30 ML - Paracherkaoui.ma","isPartOf":{"@id":"https:\/\/paracherkaoui.ma\/#website"},"primaryImageOfPage":{"@id":"https:\/\/paracherkaoui.ma\/index.php\/produit\/eucerin-hyaluron-filler-ultra-light-moisture-booster-30-ml\/#primaryimage"},"image":{"@id":"https:\/\/paracherkaoui.ma\/index.php\/produit\/eucerin-hyaluron-filler-ultra-light-moisture-booster-30-ml\/#primaryimage"},"thumbnailUrl":"https:\/\/paracherkaoui.ma\/wp-content\/uploads\/2025\/12\/eucerin-eucerin-hyaluron-filler-ultra-light-moisture-booster-30-ml-premieres-rides.jpg","datePublished":"2025-12-12T17:18:46+00:00","dateModified":"2025-12-12T17:18:48+00:00","breadcrumb":{"@id":"https:\/\/paracherkaoui.ma\/index.php\/produit\/eucerin-hyaluron-filler-ultra-light-moisture-booster-30-ml\/#breadcrumb"},"inLanguage":"fr-FR","potentialAction":[{"@type":"ReadAction","target":["https:\/\/paracherkaoui.ma\/index.php\/produit\/eucerin-hyaluron-filler-ultra-light-moisture-booster-30-ml\/"]}]},{"@type":"ImageObject","inLanguage":"fr-FR","@id":"https:\/\/paracherkaoui.ma\/index.php\/produit\/eucerin-hyaluron-filler-ultra-light-moisture-booster-30-ml\/#primaryimage","url":"https:\/\/paracherkaoui.ma\/wp-content\/uploads\/2025\/12\/eucerin-eucerin-hyaluron-filler-ultra-light-moisture-booster-30-ml-premieres-rides.jpg","contentUrl":"https:\/\/paracherkaoui.ma\/wp-content\/uploads\/2025\/12\/eucerin-eucerin-hyaluron-filler-ultra-light-moisture-booster-30-ml-premieres-rides.jpg","width":700,"height":700},{"@type":"BreadcrumbList","@id":"https:\/\/paracherkaoui.ma\/index.php\/produit\/eucerin-hyaluron-filler-ultra-light-moisture-booster-30-ml\/#breadcrumb","itemListElement":[{"@type":"ListItem","position":1,"name":"Accueil","item":"https:\/\/paracherkaoui.ma\/"},{"@type":"ListItem","position":2,"name":"Boutique","item":"https:\/\/paracherkaoui.ma\/index.php\/boutique\/"},{"@type":"ListItem","position":3,"name":"EUCERIN HYALURON FILLER ULTRA LIGHT MOISTURE BOOSTER 30 ML"}]},{"@type":"WebSite","@id":"https:\/\/paracherkaoui.ma\/#website","url":"https:\/\/paracherkaoui.ma\/","name":"Paracherkaoui.ma","description":"Achetez en ligne sur Paracherkaoui.ma","potentialAction":[{"@type":"SearchAction","target":{"@type":"EntryPoint","urlTemplate":"https:\/\/paracherkaoui.ma\/?s={search_term_string}"},"query-input":{"@type":"PropertyValueSpecification","valueRequired":true,"valueName":"search_term_string"}}],"inLanguage":"fr-FR"}]}},"_links":{"self":[{"href":"https:\/\/paracherkaoui.ma\/index.php\/wp-json\/wp\/v2\/product\/23601","targetHints":{"allow":["GET"]}}],"collection":[{"href":"https:\/\/paracherkaoui.ma\/index.php\/wp-json\/wp\/v2\/product"}],"about":[{"href":"https:\/\/paracherkaoui.ma\/index.php\/wp-json\/wp\/v2\/types\/product"}],"replies":[{"embeddable":true,"href":"https:\/\/paracherkaoui.ma\/index.php\/wp-json\/wp\/v2\/comments?post=23601"}],"version-history":[{"count":1,"href":"https:\/\/paracherkaoui.ma\/index.php\/wp-json\/wp\/v2\/product\/23601\/revisions"}],"predecessor-version":[{"id":23633,"href":"https:\/\/paracherkaoui.ma\/index.php\/wp-json\/wp\/v2\/product\/23601\/revisions\/23633"}],"wp:featuredmedia":[{"embeddable":true,"href":"https:\/\/paracherkaoui.ma\/index.php\/wp-json\/wp\/v2\/media\/23632"}],"wp:attachment":[{"href":"https:\/\/paracherkaoui.ma\/index.php\/wp-json\/wp\/v2\/media?parent=23601"}],"wp:term":[{"taxonomy":"product_brand","embeddable":true,"href":"https:\/\/paracherkaoui.ma\/index.php\/wp-json\/wp\/v2\/product_brand?post=23601"},{"taxonomy":"product_cat","embeddable":true,"href":"https:\/\/paracherkaoui.ma\/index.php\/wp-json\/wp\/v2\/product_cat?post=23601"},{"taxonomy":"product_tag","embeddable":true,"href":"https:\/\/paracherkaoui.ma\/index.php\/wp-json\/wp\/v2\/product_tag?post=23601"}],"curies":[{"name":"wp","href":"https:\/\/api.w.org\/{rel}","templated":true}]}}