{"id":23518,"date":"2025-12-12T18:18:39","date_gmt":"2025-12-12T17:18:39","guid":{"rendered":"https:\/\/test.ecbeaute.com\/?post_type=product&#038;p=23518"},"modified":"2025-12-12T18:18:41","modified_gmt":"2025-12-12T17:18:41","slug":"htceutic-professional-c30-serum-50-ml","status":"publish","type":"product","link":"https:\/\/paracherkaoui.ma\/index.php\/produit\/htceutic-professional-c30-serum-50-ml\/","title":{"rendered":"HTCEUTIC PROFESSIONAL C30 % SERUM 50 ML"},"content":{"rendered":"<p>Le s\u00e9rum professionnel HT CEUTIC C30%, d\u2019une contenance de 15 ml, est un produit de soin hautement concentr\u00e9 sp\u00e9cialement con\u00e7u pour am\u00e9liorer la qualit\u00e9 et l\u2019apparence de votre peau. Ce s\u00e9rum agit activement pour combattre les signes du vieillissement et pour revitaliser en profondeur votre teint.<br \/>\nFormul\u00e9 avec une concentration exceptionnellement \u00e9lev\u00e9e de 30% de vitamine C, ce s\u00e9rum professionnel HT CEUTIC stimule intens\u00e9ment la production de collag\u00e8ne de votre peau. Cela contribue \u00e0 r\u00e9duire de mani\u00e8re significative l\u2019apparence des rides, des ridules et des taches pigmentaires, tout en favorisant la fermet\u00e9 et l\u2019\u00e9lasticit\u00e9 de la peau.<br \/>\nConseils d&rsquo;utilisation:<br \/>\nA appliquer chaque matin<\/p>\n","protected":false},"excerpt":{"rendered":"<p>Le s\u00e9rum professionnel HT CEUTIC C30%, d\u2019une contenance de 15 ml, est un produit de soin hautement concentr\u00e9 sp\u00e9cialement con\u00e7u<\/p>\n","protected":false},"featured_media":23550,"comment_status":"open","ping_status":"closed","template":"","meta":[],"product_brand":[389],"product_cat":[488],"product_tag":[],"class_list":{"0":"post-23518","1":"product","2":"type-product","3":"status-publish","4":"has-post-thumbnail","6":"product_brand-htceutic","7":"product_cat-peaux-matures","9":"first","10":"instock","11":"sale","12":"shipping-taxable","13":"purchasable","14":"product-type-simple"},"yoast_head":"<!-- This site is optimized with the Yoast SEO plugin v26.6 - https:\/\/yoast.com\/wordpress\/plugins\/seo\/ -->\r\n<title>HTCEUTIC PROFESSIONAL C30 % SERUM 50 ML - Paracherkaoui.ma<\/title>\r\n<meta name=\"robots\" content=\"index, follow, max-snippet:-1, max-image-preview:large, max-video-preview:-1\" \/>\r\n<link rel=\"canonical\" href=\"https:\/\/paracherkaoui.ma\/index.php\/produit\/htceutic-professional-c30-serum-50-ml\/\" \/>\r\n<meta property=\"og:locale\" content=\"fr_FR\" \/>\r\n<meta property=\"og:type\" content=\"article\" \/>\r\n<meta property=\"og:title\" content=\"HTCEUTIC PROFESSIONAL C30 % SERUM 50 ML - Paracherkaoui.ma\" \/>\r\n<meta property=\"og:description\" content=\"Le s\u00e9rum professionnel HT CEUTIC C30%, d\u2019une contenance de 15 ml, est un produit de soin hautement concentr\u00e9 sp\u00e9cialement con\u00e7u\" \/>\r\n<meta property=\"og:url\" content=\"https:\/\/paracherkaoui.ma\/index.php\/produit\/htceutic-professional-c30-serum-50-ml\/\" \/>\r\n<meta property=\"og:site_name\" content=\"Paracherkaoui.ma\" \/>\r\n<meta property=\"article:modified_time\" content=\"2025-12-12T17:18:41+00:00\" \/>\r\n<meta property=\"og:image\" content=\"https:\/\/paracherkaoui.ma\/wp-content\/uploads\/2025\/12\/htceutic-htceutic-professional-c30-serum-50-ml-peaux-matures.jpg\" \/>\r\n\t<meta property=\"og:image:width\" content=\"700\" \/>\r\n\t<meta property=\"og:image:height\" content=\"700\" \/>\r\n\t<meta property=\"og:image:type\" content=\"image\/jpeg\" \/>\r\n<meta name=\"twitter:card\" content=\"summary_large_image\" \/>\r\n<meta name=\"twitter:label1\" content=\"Dur\u00e9e de lecture estim\u00e9e\" \/>\n\t<meta name=\"twitter:data1\" content=\"1 minute\" \/>\r\n<script type=\"application\/ld+json\" class=\"yoast-schema-graph\">{\"@context\":\"https:\/\/schema.org\",\"@graph\":[{\"@type\":\"WebPage\",\"@id\":\"https:\/\/paracherkaoui.ma\/index.php\/produit\/htceutic-professional-c30-serum-50-ml\/\",\"url\":\"https:\/\/paracherkaoui.ma\/index.php\/produit\/htceutic-professional-c30-serum-50-ml\/\",\"name\":\"HTCEUTIC PROFESSIONAL C30 % SERUM 50 ML - Paracherkaoui.ma\",\"isPartOf\":{\"@id\":\"https:\/\/paracherkaoui.ma\/#website\"},\"primaryImageOfPage\":{\"@id\":\"https:\/\/paracherkaoui.ma\/index.php\/produit\/htceutic-professional-c30-serum-50-ml\/#primaryimage\"},\"image\":{\"@id\":\"https:\/\/paracherkaoui.ma\/index.php\/produit\/htceutic-professional-c30-serum-50-ml\/#primaryimage\"},\"thumbnailUrl\":\"https:\/\/paracherkaoui.ma\/wp-content\/uploads\/2025\/12\/htceutic-htceutic-professional-c30-serum-50-ml-peaux-matures.jpg\",\"datePublished\":\"2025-12-12T17:18:39+00:00\",\"dateModified\":\"2025-12-12T17:18:41+00:00\",\"breadcrumb\":{\"@id\":\"https:\/\/paracherkaoui.ma\/index.php\/produit\/htceutic-professional-c30-serum-50-ml\/#breadcrumb\"},\"inLanguage\":\"fr-FR\",\"potentialAction\":[{\"@type\":\"ReadAction\",\"target\":[\"https:\/\/paracherkaoui.ma\/index.php\/produit\/htceutic-professional-c30-serum-50-ml\/\"]}]},{\"@type\":\"ImageObject\",\"inLanguage\":\"fr-FR\",\"@id\":\"https:\/\/paracherkaoui.ma\/index.php\/produit\/htceutic-professional-c30-serum-50-ml\/#primaryimage\",\"url\":\"https:\/\/paracherkaoui.ma\/wp-content\/uploads\/2025\/12\/htceutic-htceutic-professional-c30-serum-50-ml-peaux-matures.jpg\",\"contentUrl\":\"https:\/\/paracherkaoui.ma\/wp-content\/uploads\/2025\/12\/htceutic-htceutic-professional-c30-serum-50-ml-peaux-matures.jpg\",\"width\":700,\"height\":700},{\"@type\":\"BreadcrumbList\",\"@id\":\"https:\/\/paracherkaoui.ma\/index.php\/produit\/htceutic-professional-c30-serum-50-ml\/#breadcrumb\",\"itemListElement\":[{\"@type\":\"ListItem\",\"position\":1,\"name\":\"Accueil\",\"item\":\"https:\/\/paracherkaoui.ma\/\"},{\"@type\":\"ListItem\",\"position\":2,\"name\":\"Boutique\",\"item\":\"https:\/\/paracherkaoui.ma\/index.php\/boutique\/\"},{\"@type\":\"ListItem\",\"position\":3,\"name\":\"HTCEUTIC PROFESSIONAL C30 % SERUM 50 ML\"}]},{\"@type\":\"WebSite\",\"@id\":\"https:\/\/paracherkaoui.ma\/#website\",\"url\":\"https:\/\/paracherkaoui.ma\/\",\"name\":\"Paracherkaoui.ma\",\"description\":\"Achetez en ligne sur Paracherkaoui.ma\",\"potentialAction\":[{\"@type\":\"SearchAction\",\"target\":{\"@type\":\"EntryPoint\",\"urlTemplate\":\"https:\/\/paracherkaoui.ma\/?s={search_term_string}\"},\"query-input\":{\"@type\":\"PropertyValueSpecification\",\"valueRequired\":true,\"valueName\":\"search_term_string\"}}],\"inLanguage\":\"fr-FR\"}]}<\/script>\r\n<!-- \/ Yoast SEO plugin. -->","yoast_head_json":{"title":"HTCEUTIC PROFESSIONAL C30 % SERUM 50 ML - Paracherkaoui.ma","robots":{"index":"index","follow":"follow","max-snippet":"max-snippet:-1","max-image-preview":"max-image-preview:large","max-video-preview":"max-video-preview:-1"},"canonical":"https:\/\/paracherkaoui.ma\/index.php\/produit\/htceutic-professional-c30-serum-50-ml\/","og_locale":"fr_FR","og_type":"article","og_title":"HTCEUTIC PROFESSIONAL C30 % SERUM 50 ML - Paracherkaoui.ma","og_description":"Le s\u00e9rum professionnel HT CEUTIC C30%, d\u2019une contenance de 15 ml, est un produit de soin hautement concentr\u00e9 sp\u00e9cialement con\u00e7u","og_url":"https:\/\/paracherkaoui.ma\/index.php\/produit\/htceutic-professional-c30-serum-50-ml\/","og_site_name":"Paracherkaoui.ma","article_modified_time":"2025-12-12T17:18:41+00:00","og_image":[{"width":700,"height":700,"url":"https:\/\/paracherkaoui.ma\/wp-content\/uploads\/2025\/12\/htceutic-htceutic-professional-c30-serum-50-ml-peaux-matures.jpg","type":"image\/jpeg"}],"twitter_card":"summary_large_image","twitter_misc":{"Dur\u00e9e de lecture estim\u00e9e":"1 minute"},"schema":{"@context":"https:\/\/schema.org","@graph":[{"@type":"WebPage","@id":"https:\/\/paracherkaoui.ma\/index.php\/produit\/htceutic-professional-c30-serum-50-ml\/","url":"https:\/\/paracherkaoui.ma\/index.php\/produit\/htceutic-professional-c30-serum-50-ml\/","name":"HTCEUTIC PROFESSIONAL C30 % SERUM 50 ML - Paracherkaoui.ma","isPartOf":{"@id":"https:\/\/paracherkaoui.ma\/#website"},"primaryImageOfPage":{"@id":"https:\/\/paracherkaoui.ma\/index.php\/produit\/htceutic-professional-c30-serum-50-ml\/#primaryimage"},"image":{"@id":"https:\/\/paracherkaoui.ma\/index.php\/produit\/htceutic-professional-c30-serum-50-ml\/#primaryimage"},"thumbnailUrl":"https:\/\/paracherkaoui.ma\/wp-content\/uploads\/2025\/12\/htceutic-htceutic-professional-c30-serum-50-ml-peaux-matures.jpg","datePublished":"2025-12-12T17:18:39+00:00","dateModified":"2025-12-12T17:18:41+00:00","breadcrumb":{"@id":"https:\/\/paracherkaoui.ma\/index.php\/produit\/htceutic-professional-c30-serum-50-ml\/#breadcrumb"},"inLanguage":"fr-FR","potentialAction":[{"@type":"ReadAction","target":["https:\/\/paracherkaoui.ma\/index.php\/produit\/htceutic-professional-c30-serum-50-ml\/"]}]},{"@type":"ImageObject","inLanguage":"fr-FR","@id":"https:\/\/paracherkaoui.ma\/index.php\/produit\/htceutic-professional-c30-serum-50-ml\/#primaryimage","url":"https:\/\/paracherkaoui.ma\/wp-content\/uploads\/2025\/12\/htceutic-htceutic-professional-c30-serum-50-ml-peaux-matures.jpg","contentUrl":"https:\/\/paracherkaoui.ma\/wp-content\/uploads\/2025\/12\/htceutic-htceutic-professional-c30-serum-50-ml-peaux-matures.jpg","width":700,"height":700},{"@type":"BreadcrumbList","@id":"https:\/\/paracherkaoui.ma\/index.php\/produit\/htceutic-professional-c30-serum-50-ml\/#breadcrumb","itemListElement":[{"@type":"ListItem","position":1,"name":"Accueil","item":"https:\/\/paracherkaoui.ma\/"},{"@type":"ListItem","position":2,"name":"Boutique","item":"https:\/\/paracherkaoui.ma\/index.php\/boutique\/"},{"@type":"ListItem","position":3,"name":"HTCEUTIC PROFESSIONAL C30 % SERUM 50 ML"}]},{"@type":"WebSite","@id":"https:\/\/paracherkaoui.ma\/#website","url":"https:\/\/paracherkaoui.ma\/","name":"Paracherkaoui.ma","description":"Achetez en ligne sur Paracherkaoui.ma","potentialAction":[{"@type":"SearchAction","target":{"@type":"EntryPoint","urlTemplate":"https:\/\/paracherkaoui.ma\/?s={search_term_string}"},"query-input":{"@type":"PropertyValueSpecification","valueRequired":true,"valueName":"search_term_string"}}],"inLanguage":"fr-FR"}]}},"_links":{"self":[{"href":"https:\/\/paracherkaoui.ma\/index.php\/wp-json\/wp\/v2\/product\/23518","targetHints":{"allow":["GET"]}}],"collection":[{"href":"https:\/\/paracherkaoui.ma\/index.php\/wp-json\/wp\/v2\/product"}],"about":[{"href":"https:\/\/paracherkaoui.ma\/index.php\/wp-json\/wp\/v2\/types\/product"}],"replies":[{"embeddable":true,"href":"https:\/\/paracherkaoui.ma\/index.php\/wp-json\/wp\/v2\/comments?post=23518"}],"version-history":[{"count":1,"href":"https:\/\/paracherkaoui.ma\/index.php\/wp-json\/wp\/v2\/product\/23518\/revisions"}],"predecessor-version":[{"id":23551,"href":"https:\/\/paracherkaoui.ma\/index.php\/wp-json\/wp\/v2\/product\/23518\/revisions\/23551"}],"wp:featuredmedia":[{"embeddable":true,"href":"https:\/\/paracherkaoui.ma\/index.php\/wp-json\/wp\/v2\/media\/23550"}],"wp:attachment":[{"href":"https:\/\/paracherkaoui.ma\/index.php\/wp-json\/wp\/v2\/media?parent=23518"}],"wp:term":[{"taxonomy":"product_brand","embeddable":true,"href":"https:\/\/paracherkaoui.ma\/index.php\/wp-json\/wp\/v2\/product_brand?post=23518"},{"taxonomy":"product_cat","embeddable":true,"href":"https:\/\/paracherkaoui.ma\/index.php\/wp-json\/wp\/v2\/product_cat?post=23518"},{"taxonomy":"product_tag","embeddable":true,"href":"https:\/\/paracherkaoui.ma\/index.php\/wp-json\/wp\/v2\/product_tag?post=23518"}],"curies":[{"name":"wp","href":"https:\/\/api.w.org\/{rel}","templated":true}]}}