{"id":23232,"date":"2025-12-12T18:18:01","date_gmt":"2025-12-12T17:18:01","guid":{"rendered":"https:\/\/test.ecbeaute.com\/?post_type=product&#038;p=23232"},"modified":"2025-12-12T18:18:07","modified_gmt":"2025-12-12T17:18:07","slug":"naturalia-serum-d-contract-intensif-30-ml","status":"publish","type":"product","link":"https:\/\/paracherkaoui.ma\/index.php\/produit\/naturalia-serum-d-contract-intensif-30-ml\/","title":{"rendered":"NATURALIA SERUM D CONTRACT INTENSIF 30 ML"},"content":{"rendered":"<p>Soin intensif anti-rides d\u00e9contractant et r\u00e9g\u00e9n\u00e9rateur de la peau. Ce soin r\u00e9duit efficacement la profondeur des rides provoqu\u00e9es par les contractions continuelles des muscles d\u2019expression du visage, et s\u2019oppose au vieillissement pr\u00e9matur\u00e9 de la peau. Il stimule la synth\u00e8se de collag\u00e8ne favorisant ainsi la fermet\u00e9 de la peau. Sa formule est riche en huile de rose musqu\u00e9e renfermant des acides gras essentiels aux propri\u00e9t\u00e9s r\u00e9g\u00e9n\u00e9ratrices et nutritives. Sa teneur en extrait pur de feuille d\u2019olivier (puissant anti-oxydant) lutte contre les radicaux libres s\u2019opposant ainsi aux vieillissement cutan\u00e9. Gel cr\u00e8me \u00e0 texture l\u00e9g\u00e8re, facilement absorb\u00e9 par la peau. Ce soin convient \u00e0 tous types de peaux.<br \/>\nMode d\u2019emploi:<br \/>\nappliquer uniform\u00e9ment sur une peau pr\u00e9alablement propre et s\u00e8che en effectuant un l\u00e9ger massage jusqu\u2019\u00e0 absorption compl\u00e8te. Appliquer ensuite la cr\u00e8me de soin habituelle.<br \/>\nPr\u00e9sentation, flacon doseur de 30ml.<\/p>\n","protected":false},"excerpt":{"rendered":"<p>Soin intensif anti-rides d\u00e9contractant et r\u00e9g\u00e9n\u00e9rateur de la peau. Ce soin r\u00e9duit efficacement la profondeur des rides provoqu\u00e9es par les<\/p>\n","protected":false},"featured_media":23287,"comment_status":"open","ping_status":"closed","template":"","meta":[],"product_brand":[289],"product_cat":[488],"product_tag":[],"class_list":{"0":"post-23232","1":"product","2":"type-product","3":"status-publish","4":"has-post-thumbnail","6":"product_brand-naturalia","7":"product_cat-peaux-matures","9":"first","10":"instock","11":"sale","12":"shipping-taxable","13":"purchasable","14":"product-type-simple"},"yoast_head":"<!-- This site is optimized with the Yoast SEO plugin v26.6 - https:\/\/yoast.com\/wordpress\/plugins\/seo\/ -->\r\n<title>NATURALIA SERUM D CONTRACT INTENSIF 30 ML - Paracherkaoui.ma<\/title>\r\n<meta name=\"robots\" content=\"index, follow, max-snippet:-1, max-image-preview:large, max-video-preview:-1\" \/>\r\n<link rel=\"canonical\" href=\"https:\/\/paracherkaoui.ma\/index.php\/produit\/naturalia-serum-d-contract-intensif-30-ml\/\" \/>\r\n<meta property=\"og:locale\" content=\"fr_FR\" \/>\r\n<meta property=\"og:type\" content=\"article\" \/>\r\n<meta property=\"og:title\" content=\"NATURALIA SERUM D CONTRACT INTENSIF 30 ML - Paracherkaoui.ma\" \/>\r\n<meta property=\"og:description\" content=\"Soin intensif anti-rides d\u00e9contractant et r\u00e9g\u00e9n\u00e9rateur de la peau. Ce soin r\u00e9duit efficacement la profondeur des rides provoqu\u00e9es par les\" \/>\r\n<meta property=\"og:url\" content=\"https:\/\/paracherkaoui.ma\/index.php\/produit\/naturalia-serum-d-contract-intensif-30-ml\/\" \/>\r\n<meta property=\"og:site_name\" content=\"Paracherkaoui.ma\" \/>\r\n<meta property=\"article:modified_time\" content=\"2025-12-12T17:18:07+00:00\" \/>\r\n<meta property=\"og:image\" content=\"https:\/\/paracherkaoui.ma\/wp-content\/uploads\/2025\/12\/naturalia-serum-d-contract-intensif-30-ml.jpg\" \/>\r\n\t<meta property=\"og:image:width\" content=\"700\" \/>\r\n\t<meta property=\"og:image:height\" content=\"700\" \/>\r\n\t<meta property=\"og:image:type\" content=\"image\/jpeg\" \/>\r\n<meta name=\"twitter:card\" content=\"summary_large_image\" \/>\r\n<meta name=\"twitter:label1\" content=\"Dur\u00e9e de lecture estim\u00e9e\" \/>\n\t<meta name=\"twitter:data1\" content=\"1 minute\" \/>\r\n<script type=\"application\/ld+json\" class=\"yoast-schema-graph\">{\"@context\":\"https:\/\/schema.org\",\"@graph\":[{\"@type\":\"WebPage\",\"@id\":\"https:\/\/paracherkaoui.ma\/index.php\/produit\/naturalia-serum-d-contract-intensif-30-ml\/\",\"url\":\"https:\/\/paracherkaoui.ma\/index.php\/produit\/naturalia-serum-d-contract-intensif-30-ml\/\",\"name\":\"NATURALIA SERUM D CONTRACT INTENSIF 30 ML - Paracherkaoui.ma\",\"isPartOf\":{\"@id\":\"https:\/\/paracherkaoui.ma\/#website\"},\"primaryImageOfPage\":{\"@id\":\"https:\/\/paracherkaoui.ma\/index.php\/produit\/naturalia-serum-d-contract-intensif-30-ml\/#primaryimage\"},\"image\":{\"@id\":\"https:\/\/paracherkaoui.ma\/index.php\/produit\/naturalia-serum-d-contract-intensif-30-ml\/#primaryimage\"},\"thumbnailUrl\":\"https:\/\/paracherkaoui.ma\/wp-content\/uploads\/2025\/12\/naturalia-serum-d-contract-intensif-30-ml.jpg\",\"datePublished\":\"2025-12-12T17:18:01+00:00\",\"dateModified\":\"2025-12-12T17:18:07+00:00\",\"breadcrumb\":{\"@id\":\"https:\/\/paracherkaoui.ma\/index.php\/produit\/naturalia-serum-d-contract-intensif-30-ml\/#breadcrumb\"},\"inLanguage\":\"fr-FR\",\"potentialAction\":[{\"@type\":\"ReadAction\",\"target\":[\"https:\/\/paracherkaoui.ma\/index.php\/produit\/naturalia-serum-d-contract-intensif-30-ml\/\"]}]},{\"@type\":\"ImageObject\",\"inLanguage\":\"fr-FR\",\"@id\":\"https:\/\/paracherkaoui.ma\/index.php\/produit\/naturalia-serum-d-contract-intensif-30-ml\/#primaryimage\",\"url\":\"https:\/\/paracherkaoui.ma\/wp-content\/uploads\/2025\/12\/naturalia-serum-d-contract-intensif-30-ml.jpg\",\"contentUrl\":\"https:\/\/paracherkaoui.ma\/wp-content\/uploads\/2025\/12\/naturalia-serum-d-contract-intensif-30-ml.jpg\",\"width\":700,\"height\":700},{\"@type\":\"BreadcrumbList\",\"@id\":\"https:\/\/paracherkaoui.ma\/index.php\/produit\/naturalia-serum-d-contract-intensif-30-ml\/#breadcrumb\",\"itemListElement\":[{\"@type\":\"ListItem\",\"position\":1,\"name\":\"Accueil\",\"item\":\"https:\/\/paracherkaoui.ma\/\"},{\"@type\":\"ListItem\",\"position\":2,\"name\":\"Boutique\",\"item\":\"https:\/\/paracherkaoui.ma\/index.php\/boutique\/\"},{\"@type\":\"ListItem\",\"position\":3,\"name\":\"NATURALIA SERUM D CONTRACT INTENSIF 30 ML\"}]},{\"@type\":\"WebSite\",\"@id\":\"https:\/\/paracherkaoui.ma\/#website\",\"url\":\"https:\/\/paracherkaoui.ma\/\",\"name\":\"Paracherkaoui.ma\",\"description\":\"Achetez en ligne sur Paracherkaoui.ma\",\"potentialAction\":[{\"@type\":\"SearchAction\",\"target\":{\"@type\":\"EntryPoint\",\"urlTemplate\":\"https:\/\/paracherkaoui.ma\/?s={search_term_string}\"},\"query-input\":{\"@type\":\"PropertyValueSpecification\",\"valueRequired\":true,\"valueName\":\"search_term_string\"}}],\"inLanguage\":\"fr-FR\"}]}<\/script>\r\n<!-- \/ Yoast SEO plugin. -->","yoast_head_json":{"title":"NATURALIA SERUM D CONTRACT INTENSIF 30 ML - Paracherkaoui.ma","robots":{"index":"index","follow":"follow","max-snippet":"max-snippet:-1","max-image-preview":"max-image-preview:large","max-video-preview":"max-video-preview:-1"},"canonical":"https:\/\/paracherkaoui.ma\/index.php\/produit\/naturalia-serum-d-contract-intensif-30-ml\/","og_locale":"fr_FR","og_type":"article","og_title":"NATURALIA SERUM D CONTRACT INTENSIF 30 ML - Paracherkaoui.ma","og_description":"Soin intensif anti-rides d\u00e9contractant et r\u00e9g\u00e9n\u00e9rateur de la peau. Ce soin r\u00e9duit efficacement la profondeur des rides provoqu\u00e9es par les","og_url":"https:\/\/paracherkaoui.ma\/index.php\/produit\/naturalia-serum-d-contract-intensif-30-ml\/","og_site_name":"Paracherkaoui.ma","article_modified_time":"2025-12-12T17:18:07+00:00","og_image":[{"width":700,"height":700,"url":"https:\/\/paracherkaoui.ma\/wp-content\/uploads\/2025\/12\/naturalia-serum-d-contract-intensif-30-ml.jpg","type":"image\/jpeg"}],"twitter_card":"summary_large_image","twitter_misc":{"Dur\u00e9e de lecture estim\u00e9e":"1 minute"},"schema":{"@context":"https:\/\/schema.org","@graph":[{"@type":"WebPage","@id":"https:\/\/paracherkaoui.ma\/index.php\/produit\/naturalia-serum-d-contract-intensif-30-ml\/","url":"https:\/\/paracherkaoui.ma\/index.php\/produit\/naturalia-serum-d-contract-intensif-30-ml\/","name":"NATURALIA SERUM D CONTRACT INTENSIF 30 ML - Paracherkaoui.ma","isPartOf":{"@id":"https:\/\/paracherkaoui.ma\/#website"},"primaryImageOfPage":{"@id":"https:\/\/paracherkaoui.ma\/index.php\/produit\/naturalia-serum-d-contract-intensif-30-ml\/#primaryimage"},"image":{"@id":"https:\/\/paracherkaoui.ma\/index.php\/produit\/naturalia-serum-d-contract-intensif-30-ml\/#primaryimage"},"thumbnailUrl":"https:\/\/paracherkaoui.ma\/wp-content\/uploads\/2025\/12\/naturalia-serum-d-contract-intensif-30-ml.jpg","datePublished":"2025-12-12T17:18:01+00:00","dateModified":"2025-12-12T17:18:07+00:00","breadcrumb":{"@id":"https:\/\/paracherkaoui.ma\/index.php\/produit\/naturalia-serum-d-contract-intensif-30-ml\/#breadcrumb"},"inLanguage":"fr-FR","potentialAction":[{"@type":"ReadAction","target":["https:\/\/paracherkaoui.ma\/index.php\/produit\/naturalia-serum-d-contract-intensif-30-ml\/"]}]},{"@type":"ImageObject","inLanguage":"fr-FR","@id":"https:\/\/paracherkaoui.ma\/index.php\/produit\/naturalia-serum-d-contract-intensif-30-ml\/#primaryimage","url":"https:\/\/paracherkaoui.ma\/wp-content\/uploads\/2025\/12\/naturalia-serum-d-contract-intensif-30-ml.jpg","contentUrl":"https:\/\/paracherkaoui.ma\/wp-content\/uploads\/2025\/12\/naturalia-serum-d-contract-intensif-30-ml.jpg","width":700,"height":700},{"@type":"BreadcrumbList","@id":"https:\/\/paracherkaoui.ma\/index.php\/produit\/naturalia-serum-d-contract-intensif-30-ml\/#breadcrumb","itemListElement":[{"@type":"ListItem","position":1,"name":"Accueil","item":"https:\/\/paracherkaoui.ma\/"},{"@type":"ListItem","position":2,"name":"Boutique","item":"https:\/\/paracherkaoui.ma\/index.php\/boutique\/"},{"@type":"ListItem","position":3,"name":"NATURALIA SERUM D CONTRACT INTENSIF 30 ML"}]},{"@type":"WebSite","@id":"https:\/\/paracherkaoui.ma\/#website","url":"https:\/\/paracherkaoui.ma\/","name":"Paracherkaoui.ma","description":"Achetez en ligne sur Paracherkaoui.ma","potentialAction":[{"@type":"SearchAction","target":{"@type":"EntryPoint","urlTemplate":"https:\/\/paracherkaoui.ma\/?s={search_term_string}"},"query-input":{"@type":"PropertyValueSpecification","valueRequired":true,"valueName":"search_term_string"}}],"inLanguage":"fr-FR"}]}},"_links":{"self":[{"href":"https:\/\/paracherkaoui.ma\/index.php\/wp-json\/wp\/v2\/product\/23232","targetHints":{"allow":["GET"]}}],"collection":[{"href":"https:\/\/paracherkaoui.ma\/index.php\/wp-json\/wp\/v2\/product"}],"about":[{"href":"https:\/\/paracherkaoui.ma\/index.php\/wp-json\/wp\/v2\/types\/product"}],"replies":[{"embeddable":true,"href":"https:\/\/paracherkaoui.ma\/index.php\/wp-json\/wp\/v2\/comments?post=23232"}],"version-history":[{"count":1,"href":"https:\/\/paracherkaoui.ma\/index.php\/wp-json\/wp\/v2\/product\/23232\/revisions"}],"predecessor-version":[{"id":23288,"href":"https:\/\/paracherkaoui.ma\/index.php\/wp-json\/wp\/v2\/product\/23232\/revisions\/23288"}],"wp:featuredmedia":[{"embeddable":true,"href":"https:\/\/paracherkaoui.ma\/index.php\/wp-json\/wp\/v2\/media\/23287"}],"wp:attachment":[{"href":"https:\/\/paracherkaoui.ma\/index.php\/wp-json\/wp\/v2\/media?parent=23232"}],"wp:term":[{"taxonomy":"product_brand","embeddable":true,"href":"https:\/\/paracherkaoui.ma\/index.php\/wp-json\/wp\/v2\/product_brand?post=23232"},{"taxonomy":"product_cat","embeddable":true,"href":"https:\/\/paracherkaoui.ma\/index.php\/wp-json\/wp\/v2\/product_cat?post=23232"},{"taxonomy":"product_tag","embeddable":true,"href":"https:\/\/paracherkaoui.ma\/index.php\/wp-json\/wp\/v2\/product_tag?post=23232"}],"curies":[{"name":"wp","href":"https:\/\/api.w.org\/{rel}","templated":true}]}}