{"id":23148,"date":"2025-12-12T18:17:49","date_gmt":"2025-12-12T17:17:49","guid":{"rendered":"https:\/\/test.ecbeaute.com\/?post_type=product&#038;p=23148"},"modified":"2025-12-12T18:17:58","modified_gmt":"2025-12-12T17:17:58","slug":"heliabrine-confort-32-creme-fermete-et-hydratation-50-ml","status":"publish","type":"product","link":"https:\/\/paracherkaoui.ma\/index.php\/produit\/heliabrine-confort-32-creme-fermete-et-hydratation-50-ml\/","title":{"rendered":"HELIABRINE CONFORT 32 CREME FERMETE ET HYDRATATION 50 ML"},"content":{"rendered":"<p>Id\u00e9ale pour peaux s\u00e8ches, fragiles et exigeantes.<br \/>\nCalme instantan\u00e9ment rougeurs et sensations d\u2019inconfort.<br \/>\nPr\u00e9serve la fermet\u00e9 et jeunesse de la peau.<br \/>\nIntens\u00e9ment hydrat\u00e9e* et plus r\u00e9sistante, la peau est souple, douce et visiblement plus belle**.<br \/>\n*Gain d&rsquo;hydratation : +75% 1h apr\u00e8s application, +44% apr\u00e8s 7 heures.<br \/>\n**Test par auto \u00e9valuation.<\/p>\n<p>Indications :<br \/>\nPeaux s\u00e8ches et sensibles<\/p>\n<p>Formule :<br \/>\nPRINCIPES ACTIFS : M\u00e9lilot BIO, Marguerite Bleue, Allanto\u00efne, Pro Vitamine B5, Huile de Cameline, Huile de P\u00e9pins de raisins, Imp\u00e9rata Cylindrica, Glyc\u00e9rine v\u00e9g\u00e9tale, Acide hyaluronique, Algisium C\u00ae<br \/>\nSANS PARABEN<br \/>\nTEST\u00c9 SOUS CONTR\u00d4LE DERMATOLOGIQUE<\/p>\n<p>Conseils d&rsquo;utilisation :<\/p>\n<p>Sa texture tr\u00e8s riche et ultra confortable, la destine au soin des peaux s\u00e8ches \u00e0 tr\u00e8s s\u00e8ches.<br \/>\nElle est recommand\u00e9e en soin de nuit en association avec la cr\u00e8me r\u00e9\u00e9quilibrante au m\u00e9lilot BIO la journ\u00e9e, ou en soin de jour et de nuit pour les peaux tr\u00e8s s\u00e8ches et les p\u00e9riodes o\u00f9 la peau est plus exigeante.<br \/>\nAppliquer sur le visage et le cou parfaitement nettoy\u00e9s.<br \/>\nPeut s\u2019utiliser sur le contour des yeux.<\/p>\n","protected":false},"excerpt":{"rendered":"<p>Id\u00e9ale pour peaux s\u00e8ches, fragiles et exigeantes. Calme instantan\u00e9ment rougeurs et sensations d\u2019inconfort. Pr\u00e9serve la fermet\u00e9 et jeunesse de la<\/p>\n","protected":false},"featured_media":23203,"comment_status":"open","ping_status":"closed","template":"","meta":[],"product_brand":[360],"product_cat":[488],"product_tag":[],"class_list":{"0":"post-23148","1":"product","2":"type-product","3":"status-publish","4":"has-post-thumbnail","6":"product_brand-heliabrine","7":"product_cat-peaux-matures","9":"first","10":"instock","11":"sale","12":"shipping-taxable","13":"purchasable","14":"product-type-simple"},"yoast_head":"<!-- This site is optimized with the Yoast SEO plugin v26.6 - https:\/\/yoast.com\/wordpress\/plugins\/seo\/ -->\r\n<title>HELIABRINE CONFORT 32 CREME FERMETE ET HYDRATATION 50 ML - Paracherkaoui.ma<\/title>\r\n<meta name=\"robots\" content=\"index, follow, max-snippet:-1, max-image-preview:large, max-video-preview:-1\" \/>\r\n<link rel=\"canonical\" href=\"https:\/\/paracherkaoui.ma\/index.php\/produit\/heliabrine-confort-32-creme-fermete-et-hydratation-50-ml\/\" \/>\r\n<meta property=\"og:locale\" content=\"fr_FR\" \/>\r\n<meta property=\"og:type\" content=\"article\" \/>\r\n<meta property=\"og:title\" content=\"HELIABRINE CONFORT 32 CREME FERMETE ET HYDRATATION 50 ML - Paracherkaoui.ma\" \/>\r\n<meta property=\"og:description\" content=\"Id\u00e9ale pour peaux s\u00e8ches, fragiles et exigeantes. Calme instantan\u00e9ment rougeurs et sensations d\u2019inconfort. Pr\u00e9serve la fermet\u00e9 et jeunesse de la\" \/>\r\n<meta property=\"og:url\" content=\"https:\/\/paracherkaoui.ma\/index.php\/produit\/heliabrine-confort-32-creme-fermete-et-hydratation-50-ml\/\" \/>\r\n<meta property=\"og:site_name\" content=\"Paracherkaoui.ma\" \/>\r\n<meta property=\"article:modified_time\" content=\"2025-12-12T17:17:58+00:00\" \/>\r\n<meta property=\"og:image\" content=\"https:\/\/paracherkaoui.ma\/wp-content\/uploads\/2025\/12\/heliabrine-heliabrine-confort-32-creme-fermete-et-hydratation-50-ml-peaux-matures.jpg\" \/>\r\n\t<meta property=\"og:image:width\" content=\"700\" \/>\r\n\t<meta property=\"og:image:height\" content=\"700\" \/>\r\n\t<meta property=\"og:image:type\" content=\"image\/jpeg\" \/>\r\n<meta name=\"twitter:card\" content=\"summary_large_image\" \/>\r\n<meta name=\"twitter:label1\" content=\"Dur\u00e9e de lecture estim\u00e9e\" \/>\n\t<meta name=\"twitter:data1\" content=\"1 minute\" \/>\r\n<script type=\"application\/ld+json\" class=\"yoast-schema-graph\">{\"@context\":\"https:\/\/schema.org\",\"@graph\":[{\"@type\":\"WebPage\",\"@id\":\"https:\/\/paracherkaoui.ma\/index.php\/produit\/heliabrine-confort-32-creme-fermete-et-hydratation-50-ml\/\",\"url\":\"https:\/\/paracherkaoui.ma\/index.php\/produit\/heliabrine-confort-32-creme-fermete-et-hydratation-50-ml\/\",\"name\":\"HELIABRINE CONFORT 32 CREME FERMETE ET HYDRATATION 50 ML - Paracherkaoui.ma\",\"isPartOf\":{\"@id\":\"https:\/\/paracherkaoui.ma\/#website\"},\"primaryImageOfPage\":{\"@id\":\"https:\/\/paracherkaoui.ma\/index.php\/produit\/heliabrine-confort-32-creme-fermete-et-hydratation-50-ml\/#primaryimage\"},\"image\":{\"@id\":\"https:\/\/paracherkaoui.ma\/index.php\/produit\/heliabrine-confort-32-creme-fermete-et-hydratation-50-ml\/#primaryimage\"},\"thumbnailUrl\":\"https:\/\/paracherkaoui.ma\/wp-content\/uploads\/2025\/12\/heliabrine-heliabrine-confort-32-creme-fermete-et-hydratation-50-ml-peaux-matures.jpg\",\"datePublished\":\"2025-12-12T17:17:49+00:00\",\"dateModified\":\"2025-12-12T17:17:58+00:00\",\"breadcrumb\":{\"@id\":\"https:\/\/paracherkaoui.ma\/index.php\/produit\/heliabrine-confort-32-creme-fermete-et-hydratation-50-ml\/#breadcrumb\"},\"inLanguage\":\"fr-FR\",\"potentialAction\":[{\"@type\":\"ReadAction\",\"target\":[\"https:\/\/paracherkaoui.ma\/index.php\/produit\/heliabrine-confort-32-creme-fermete-et-hydratation-50-ml\/\"]}]},{\"@type\":\"ImageObject\",\"inLanguage\":\"fr-FR\",\"@id\":\"https:\/\/paracherkaoui.ma\/index.php\/produit\/heliabrine-confort-32-creme-fermete-et-hydratation-50-ml\/#primaryimage\",\"url\":\"https:\/\/paracherkaoui.ma\/wp-content\/uploads\/2025\/12\/heliabrine-heliabrine-confort-32-creme-fermete-et-hydratation-50-ml-peaux-matures.jpg\",\"contentUrl\":\"https:\/\/paracherkaoui.ma\/wp-content\/uploads\/2025\/12\/heliabrine-heliabrine-confort-32-creme-fermete-et-hydratation-50-ml-peaux-matures.jpg\",\"width\":700,\"height\":700},{\"@type\":\"BreadcrumbList\",\"@id\":\"https:\/\/paracherkaoui.ma\/index.php\/produit\/heliabrine-confort-32-creme-fermete-et-hydratation-50-ml\/#breadcrumb\",\"itemListElement\":[{\"@type\":\"ListItem\",\"position\":1,\"name\":\"Accueil\",\"item\":\"https:\/\/paracherkaoui.ma\/\"},{\"@type\":\"ListItem\",\"position\":2,\"name\":\"Boutique\",\"item\":\"https:\/\/paracherkaoui.ma\/index.php\/boutique\/\"},{\"@type\":\"ListItem\",\"position\":3,\"name\":\"HELIABRINE CONFORT 32 CREME FERMETE ET HYDRATATION 50 ML\"}]},{\"@type\":\"WebSite\",\"@id\":\"https:\/\/paracherkaoui.ma\/#website\",\"url\":\"https:\/\/paracherkaoui.ma\/\",\"name\":\"Paracherkaoui.ma\",\"description\":\"Achetez en ligne sur Paracherkaoui.ma\",\"potentialAction\":[{\"@type\":\"SearchAction\",\"target\":{\"@type\":\"EntryPoint\",\"urlTemplate\":\"https:\/\/paracherkaoui.ma\/?s={search_term_string}\"},\"query-input\":{\"@type\":\"PropertyValueSpecification\",\"valueRequired\":true,\"valueName\":\"search_term_string\"}}],\"inLanguage\":\"fr-FR\"}]}<\/script>\r\n<!-- \/ Yoast SEO plugin. -->","yoast_head_json":{"title":"HELIABRINE CONFORT 32 CREME FERMETE ET HYDRATATION 50 ML - Paracherkaoui.ma","robots":{"index":"index","follow":"follow","max-snippet":"max-snippet:-1","max-image-preview":"max-image-preview:large","max-video-preview":"max-video-preview:-1"},"canonical":"https:\/\/paracherkaoui.ma\/index.php\/produit\/heliabrine-confort-32-creme-fermete-et-hydratation-50-ml\/","og_locale":"fr_FR","og_type":"article","og_title":"HELIABRINE CONFORT 32 CREME FERMETE ET HYDRATATION 50 ML - Paracherkaoui.ma","og_description":"Id\u00e9ale pour peaux s\u00e8ches, fragiles et exigeantes. Calme instantan\u00e9ment rougeurs et sensations d\u2019inconfort. Pr\u00e9serve la fermet\u00e9 et jeunesse de la","og_url":"https:\/\/paracherkaoui.ma\/index.php\/produit\/heliabrine-confort-32-creme-fermete-et-hydratation-50-ml\/","og_site_name":"Paracherkaoui.ma","article_modified_time":"2025-12-12T17:17:58+00:00","og_image":[{"width":700,"height":700,"url":"https:\/\/paracherkaoui.ma\/wp-content\/uploads\/2025\/12\/heliabrine-heliabrine-confort-32-creme-fermete-et-hydratation-50-ml-peaux-matures.jpg","type":"image\/jpeg"}],"twitter_card":"summary_large_image","twitter_misc":{"Dur\u00e9e de lecture estim\u00e9e":"1 minute"},"schema":{"@context":"https:\/\/schema.org","@graph":[{"@type":"WebPage","@id":"https:\/\/paracherkaoui.ma\/index.php\/produit\/heliabrine-confort-32-creme-fermete-et-hydratation-50-ml\/","url":"https:\/\/paracherkaoui.ma\/index.php\/produit\/heliabrine-confort-32-creme-fermete-et-hydratation-50-ml\/","name":"HELIABRINE CONFORT 32 CREME FERMETE ET HYDRATATION 50 ML - Paracherkaoui.ma","isPartOf":{"@id":"https:\/\/paracherkaoui.ma\/#website"},"primaryImageOfPage":{"@id":"https:\/\/paracherkaoui.ma\/index.php\/produit\/heliabrine-confort-32-creme-fermete-et-hydratation-50-ml\/#primaryimage"},"image":{"@id":"https:\/\/paracherkaoui.ma\/index.php\/produit\/heliabrine-confort-32-creme-fermete-et-hydratation-50-ml\/#primaryimage"},"thumbnailUrl":"https:\/\/paracherkaoui.ma\/wp-content\/uploads\/2025\/12\/heliabrine-heliabrine-confort-32-creme-fermete-et-hydratation-50-ml-peaux-matures.jpg","datePublished":"2025-12-12T17:17:49+00:00","dateModified":"2025-12-12T17:17:58+00:00","breadcrumb":{"@id":"https:\/\/paracherkaoui.ma\/index.php\/produit\/heliabrine-confort-32-creme-fermete-et-hydratation-50-ml\/#breadcrumb"},"inLanguage":"fr-FR","potentialAction":[{"@type":"ReadAction","target":["https:\/\/paracherkaoui.ma\/index.php\/produit\/heliabrine-confort-32-creme-fermete-et-hydratation-50-ml\/"]}]},{"@type":"ImageObject","inLanguage":"fr-FR","@id":"https:\/\/paracherkaoui.ma\/index.php\/produit\/heliabrine-confort-32-creme-fermete-et-hydratation-50-ml\/#primaryimage","url":"https:\/\/paracherkaoui.ma\/wp-content\/uploads\/2025\/12\/heliabrine-heliabrine-confort-32-creme-fermete-et-hydratation-50-ml-peaux-matures.jpg","contentUrl":"https:\/\/paracherkaoui.ma\/wp-content\/uploads\/2025\/12\/heliabrine-heliabrine-confort-32-creme-fermete-et-hydratation-50-ml-peaux-matures.jpg","width":700,"height":700},{"@type":"BreadcrumbList","@id":"https:\/\/paracherkaoui.ma\/index.php\/produit\/heliabrine-confort-32-creme-fermete-et-hydratation-50-ml\/#breadcrumb","itemListElement":[{"@type":"ListItem","position":1,"name":"Accueil","item":"https:\/\/paracherkaoui.ma\/"},{"@type":"ListItem","position":2,"name":"Boutique","item":"https:\/\/paracherkaoui.ma\/index.php\/boutique\/"},{"@type":"ListItem","position":3,"name":"HELIABRINE CONFORT 32 CREME FERMETE ET HYDRATATION 50 ML"}]},{"@type":"WebSite","@id":"https:\/\/paracherkaoui.ma\/#website","url":"https:\/\/paracherkaoui.ma\/","name":"Paracherkaoui.ma","description":"Achetez en ligne sur Paracherkaoui.ma","potentialAction":[{"@type":"SearchAction","target":{"@type":"EntryPoint","urlTemplate":"https:\/\/paracherkaoui.ma\/?s={search_term_string}"},"query-input":{"@type":"PropertyValueSpecification","valueRequired":true,"valueName":"search_term_string"}}],"inLanguage":"fr-FR"}]}},"_links":{"self":[{"href":"https:\/\/paracherkaoui.ma\/index.php\/wp-json\/wp\/v2\/product\/23148","targetHints":{"allow":["GET"]}}],"collection":[{"href":"https:\/\/paracherkaoui.ma\/index.php\/wp-json\/wp\/v2\/product"}],"about":[{"href":"https:\/\/paracherkaoui.ma\/index.php\/wp-json\/wp\/v2\/types\/product"}],"replies":[{"embeddable":true,"href":"https:\/\/paracherkaoui.ma\/index.php\/wp-json\/wp\/v2\/comments?post=23148"}],"version-history":[{"count":1,"href":"https:\/\/paracherkaoui.ma\/index.php\/wp-json\/wp\/v2\/product\/23148\/revisions"}],"predecessor-version":[{"id":23204,"href":"https:\/\/paracherkaoui.ma\/index.php\/wp-json\/wp\/v2\/product\/23148\/revisions\/23204"}],"wp:featuredmedia":[{"embeddable":true,"href":"https:\/\/paracherkaoui.ma\/index.php\/wp-json\/wp\/v2\/media\/23203"}],"wp:attachment":[{"href":"https:\/\/paracherkaoui.ma\/index.php\/wp-json\/wp\/v2\/media?parent=23148"}],"wp:term":[{"taxonomy":"product_brand","embeddable":true,"href":"https:\/\/paracherkaoui.ma\/index.php\/wp-json\/wp\/v2\/product_brand?post=23148"},{"taxonomy":"product_cat","embeddable":true,"href":"https:\/\/paracherkaoui.ma\/index.php\/wp-json\/wp\/v2\/product_cat?post=23148"},{"taxonomy":"product_tag","embeddable":true,"href":"https:\/\/paracherkaoui.ma\/index.php\/wp-json\/wp\/v2\/product_tag?post=23148"}],"curies":[{"name":"wp","href":"https:\/\/api.w.org\/{rel}","templated":true}]}}