{"id":23141,"date":"2025-12-12T18:17:49","date_gmt":"2025-12-12T17:17:49","guid":{"rendered":"https:\/\/test.ecbeaute.com\/?post_type=product&#038;p=23141"},"modified":"2025-12-12T18:17:55","modified_gmt":"2025-12-12T17:17:55","slug":"caudalie-resveratrol-serum-liftant-fermete-30-ml","status":"publish","type":"product","link":"https:\/\/paracherkaoui.ma\/index.php\/produit\/caudalie-resveratrol-serum-liftant-fermete-30-ml\/","title":{"rendered":"CAUDALIE RESVERATROL SERUM LIFTANT FERMETE 30 ML"},"content":{"rendered":"<p>Nouveau \u2013 Brevet d\u00e9pos\u00e9 au booster de collag\u00e8ne vegan pour encore plus d\u2019efficacit\u00e9.<br \/>\n2x plus efficace que le r\u00e9tinol sur la production naturelle de collag\u00e8ne.(1)<br \/>\nGr\u00e2ce \u00e0 son alliance brevet\u00e9e de resv\u00e9ratrol, acide hyaluronique et booster de collag\u00e8ne vegan, le S\u00e9rum Liftant Fermet\u00e9 corrige les rides et lisse l\u2019ovale du visage gr\u00e2ce \u00e0 sa haute concentration en Resv\u00e9ratrol de vigne. Les traits sont lift\u00e9s, le visage retrouve sa forme en V.<br \/>\nCompos\u00e9e \u00e0 plus de 97% d\u2019ingr\u00e9dients d\u2019origine naturelle, sa texture oil free et soyeuse fond sur la peau, sans effet collant.<br \/>\nSon complexe phyto-aromatique laisse la peau d\u00e9licatement parfum\u00e9e de notes de basilic, citronnelle, camomille, thym et fleur d\u2019oranger.<br \/>\nCaudalie s\u2019engage :<br \/>\n\u2013 Des packagings 100% recyclables pour un objectif z\u00e9ro d\u00e9chet.(2)<br \/>\n\u2013 Des \u00e9tuis fabriqu\u00e9s avec moins de papier et sans pelliculage plastique soit -40% d\u2019\u00e9mission d\u2019empreinte carbone.(3)<br \/>\nB\u00e9n\u00e9fices<br \/>\nCorrige les rides<br \/>\nLisse l\u2019ovale du visage<br \/>\nRaffermit et tonifie la peau<br \/>\nConseils d&rsquo;utilisation<br \/>\nAppliquer matin et soir, sur le visage, le cou et le d\u00e9collet\u00e9 avant votre cr\u00e8me.<\/p>\n","protected":false},"excerpt":{"rendered":"<p>Nouveau \u2013 Brevet d\u00e9pos\u00e9 au booster de collag\u00e8ne vegan pour encore plus d\u2019efficacit\u00e9. 2x plus efficace que le r\u00e9tinol sur<\/p>\n","protected":false},"featured_media":23189,"comment_status":"open","ping_status":"closed","template":"","meta":[],"product_brand":[358],"product_cat":[488],"product_tag":[],"class_list":{"0":"post-23141","1":"product","2":"type-product","3":"status-publish","4":"has-post-thumbnail","6":"product_brand-caudalie","7":"product_cat-peaux-matures","9":"first","10":"instock","11":"shipping-taxable","12":"purchasable","13":"product-type-simple"},"yoast_head":"<!-- This site is optimized with the Yoast SEO plugin v26.6 - https:\/\/yoast.com\/wordpress\/plugins\/seo\/ -->\r\n<title>CAUDALIE RESVERATROL SERUM LIFTANT FERMETE 30 ML - Paracherkaoui.ma<\/title>\r\n<meta name=\"robots\" content=\"index, follow, max-snippet:-1, max-image-preview:large, max-video-preview:-1\" \/>\r\n<link rel=\"canonical\" href=\"https:\/\/paracherkaoui.ma\/index.php\/produit\/caudalie-resveratrol-serum-liftant-fermete-30-ml\/\" \/>\r\n<meta property=\"og:locale\" content=\"fr_FR\" \/>\r\n<meta property=\"og:type\" content=\"article\" \/>\r\n<meta property=\"og:title\" content=\"CAUDALIE RESVERATROL SERUM LIFTANT FERMETE 30 ML - Paracherkaoui.ma\" \/>\r\n<meta property=\"og:description\" content=\"Nouveau \u2013 Brevet d\u00e9pos\u00e9 au booster de collag\u00e8ne vegan pour encore plus d\u2019efficacit\u00e9. 2x plus efficace que le r\u00e9tinol sur\" \/>\r\n<meta property=\"og:url\" content=\"https:\/\/paracherkaoui.ma\/index.php\/produit\/caudalie-resveratrol-serum-liftant-fermete-30-ml\/\" \/>\r\n<meta property=\"og:site_name\" content=\"Paracherkaoui.ma\" \/>\r\n<meta property=\"article:modified_time\" content=\"2025-12-12T17:17:55+00:00\" \/>\r\n<meta property=\"og:image\" content=\"https:\/\/paracherkaoui.ma\/wp-content\/uploads\/2025\/12\/caudalie-resveratrol-serum-liftant-fermete-30-ml.jpg\" \/>\r\n\t<meta property=\"og:image:width\" content=\"700\" \/>\r\n\t<meta property=\"og:image:height\" content=\"700\" \/>\r\n\t<meta property=\"og:image:type\" content=\"image\/jpeg\" \/>\r\n<meta name=\"twitter:card\" content=\"summary_large_image\" \/>\r\n<meta name=\"twitter:label1\" content=\"Dur\u00e9e de lecture estim\u00e9e\" \/>\n\t<meta name=\"twitter:data1\" content=\"1 minute\" \/>\r\n<script type=\"application\/ld+json\" class=\"yoast-schema-graph\">{\"@context\":\"https:\/\/schema.org\",\"@graph\":[{\"@type\":\"WebPage\",\"@id\":\"https:\/\/paracherkaoui.ma\/index.php\/produit\/caudalie-resveratrol-serum-liftant-fermete-30-ml\/\",\"url\":\"https:\/\/paracherkaoui.ma\/index.php\/produit\/caudalie-resveratrol-serum-liftant-fermete-30-ml\/\",\"name\":\"CAUDALIE RESVERATROL SERUM LIFTANT FERMETE 30 ML - Paracherkaoui.ma\",\"isPartOf\":{\"@id\":\"https:\/\/paracherkaoui.ma\/#website\"},\"primaryImageOfPage\":{\"@id\":\"https:\/\/paracherkaoui.ma\/index.php\/produit\/caudalie-resveratrol-serum-liftant-fermete-30-ml\/#primaryimage\"},\"image\":{\"@id\":\"https:\/\/paracherkaoui.ma\/index.php\/produit\/caudalie-resveratrol-serum-liftant-fermete-30-ml\/#primaryimage\"},\"thumbnailUrl\":\"https:\/\/paracherkaoui.ma\/wp-content\/uploads\/2025\/12\/caudalie-resveratrol-serum-liftant-fermete-30-ml.jpg\",\"datePublished\":\"2025-12-12T17:17:49+00:00\",\"dateModified\":\"2025-12-12T17:17:55+00:00\",\"breadcrumb\":{\"@id\":\"https:\/\/paracherkaoui.ma\/index.php\/produit\/caudalie-resveratrol-serum-liftant-fermete-30-ml\/#breadcrumb\"},\"inLanguage\":\"fr-FR\",\"potentialAction\":[{\"@type\":\"ReadAction\",\"target\":[\"https:\/\/paracherkaoui.ma\/index.php\/produit\/caudalie-resveratrol-serum-liftant-fermete-30-ml\/\"]}]},{\"@type\":\"ImageObject\",\"inLanguage\":\"fr-FR\",\"@id\":\"https:\/\/paracherkaoui.ma\/index.php\/produit\/caudalie-resveratrol-serum-liftant-fermete-30-ml\/#primaryimage\",\"url\":\"https:\/\/paracherkaoui.ma\/wp-content\/uploads\/2025\/12\/caudalie-resveratrol-serum-liftant-fermete-30-ml.jpg\",\"contentUrl\":\"https:\/\/paracherkaoui.ma\/wp-content\/uploads\/2025\/12\/caudalie-resveratrol-serum-liftant-fermete-30-ml.jpg\",\"width\":700,\"height\":700},{\"@type\":\"BreadcrumbList\",\"@id\":\"https:\/\/paracherkaoui.ma\/index.php\/produit\/caudalie-resveratrol-serum-liftant-fermete-30-ml\/#breadcrumb\",\"itemListElement\":[{\"@type\":\"ListItem\",\"position\":1,\"name\":\"Accueil\",\"item\":\"https:\/\/paracherkaoui.ma\/\"},{\"@type\":\"ListItem\",\"position\":2,\"name\":\"Boutique\",\"item\":\"https:\/\/paracherkaoui.ma\/index.php\/boutique\/\"},{\"@type\":\"ListItem\",\"position\":3,\"name\":\"CAUDALIE RESVERATROL SERUM LIFTANT FERMETE 30 ML\"}]},{\"@type\":\"WebSite\",\"@id\":\"https:\/\/paracherkaoui.ma\/#website\",\"url\":\"https:\/\/paracherkaoui.ma\/\",\"name\":\"Paracherkaoui.ma\",\"description\":\"Achetez en ligne sur Paracherkaoui.ma\",\"potentialAction\":[{\"@type\":\"SearchAction\",\"target\":{\"@type\":\"EntryPoint\",\"urlTemplate\":\"https:\/\/paracherkaoui.ma\/?s={search_term_string}\"},\"query-input\":{\"@type\":\"PropertyValueSpecification\",\"valueRequired\":true,\"valueName\":\"search_term_string\"}}],\"inLanguage\":\"fr-FR\"}]}<\/script>\r\n<!-- \/ Yoast SEO plugin. -->","yoast_head_json":{"title":"CAUDALIE RESVERATROL SERUM LIFTANT FERMETE 30 ML - Paracherkaoui.ma","robots":{"index":"index","follow":"follow","max-snippet":"max-snippet:-1","max-image-preview":"max-image-preview:large","max-video-preview":"max-video-preview:-1"},"canonical":"https:\/\/paracherkaoui.ma\/index.php\/produit\/caudalie-resveratrol-serum-liftant-fermete-30-ml\/","og_locale":"fr_FR","og_type":"article","og_title":"CAUDALIE RESVERATROL SERUM LIFTANT FERMETE 30 ML - Paracherkaoui.ma","og_description":"Nouveau \u2013 Brevet d\u00e9pos\u00e9 au booster de collag\u00e8ne vegan pour encore plus d\u2019efficacit\u00e9. 2x plus efficace que le r\u00e9tinol sur","og_url":"https:\/\/paracherkaoui.ma\/index.php\/produit\/caudalie-resveratrol-serum-liftant-fermete-30-ml\/","og_site_name":"Paracherkaoui.ma","article_modified_time":"2025-12-12T17:17:55+00:00","og_image":[{"width":700,"height":700,"url":"https:\/\/paracherkaoui.ma\/wp-content\/uploads\/2025\/12\/caudalie-resveratrol-serum-liftant-fermete-30-ml.jpg","type":"image\/jpeg"}],"twitter_card":"summary_large_image","twitter_misc":{"Dur\u00e9e de lecture estim\u00e9e":"1 minute"},"schema":{"@context":"https:\/\/schema.org","@graph":[{"@type":"WebPage","@id":"https:\/\/paracherkaoui.ma\/index.php\/produit\/caudalie-resveratrol-serum-liftant-fermete-30-ml\/","url":"https:\/\/paracherkaoui.ma\/index.php\/produit\/caudalie-resveratrol-serum-liftant-fermete-30-ml\/","name":"CAUDALIE RESVERATROL SERUM LIFTANT FERMETE 30 ML - Paracherkaoui.ma","isPartOf":{"@id":"https:\/\/paracherkaoui.ma\/#website"},"primaryImageOfPage":{"@id":"https:\/\/paracherkaoui.ma\/index.php\/produit\/caudalie-resveratrol-serum-liftant-fermete-30-ml\/#primaryimage"},"image":{"@id":"https:\/\/paracherkaoui.ma\/index.php\/produit\/caudalie-resveratrol-serum-liftant-fermete-30-ml\/#primaryimage"},"thumbnailUrl":"https:\/\/paracherkaoui.ma\/wp-content\/uploads\/2025\/12\/caudalie-resveratrol-serum-liftant-fermete-30-ml.jpg","datePublished":"2025-12-12T17:17:49+00:00","dateModified":"2025-12-12T17:17:55+00:00","breadcrumb":{"@id":"https:\/\/paracherkaoui.ma\/index.php\/produit\/caudalie-resveratrol-serum-liftant-fermete-30-ml\/#breadcrumb"},"inLanguage":"fr-FR","potentialAction":[{"@type":"ReadAction","target":["https:\/\/paracherkaoui.ma\/index.php\/produit\/caudalie-resveratrol-serum-liftant-fermete-30-ml\/"]}]},{"@type":"ImageObject","inLanguage":"fr-FR","@id":"https:\/\/paracherkaoui.ma\/index.php\/produit\/caudalie-resveratrol-serum-liftant-fermete-30-ml\/#primaryimage","url":"https:\/\/paracherkaoui.ma\/wp-content\/uploads\/2025\/12\/caudalie-resveratrol-serum-liftant-fermete-30-ml.jpg","contentUrl":"https:\/\/paracherkaoui.ma\/wp-content\/uploads\/2025\/12\/caudalie-resveratrol-serum-liftant-fermete-30-ml.jpg","width":700,"height":700},{"@type":"BreadcrumbList","@id":"https:\/\/paracherkaoui.ma\/index.php\/produit\/caudalie-resveratrol-serum-liftant-fermete-30-ml\/#breadcrumb","itemListElement":[{"@type":"ListItem","position":1,"name":"Accueil","item":"https:\/\/paracherkaoui.ma\/"},{"@type":"ListItem","position":2,"name":"Boutique","item":"https:\/\/paracherkaoui.ma\/index.php\/boutique\/"},{"@type":"ListItem","position":3,"name":"CAUDALIE RESVERATROL SERUM LIFTANT FERMETE 30 ML"}]},{"@type":"WebSite","@id":"https:\/\/paracherkaoui.ma\/#website","url":"https:\/\/paracherkaoui.ma\/","name":"Paracherkaoui.ma","description":"Achetez en ligne sur Paracherkaoui.ma","potentialAction":[{"@type":"SearchAction","target":{"@type":"EntryPoint","urlTemplate":"https:\/\/paracherkaoui.ma\/?s={search_term_string}"},"query-input":{"@type":"PropertyValueSpecification","valueRequired":true,"valueName":"search_term_string"}}],"inLanguage":"fr-FR"}]}},"_links":{"self":[{"href":"https:\/\/paracherkaoui.ma\/index.php\/wp-json\/wp\/v2\/product\/23141","targetHints":{"allow":["GET"]}}],"collection":[{"href":"https:\/\/paracherkaoui.ma\/index.php\/wp-json\/wp\/v2\/product"}],"about":[{"href":"https:\/\/paracherkaoui.ma\/index.php\/wp-json\/wp\/v2\/types\/product"}],"replies":[{"embeddable":true,"href":"https:\/\/paracherkaoui.ma\/index.php\/wp-json\/wp\/v2\/comments?post=23141"}],"version-history":[{"count":1,"href":"https:\/\/paracherkaoui.ma\/index.php\/wp-json\/wp\/v2\/product\/23141\/revisions"}],"predecessor-version":[{"id":23190,"href":"https:\/\/paracherkaoui.ma\/index.php\/wp-json\/wp\/v2\/product\/23141\/revisions\/23190"}],"wp:featuredmedia":[{"embeddable":true,"href":"https:\/\/paracherkaoui.ma\/index.php\/wp-json\/wp\/v2\/media\/23189"}],"wp:attachment":[{"href":"https:\/\/paracherkaoui.ma\/index.php\/wp-json\/wp\/v2\/media?parent=23141"}],"wp:term":[{"taxonomy":"product_brand","embeddable":true,"href":"https:\/\/paracherkaoui.ma\/index.php\/wp-json\/wp\/v2\/product_brand?post=23141"},{"taxonomy":"product_cat","embeddable":true,"href":"https:\/\/paracherkaoui.ma\/index.php\/wp-json\/wp\/v2\/product_cat?post=23141"},{"taxonomy":"product_tag","embeddable":true,"href":"https:\/\/paracherkaoui.ma\/index.php\/wp-json\/wp\/v2\/product_tag?post=23141"}],"curies":[{"name":"wp","href":"https:\/\/api.w.org\/{rel}","templated":true}]}}