{"id":23139,"date":"2025-12-12T18:17:49","date_gmt":"2025-12-12T17:17:49","guid":{"rendered":"https:\/\/test.ecbeaute.com\/?post_type=product&#038;p=23139"},"modified":"2025-12-12T18:17:54","modified_gmt":"2025-12-12T17:17:54","slug":"filorga-skin-unify-radiance-soin-lumiere-perfecteur-3","status":"publish","type":"product","link":"https:\/\/paracherkaoui.ma\/index.php\/produit\/filorga-skin-unify-radiance-soin-lumiere-perfecteur-3\/","title":{"rendered":"FILORGA SKIN UNIFY RADIANCE SOIN LUMIERE PERFECTEUR"},"content":{"rendered":"<p>Ce soin visage uniformisant et illuminateur abrite un coeur de formule cosm\u00e9tique inspir\u00e9 du laser, du peeling et du medical strobing : la nouvelle technique esth\u00e9tique r\u00e9v\u00e9latrice d\u2019\u00e9clat. Ses actifs de pointe unifient le teint et repulpent la peau afin qu\u2019elle puisse mieux refl\u00e9ter la lumi\u00e8re. Les nacres iridescentes de la texture habillent la peau d\u2019une aura lumineuse subtile pour un \u00e9clat imm\u00e9diat.<br \/>\nConseils d&rsquo;utilisation:<br \/>\nUtiliser le matin avant le maquillage pour une touche d\u2019\u00e9clat subtile ou apr\u00e8s le maquillage pour un effet plus prononc\u00e9.<\/p>\n<p>Appliquer sur les zones cl\u00e9s r\u00e9flectrices de lumi\u00e8re (pommettes, arc de Cupidon, arcade sourcili\u00e8re, menton et ar\u00eate du nez).<\/p>\n<p>D\u00e9poser sur la peau puis estomper au doigt.<\/p>\n","protected":false},"excerpt":{"rendered":"<p>Ce soin visage uniformisant et illuminateur abrite un coeur de formule cosm\u00e9tique inspir\u00e9 du laser, du peeling et du medical<\/p>\n","protected":false},"featured_media":11879,"comment_status":"open","ping_status":"closed","template":"","meta":[],"product_brand":[141],"product_cat":[488],"product_tag":[],"class_list":{"0":"post-23139","1":"product","2":"type-product","3":"status-publish","4":"has-post-thumbnail","6":"product_brand-filorga","7":"product_cat-peaux-matures","9":"first","10":"instock","11":"sale","12":"shipping-taxable","13":"purchasable","14":"product-type-simple"},"yoast_head":"<!-- This site is optimized with the Yoast SEO plugin v26.6 - https:\/\/yoast.com\/wordpress\/plugins\/seo\/ -->\r\n<title>FILORGA SKIN UNIFY RADIANCE SOIN LUMIERE PERFECTEUR - Paracherkaoui.ma<\/title>\r\n<meta name=\"robots\" content=\"index, follow, max-snippet:-1, max-image-preview:large, max-video-preview:-1\" \/>\r\n<link rel=\"canonical\" href=\"https:\/\/paracherkaoui.ma\/index.php\/produit\/filorga-skin-unify-radiance-soin-lumiere-perfecteur-3\/\" \/>\r\n<meta property=\"og:locale\" content=\"fr_FR\" \/>\r\n<meta property=\"og:type\" content=\"article\" \/>\r\n<meta property=\"og:title\" content=\"FILORGA SKIN UNIFY RADIANCE SOIN LUMIERE PERFECTEUR - Paracherkaoui.ma\" \/>\r\n<meta property=\"og:description\" content=\"Ce soin visage uniformisant et illuminateur abrite un coeur de formule cosm\u00e9tique inspir\u00e9 du laser, du peeling et du medical\" \/>\r\n<meta property=\"og:url\" content=\"https:\/\/paracherkaoui.ma\/index.php\/produit\/filorga-skin-unify-radiance-soin-lumiere-perfecteur-3\/\" \/>\r\n<meta property=\"og:site_name\" content=\"Paracherkaoui.ma\" \/>\r\n<meta property=\"article:modified_time\" content=\"2025-12-12T17:17:54+00:00\" \/>\r\n<meta property=\"og:image\" content=\"https:\/\/paracherkaoui.ma\/wp-content\/uploads\/2025\/12\/filorga-filorga-skin-unify-radiance-soin-lumiere-perfecteur-peaux-matures.jpg\" \/>\r\n\t<meta property=\"og:image:width\" content=\"700\" \/>\r\n\t<meta property=\"og:image:height\" content=\"700\" \/>\r\n\t<meta property=\"og:image:type\" content=\"image\/jpeg\" \/>\r\n<meta name=\"twitter:card\" content=\"summary_large_image\" \/>\r\n<meta name=\"twitter:label1\" content=\"Dur\u00e9e de lecture estim\u00e9e\" \/>\n\t<meta name=\"twitter:data1\" content=\"1 minute\" \/>\r\n<script type=\"application\/ld+json\" class=\"yoast-schema-graph\">{\"@context\":\"https:\/\/schema.org\",\"@graph\":[{\"@type\":\"WebPage\",\"@id\":\"https:\/\/paracherkaoui.ma\/index.php\/produit\/filorga-skin-unify-radiance-soin-lumiere-perfecteur-3\/\",\"url\":\"https:\/\/paracherkaoui.ma\/index.php\/produit\/filorga-skin-unify-radiance-soin-lumiere-perfecteur-3\/\",\"name\":\"FILORGA SKIN UNIFY RADIANCE SOIN LUMIERE PERFECTEUR - Paracherkaoui.ma\",\"isPartOf\":{\"@id\":\"https:\/\/paracherkaoui.ma\/#website\"},\"primaryImageOfPage\":{\"@id\":\"https:\/\/paracherkaoui.ma\/index.php\/produit\/filorga-skin-unify-radiance-soin-lumiere-perfecteur-3\/#primaryimage\"},\"image\":{\"@id\":\"https:\/\/paracherkaoui.ma\/index.php\/produit\/filorga-skin-unify-radiance-soin-lumiere-perfecteur-3\/#primaryimage\"},\"thumbnailUrl\":\"https:\/\/paracherkaoui.ma\/wp-content\/uploads\/2025\/12\/filorga-filorga-skin-unify-radiance-soin-lumiere-perfecteur-peaux-matures.jpg\",\"datePublished\":\"2025-12-12T17:17:49+00:00\",\"dateModified\":\"2025-12-12T17:17:54+00:00\",\"breadcrumb\":{\"@id\":\"https:\/\/paracherkaoui.ma\/index.php\/produit\/filorga-skin-unify-radiance-soin-lumiere-perfecteur-3\/#breadcrumb\"},\"inLanguage\":\"fr-FR\",\"potentialAction\":[{\"@type\":\"ReadAction\",\"target\":[\"https:\/\/paracherkaoui.ma\/index.php\/produit\/filorga-skin-unify-radiance-soin-lumiere-perfecteur-3\/\"]}]},{\"@type\":\"ImageObject\",\"inLanguage\":\"fr-FR\",\"@id\":\"https:\/\/paracherkaoui.ma\/index.php\/produit\/filorga-skin-unify-radiance-soin-lumiere-perfecteur-3\/#primaryimage\",\"url\":\"https:\/\/paracherkaoui.ma\/wp-content\/uploads\/2025\/12\/filorga-filorga-skin-unify-radiance-soin-lumiere-perfecteur-peaux-matures.jpg\",\"contentUrl\":\"https:\/\/paracherkaoui.ma\/wp-content\/uploads\/2025\/12\/filorga-filorga-skin-unify-radiance-soin-lumiere-perfecteur-peaux-matures.jpg\",\"width\":700,\"height\":700},{\"@type\":\"BreadcrumbList\",\"@id\":\"https:\/\/paracherkaoui.ma\/index.php\/produit\/filorga-skin-unify-radiance-soin-lumiere-perfecteur-3\/#breadcrumb\",\"itemListElement\":[{\"@type\":\"ListItem\",\"position\":1,\"name\":\"Accueil\",\"item\":\"https:\/\/paracherkaoui.ma\/\"},{\"@type\":\"ListItem\",\"position\":2,\"name\":\"Boutique\",\"item\":\"https:\/\/paracherkaoui.ma\/index.php\/boutique\/\"},{\"@type\":\"ListItem\",\"position\":3,\"name\":\"FILORGA SKIN UNIFY RADIANCE SOIN LUMIERE PERFECTEUR\"}]},{\"@type\":\"WebSite\",\"@id\":\"https:\/\/paracherkaoui.ma\/#website\",\"url\":\"https:\/\/paracherkaoui.ma\/\",\"name\":\"Paracherkaoui.ma\",\"description\":\"Achetez en ligne sur Paracherkaoui.ma\",\"potentialAction\":[{\"@type\":\"SearchAction\",\"target\":{\"@type\":\"EntryPoint\",\"urlTemplate\":\"https:\/\/paracherkaoui.ma\/?s={search_term_string}\"},\"query-input\":{\"@type\":\"PropertyValueSpecification\",\"valueRequired\":true,\"valueName\":\"search_term_string\"}}],\"inLanguage\":\"fr-FR\"}]}<\/script>\r\n<!-- \/ Yoast SEO plugin. -->","yoast_head_json":{"title":"FILORGA SKIN UNIFY RADIANCE SOIN LUMIERE PERFECTEUR - Paracherkaoui.ma","robots":{"index":"index","follow":"follow","max-snippet":"max-snippet:-1","max-image-preview":"max-image-preview:large","max-video-preview":"max-video-preview:-1"},"canonical":"https:\/\/paracherkaoui.ma\/index.php\/produit\/filorga-skin-unify-radiance-soin-lumiere-perfecteur-3\/","og_locale":"fr_FR","og_type":"article","og_title":"FILORGA SKIN UNIFY RADIANCE SOIN LUMIERE PERFECTEUR - Paracherkaoui.ma","og_description":"Ce soin visage uniformisant et illuminateur abrite un coeur de formule cosm\u00e9tique inspir\u00e9 du laser, du peeling et du medical","og_url":"https:\/\/paracherkaoui.ma\/index.php\/produit\/filorga-skin-unify-radiance-soin-lumiere-perfecteur-3\/","og_site_name":"Paracherkaoui.ma","article_modified_time":"2025-12-12T17:17:54+00:00","og_image":[{"width":700,"height":700,"url":"https:\/\/paracherkaoui.ma\/wp-content\/uploads\/2025\/12\/filorga-filorga-skin-unify-radiance-soin-lumiere-perfecteur-peaux-matures.jpg","type":"image\/jpeg"}],"twitter_card":"summary_large_image","twitter_misc":{"Dur\u00e9e de lecture estim\u00e9e":"1 minute"},"schema":{"@context":"https:\/\/schema.org","@graph":[{"@type":"WebPage","@id":"https:\/\/paracherkaoui.ma\/index.php\/produit\/filorga-skin-unify-radiance-soin-lumiere-perfecteur-3\/","url":"https:\/\/paracherkaoui.ma\/index.php\/produit\/filorga-skin-unify-radiance-soin-lumiere-perfecteur-3\/","name":"FILORGA SKIN UNIFY RADIANCE SOIN LUMIERE PERFECTEUR - Paracherkaoui.ma","isPartOf":{"@id":"https:\/\/paracherkaoui.ma\/#website"},"primaryImageOfPage":{"@id":"https:\/\/paracherkaoui.ma\/index.php\/produit\/filorga-skin-unify-radiance-soin-lumiere-perfecteur-3\/#primaryimage"},"image":{"@id":"https:\/\/paracherkaoui.ma\/index.php\/produit\/filorga-skin-unify-radiance-soin-lumiere-perfecteur-3\/#primaryimage"},"thumbnailUrl":"https:\/\/paracherkaoui.ma\/wp-content\/uploads\/2025\/12\/filorga-filorga-skin-unify-radiance-soin-lumiere-perfecteur-peaux-matures.jpg","datePublished":"2025-12-12T17:17:49+00:00","dateModified":"2025-12-12T17:17:54+00:00","breadcrumb":{"@id":"https:\/\/paracherkaoui.ma\/index.php\/produit\/filorga-skin-unify-radiance-soin-lumiere-perfecteur-3\/#breadcrumb"},"inLanguage":"fr-FR","potentialAction":[{"@type":"ReadAction","target":["https:\/\/paracherkaoui.ma\/index.php\/produit\/filorga-skin-unify-radiance-soin-lumiere-perfecteur-3\/"]}]},{"@type":"ImageObject","inLanguage":"fr-FR","@id":"https:\/\/paracherkaoui.ma\/index.php\/produit\/filorga-skin-unify-radiance-soin-lumiere-perfecteur-3\/#primaryimage","url":"https:\/\/paracherkaoui.ma\/wp-content\/uploads\/2025\/12\/filorga-filorga-skin-unify-radiance-soin-lumiere-perfecteur-peaux-matures.jpg","contentUrl":"https:\/\/paracherkaoui.ma\/wp-content\/uploads\/2025\/12\/filorga-filorga-skin-unify-radiance-soin-lumiere-perfecteur-peaux-matures.jpg","width":700,"height":700},{"@type":"BreadcrumbList","@id":"https:\/\/paracherkaoui.ma\/index.php\/produit\/filorga-skin-unify-radiance-soin-lumiere-perfecteur-3\/#breadcrumb","itemListElement":[{"@type":"ListItem","position":1,"name":"Accueil","item":"https:\/\/paracherkaoui.ma\/"},{"@type":"ListItem","position":2,"name":"Boutique","item":"https:\/\/paracherkaoui.ma\/index.php\/boutique\/"},{"@type":"ListItem","position":3,"name":"FILORGA SKIN UNIFY RADIANCE SOIN LUMIERE PERFECTEUR"}]},{"@type":"WebSite","@id":"https:\/\/paracherkaoui.ma\/#website","url":"https:\/\/paracherkaoui.ma\/","name":"Paracherkaoui.ma","description":"Achetez en ligne sur Paracherkaoui.ma","potentialAction":[{"@type":"SearchAction","target":{"@type":"EntryPoint","urlTemplate":"https:\/\/paracherkaoui.ma\/?s={search_term_string}"},"query-input":{"@type":"PropertyValueSpecification","valueRequired":true,"valueName":"search_term_string"}}],"inLanguage":"fr-FR"}]}},"_links":{"self":[{"href":"https:\/\/paracherkaoui.ma\/index.php\/wp-json\/wp\/v2\/product\/23139","targetHints":{"allow":["GET"]}}],"collection":[{"href":"https:\/\/paracherkaoui.ma\/index.php\/wp-json\/wp\/v2\/product"}],"about":[{"href":"https:\/\/paracherkaoui.ma\/index.php\/wp-json\/wp\/v2\/types\/product"}],"replies":[{"embeddable":true,"href":"https:\/\/paracherkaoui.ma\/index.php\/wp-json\/wp\/v2\/comments?post=23139"}],"version-history":[{"count":1,"href":"https:\/\/paracherkaoui.ma\/index.php\/wp-json\/wp\/v2\/product\/23139\/revisions"}],"predecessor-version":[{"id":23186,"href":"https:\/\/paracherkaoui.ma\/index.php\/wp-json\/wp\/v2\/product\/23139\/revisions\/23186"}],"wp:featuredmedia":[{"embeddable":true,"href":"https:\/\/paracherkaoui.ma\/index.php\/wp-json\/wp\/v2\/media\/11879"}],"wp:attachment":[{"href":"https:\/\/paracherkaoui.ma\/index.php\/wp-json\/wp\/v2\/media?parent=23139"}],"wp:term":[{"taxonomy":"product_brand","embeddable":true,"href":"https:\/\/paracherkaoui.ma\/index.php\/wp-json\/wp\/v2\/product_brand?post=23139"},{"taxonomy":"product_cat","embeddable":true,"href":"https:\/\/paracherkaoui.ma\/index.php\/wp-json\/wp\/v2\/product_cat?post=23139"},{"taxonomy":"product_tag","embeddable":true,"href":"https:\/\/paracherkaoui.ma\/index.php\/wp-json\/wp\/v2\/product_tag?post=23139"}],"curies":[{"name":"wp","href":"https:\/\/api.w.org\/{rel}","templated":true}]}}