{"id":23138,"date":"2025-12-12T18:17:49","date_gmt":"2025-12-12T17:17:49","guid":{"rendered":"https:\/\/test.ecbeaute.com\/?post_type=product&#038;p=23138"},"modified":"2025-12-12T18:17:54","modified_gmt":"2025-12-12T17:17:54","slug":"neostrata-repair-regenerant-cellulaire-intense-50-g","status":"publish","type":"product","link":"https:\/\/paracherkaoui.ma\/index.php\/produit\/neostrata-repair-regenerant-cellulaire-intense-50-g\/","title":{"rendered":"NEOSTRATA REPAIR REGENERANT CELLULAIRE INTENSE 50 G"},"content":{"rendered":"<p>Cellular Restoration est la cr\u00e8me de nuit parfaite pour aider \u00e0 att\u00e9nuer l\u2019apparence des taches de vieillesse. Il aide la peau s\u00e8che \u00e0 se sentir hydrat\u00e9e, tout en offrant une peau plus lumineuse et plus rebondie et un teint visiblement plus uniforme. Con\u00e7ue avec des ingr\u00e9dients hautement performants connus pour restaurer l\u2019apparence de votre peau, cette cr\u00e8me soyeuse et non grasse s\u2019absorbe facilement pour lisser et tonifier uniform\u00e9ment, tandis que les antioxydants aident \u00e0 cibler le stress oxydatif pour aider \u00e0 prot\u00e9ger la peau.<br \/>\nConseils d&rsquo;utilisation:<br \/>\nAppliquer sur le visage et le cou le soir apr\u00e8s le nettoyage.<\/p>\n","protected":false},"excerpt":{"rendered":"<p>Cellular Restoration est la cr\u00e8me de nuit parfaite pour aider \u00e0 att\u00e9nuer l\u2019apparence des taches de vieillesse. Il aide la<\/p>\n","protected":false},"featured_media":23184,"comment_status":"open","ping_status":"closed","template":"","meta":[],"product_brand":[404],"product_cat":[488],"product_tag":[],"class_list":{"0":"post-23138","1":"product","2":"type-product","3":"status-publish","4":"has-post-thumbnail","6":"product_brand-neostrata","7":"product_cat-peaux-matures","9":"first","10":"instock","11":"sale","12":"shipping-taxable","13":"purchasable","14":"product-type-simple"},"yoast_head":"<!-- This site is optimized with the Yoast SEO plugin v26.6 - https:\/\/yoast.com\/wordpress\/plugins\/seo\/ -->\r\n<title>NEOSTRATA REPAIR REGENERANT CELLULAIRE INTENSE 50 G - Paracherkaoui.ma<\/title>\r\n<meta name=\"robots\" content=\"index, follow, max-snippet:-1, max-image-preview:large, max-video-preview:-1\" \/>\r\n<link rel=\"canonical\" href=\"https:\/\/paracherkaoui.ma\/index.php\/produit\/neostrata-repair-regenerant-cellulaire-intense-50-g\/\" \/>\r\n<meta property=\"og:locale\" content=\"fr_FR\" \/>\r\n<meta property=\"og:type\" content=\"article\" \/>\r\n<meta property=\"og:title\" content=\"NEOSTRATA REPAIR REGENERANT CELLULAIRE INTENSE 50 G - Paracherkaoui.ma\" \/>\r\n<meta property=\"og:description\" content=\"Cellular Restoration est la cr\u00e8me de nuit parfaite pour aider \u00e0 att\u00e9nuer l\u2019apparence des taches de vieillesse. Il aide la\" \/>\r\n<meta property=\"og:url\" content=\"https:\/\/paracherkaoui.ma\/index.php\/produit\/neostrata-repair-regenerant-cellulaire-intense-50-g\/\" \/>\r\n<meta property=\"og:site_name\" content=\"Paracherkaoui.ma\" \/>\r\n<meta property=\"article:modified_time\" content=\"2025-12-12T17:17:54+00:00\" \/>\r\n<meta property=\"og:image\" content=\"https:\/\/paracherkaoui.ma\/wp-content\/uploads\/2025\/12\/neostrata-repair-regenerant-cellulaire-intense-50-g.jpg\" \/>\r\n\t<meta property=\"og:image:width\" content=\"700\" \/>\r\n\t<meta property=\"og:image:height\" content=\"700\" \/>\r\n\t<meta property=\"og:image:type\" content=\"image\/jpeg\" \/>\r\n<meta name=\"twitter:card\" content=\"summary_large_image\" \/>\r\n<meta name=\"twitter:label1\" content=\"Dur\u00e9e de lecture estim\u00e9e\" \/>\n\t<meta name=\"twitter:data1\" content=\"1 minute\" \/>\r\n<script type=\"application\/ld+json\" class=\"yoast-schema-graph\">{\"@context\":\"https:\/\/schema.org\",\"@graph\":[{\"@type\":\"WebPage\",\"@id\":\"https:\/\/paracherkaoui.ma\/index.php\/produit\/neostrata-repair-regenerant-cellulaire-intense-50-g\/\",\"url\":\"https:\/\/paracherkaoui.ma\/index.php\/produit\/neostrata-repair-regenerant-cellulaire-intense-50-g\/\",\"name\":\"NEOSTRATA REPAIR REGENERANT CELLULAIRE INTENSE 50 G - Paracherkaoui.ma\",\"isPartOf\":{\"@id\":\"https:\/\/paracherkaoui.ma\/#website\"},\"primaryImageOfPage\":{\"@id\":\"https:\/\/paracherkaoui.ma\/index.php\/produit\/neostrata-repair-regenerant-cellulaire-intense-50-g\/#primaryimage\"},\"image\":{\"@id\":\"https:\/\/paracherkaoui.ma\/index.php\/produit\/neostrata-repair-regenerant-cellulaire-intense-50-g\/#primaryimage\"},\"thumbnailUrl\":\"https:\/\/paracherkaoui.ma\/wp-content\/uploads\/2025\/12\/neostrata-repair-regenerant-cellulaire-intense-50-g.jpg\",\"datePublished\":\"2025-12-12T17:17:49+00:00\",\"dateModified\":\"2025-12-12T17:17:54+00:00\",\"breadcrumb\":{\"@id\":\"https:\/\/paracherkaoui.ma\/index.php\/produit\/neostrata-repair-regenerant-cellulaire-intense-50-g\/#breadcrumb\"},\"inLanguage\":\"fr-FR\",\"potentialAction\":[{\"@type\":\"ReadAction\",\"target\":[\"https:\/\/paracherkaoui.ma\/index.php\/produit\/neostrata-repair-regenerant-cellulaire-intense-50-g\/\"]}]},{\"@type\":\"ImageObject\",\"inLanguage\":\"fr-FR\",\"@id\":\"https:\/\/paracherkaoui.ma\/index.php\/produit\/neostrata-repair-regenerant-cellulaire-intense-50-g\/#primaryimage\",\"url\":\"https:\/\/paracherkaoui.ma\/wp-content\/uploads\/2025\/12\/neostrata-repair-regenerant-cellulaire-intense-50-g.jpg\",\"contentUrl\":\"https:\/\/paracherkaoui.ma\/wp-content\/uploads\/2025\/12\/neostrata-repair-regenerant-cellulaire-intense-50-g.jpg\",\"width\":700,\"height\":700},{\"@type\":\"BreadcrumbList\",\"@id\":\"https:\/\/paracherkaoui.ma\/index.php\/produit\/neostrata-repair-regenerant-cellulaire-intense-50-g\/#breadcrumb\",\"itemListElement\":[{\"@type\":\"ListItem\",\"position\":1,\"name\":\"Accueil\",\"item\":\"https:\/\/paracherkaoui.ma\/\"},{\"@type\":\"ListItem\",\"position\":2,\"name\":\"Boutique\",\"item\":\"https:\/\/paracherkaoui.ma\/index.php\/boutique\/\"},{\"@type\":\"ListItem\",\"position\":3,\"name\":\"NEOSTRATA REPAIR REGENERANT CELLULAIRE INTENSE 50 G\"}]},{\"@type\":\"WebSite\",\"@id\":\"https:\/\/paracherkaoui.ma\/#website\",\"url\":\"https:\/\/paracherkaoui.ma\/\",\"name\":\"Paracherkaoui.ma\",\"description\":\"Achetez en ligne sur Paracherkaoui.ma\",\"potentialAction\":[{\"@type\":\"SearchAction\",\"target\":{\"@type\":\"EntryPoint\",\"urlTemplate\":\"https:\/\/paracherkaoui.ma\/?s={search_term_string}\"},\"query-input\":{\"@type\":\"PropertyValueSpecification\",\"valueRequired\":true,\"valueName\":\"search_term_string\"}}],\"inLanguage\":\"fr-FR\"}]}<\/script>\r\n<!-- \/ Yoast SEO plugin. -->","yoast_head_json":{"title":"NEOSTRATA REPAIR REGENERANT CELLULAIRE INTENSE 50 G - Paracherkaoui.ma","robots":{"index":"index","follow":"follow","max-snippet":"max-snippet:-1","max-image-preview":"max-image-preview:large","max-video-preview":"max-video-preview:-1"},"canonical":"https:\/\/paracherkaoui.ma\/index.php\/produit\/neostrata-repair-regenerant-cellulaire-intense-50-g\/","og_locale":"fr_FR","og_type":"article","og_title":"NEOSTRATA REPAIR REGENERANT CELLULAIRE INTENSE 50 G - Paracherkaoui.ma","og_description":"Cellular Restoration est la cr\u00e8me de nuit parfaite pour aider \u00e0 att\u00e9nuer l\u2019apparence des taches de vieillesse. Il aide la","og_url":"https:\/\/paracherkaoui.ma\/index.php\/produit\/neostrata-repair-regenerant-cellulaire-intense-50-g\/","og_site_name":"Paracherkaoui.ma","article_modified_time":"2025-12-12T17:17:54+00:00","og_image":[{"width":700,"height":700,"url":"https:\/\/paracherkaoui.ma\/wp-content\/uploads\/2025\/12\/neostrata-repair-regenerant-cellulaire-intense-50-g.jpg","type":"image\/jpeg"}],"twitter_card":"summary_large_image","twitter_misc":{"Dur\u00e9e de lecture estim\u00e9e":"1 minute"},"schema":{"@context":"https:\/\/schema.org","@graph":[{"@type":"WebPage","@id":"https:\/\/paracherkaoui.ma\/index.php\/produit\/neostrata-repair-regenerant-cellulaire-intense-50-g\/","url":"https:\/\/paracherkaoui.ma\/index.php\/produit\/neostrata-repair-regenerant-cellulaire-intense-50-g\/","name":"NEOSTRATA REPAIR REGENERANT CELLULAIRE INTENSE 50 G - Paracherkaoui.ma","isPartOf":{"@id":"https:\/\/paracherkaoui.ma\/#website"},"primaryImageOfPage":{"@id":"https:\/\/paracherkaoui.ma\/index.php\/produit\/neostrata-repair-regenerant-cellulaire-intense-50-g\/#primaryimage"},"image":{"@id":"https:\/\/paracherkaoui.ma\/index.php\/produit\/neostrata-repair-regenerant-cellulaire-intense-50-g\/#primaryimage"},"thumbnailUrl":"https:\/\/paracherkaoui.ma\/wp-content\/uploads\/2025\/12\/neostrata-repair-regenerant-cellulaire-intense-50-g.jpg","datePublished":"2025-12-12T17:17:49+00:00","dateModified":"2025-12-12T17:17:54+00:00","breadcrumb":{"@id":"https:\/\/paracherkaoui.ma\/index.php\/produit\/neostrata-repair-regenerant-cellulaire-intense-50-g\/#breadcrumb"},"inLanguage":"fr-FR","potentialAction":[{"@type":"ReadAction","target":["https:\/\/paracherkaoui.ma\/index.php\/produit\/neostrata-repair-regenerant-cellulaire-intense-50-g\/"]}]},{"@type":"ImageObject","inLanguage":"fr-FR","@id":"https:\/\/paracherkaoui.ma\/index.php\/produit\/neostrata-repair-regenerant-cellulaire-intense-50-g\/#primaryimage","url":"https:\/\/paracherkaoui.ma\/wp-content\/uploads\/2025\/12\/neostrata-repair-regenerant-cellulaire-intense-50-g.jpg","contentUrl":"https:\/\/paracherkaoui.ma\/wp-content\/uploads\/2025\/12\/neostrata-repair-regenerant-cellulaire-intense-50-g.jpg","width":700,"height":700},{"@type":"BreadcrumbList","@id":"https:\/\/paracherkaoui.ma\/index.php\/produit\/neostrata-repair-regenerant-cellulaire-intense-50-g\/#breadcrumb","itemListElement":[{"@type":"ListItem","position":1,"name":"Accueil","item":"https:\/\/paracherkaoui.ma\/"},{"@type":"ListItem","position":2,"name":"Boutique","item":"https:\/\/paracherkaoui.ma\/index.php\/boutique\/"},{"@type":"ListItem","position":3,"name":"NEOSTRATA REPAIR REGENERANT CELLULAIRE INTENSE 50 G"}]},{"@type":"WebSite","@id":"https:\/\/paracherkaoui.ma\/#website","url":"https:\/\/paracherkaoui.ma\/","name":"Paracherkaoui.ma","description":"Achetez en ligne sur Paracherkaoui.ma","potentialAction":[{"@type":"SearchAction","target":{"@type":"EntryPoint","urlTemplate":"https:\/\/paracherkaoui.ma\/?s={search_term_string}"},"query-input":{"@type":"PropertyValueSpecification","valueRequired":true,"valueName":"search_term_string"}}],"inLanguage":"fr-FR"}]}},"_links":{"self":[{"href":"https:\/\/paracherkaoui.ma\/index.php\/wp-json\/wp\/v2\/product\/23138","targetHints":{"allow":["GET"]}}],"collection":[{"href":"https:\/\/paracherkaoui.ma\/index.php\/wp-json\/wp\/v2\/product"}],"about":[{"href":"https:\/\/paracherkaoui.ma\/index.php\/wp-json\/wp\/v2\/types\/product"}],"replies":[{"embeddable":true,"href":"https:\/\/paracherkaoui.ma\/index.php\/wp-json\/wp\/v2\/comments?post=23138"}],"version-history":[{"count":1,"href":"https:\/\/paracherkaoui.ma\/index.php\/wp-json\/wp\/v2\/product\/23138\/revisions"}],"predecessor-version":[{"id":23185,"href":"https:\/\/paracherkaoui.ma\/index.php\/wp-json\/wp\/v2\/product\/23138\/revisions\/23185"}],"wp:featuredmedia":[{"embeddable":true,"href":"https:\/\/paracherkaoui.ma\/index.php\/wp-json\/wp\/v2\/media\/23184"}],"wp:attachment":[{"href":"https:\/\/paracherkaoui.ma\/index.php\/wp-json\/wp\/v2\/media?parent=23138"}],"wp:term":[{"taxonomy":"product_brand","embeddable":true,"href":"https:\/\/paracherkaoui.ma\/index.php\/wp-json\/wp\/v2\/product_brand?post=23138"},{"taxonomy":"product_cat","embeddable":true,"href":"https:\/\/paracherkaoui.ma\/index.php\/wp-json\/wp\/v2\/product_cat?post=23138"},{"taxonomy":"product_tag","embeddable":true,"href":"https:\/\/paracherkaoui.ma\/index.php\/wp-json\/wp\/v2\/product_tag?post=23138"}],"curies":[{"name":"wp","href":"https:\/\/api.w.org\/{rel}","templated":true}]}}