{"id":23137,"date":"2025-12-12T18:17:49","date_gmt":"2025-12-12T17:17:49","guid":{"rendered":"https:\/\/test.ecbeaute.com\/?post_type=product&#038;p=23137"},"modified":"2025-12-12T18:17:53","modified_gmt":"2025-12-12T17:17:53","slug":"so-bio-lift-grnade-soin-hydratant-lissantt-eclat-50-ml","status":"publish","type":"product","link":"https:\/\/paracherkaoui.ma\/index.php\/produit\/so-bio-lift-grnade-soin-hydratant-lissantt-eclat-50-ml\/","title":{"rendered":"SO BIO LIFT GRNADE SOIN HYDRATANT LISSANTT ECLAT 50 ML"},"content":{"rendered":"<p>Enrichi en Grenade bio fran\u00e7aise, reconnue pour ses puissantes propri\u00e9t\u00e9s antioxydantes, et en R\u00e9tinol-like d&rsquo;origine v\u00e9g\u00e9tale, ce soin offre une alternative douce mais efficace au r\u00e9tinol de synth\u00e8se.<br \/>\nLes r\u00e9sultats cliniques sont impressionnants : apr\u00e8s 28 jours d&rsquo;utilisation, 81% des femmes constatent une r\u00e9duction significative des rides, 90% trouvent leur peau plus lisse, et l&rsquo;\u00e9clat de la peau augmente de 15,4%. Ces r\u00e9sultats sont bas\u00e9s sur des tests de satisfaction et un scorage clinique r\u00e9alis\u00e9s aupr\u00e8s de 22 femmes.<br \/>\nLa formule l\u00e9g\u00e8re et color\u00e9e de ce soin p\u00e9n\u00e8tre rapidement, laissant la peau douce et hydrat\u00e9e. Son parfum acidul\u00e9 et p\u00e9tillant apporte une touche de fra\u00eecheur tout en luttant contre la d\u00e9gradation du collag\u00e8ne. De plus, avec 99% d&rsquo;ingr\u00e9dients d&rsquo;origine naturelle et sans silicone, huile min\u00e9rale ni colorant de synth\u00e8se, ce produit respecte la sensibilit\u00e9 de votre peau.<br \/>\nCOMPOSITION<br \/>\nAQUA\/WATER\/EAU, MALVA SYLVESTRIS (MALLOW) EXTRACT*, GLYCERIN, CAPRYLIC\/CAPRIC TRIGLYCERIDE, PROPANEDIOL, COCO-CAPRYLATE\/CAPRATE, LAURYL LAURATE, PENTYLENE GLYCOL, PUNICA GRANATUM FRUIT EXTRACT*, SODIUM HYALURONATE, HYDROLYZED HYALURONIC ACID, BUTYROSPERMUM PARKII (SHEA) BUTTER*, COCOS NUCIFERA (COCONUT) OIL*, CRITHMUM MARITIMUM EXTRACT*, HELIANTHUS ANNUUS (SUNFLOWER) SEED OIL, ARGININE, LAUROYL LYSINE, MICA, TOCOPHEROL, CHONDRUS CRISPUS (CARRAGEENAN) EXTRACT, AGAR, XANTHAN GUM, CETYL PHOSPHATE, CETYL ALCOHOL, PARFUM (FRAGRANCE), LACTIC ACID, LEVULINIC ACID, SODIUM LEVULINATE, PHYTIC ACID, CI 77491 (IRON OXIDES), CI 77492 (IRON OXIDES), CI 77499 (IRON OXIDES), BENZYL ALCOHOL, SODIUM BENZOATE, LIMONENE, LINALOOL, CITRONELLOL<br \/>\nCONSEIL D\u2019UTILISATION<br \/>\nLe matin, appliquez une noisette de soin lift&rsquo;grenade sur l&rsquo;ensemble de votre visage. Massez d\u00e9licatement du bout des doigts en effectuant des mouvements circulaires pour favoriser la p\u00e9n\u00e9tration du produit. Utilisez le apr\u00e8s votre s\u00e9rum habituel et avant votre cr\u00e8me de jour pour optimiser les bienfaits. Concentrez vous sur les zones sujettes aux rides, comme le front, le contour des yeux et la bouche, pour des r\u00e9sultats visibles.<\/p>\n","protected":false},"excerpt":{"rendered":"<p>Enrichi en Grenade bio fran\u00e7aise, reconnue pour ses puissantes propri\u00e9t\u00e9s antioxydantes, et en R\u00e9tinol-like d&rsquo;origine v\u00e9g\u00e9tale, ce soin offre une<\/p>\n","protected":false},"featured_media":23182,"comment_status":"open","ping_status":"closed","template":"","meta":[],"product_brand":[212],"product_cat":[488],"product_tag":[],"class_list":{"0":"post-23137","1":"product","2":"type-product","3":"status-publish","4":"has-post-thumbnail","6":"product_brand-so-bio","7":"product_cat-peaux-matures","9":"first","10":"instock","11":"shipping-taxable","12":"purchasable","13":"product-type-simple"},"yoast_head":"<!-- This site is optimized with the Yoast SEO plugin v26.6 - https:\/\/yoast.com\/wordpress\/plugins\/seo\/ -->\r\n<title>SO BIO LIFT GRNADE SOIN HYDRATANT LISSANTT ECLAT 50 ML - Paracherkaoui.ma<\/title>\r\n<meta name=\"robots\" content=\"index, follow, max-snippet:-1, max-image-preview:large, max-video-preview:-1\" \/>\r\n<link rel=\"canonical\" href=\"https:\/\/paracherkaoui.ma\/index.php\/produit\/so-bio-lift-grnade-soin-hydratant-lissantt-eclat-50-ml\/\" \/>\r\n<meta property=\"og:locale\" content=\"fr_FR\" \/>\r\n<meta property=\"og:type\" content=\"article\" \/>\r\n<meta property=\"og:title\" content=\"SO BIO LIFT GRNADE SOIN HYDRATANT LISSANTT ECLAT 50 ML - Paracherkaoui.ma\" \/>\r\n<meta property=\"og:description\" content=\"Enrichi en Grenade bio fran\u00e7aise, reconnue pour ses puissantes propri\u00e9t\u00e9s antioxydantes, et en R\u00e9tinol-like d&rsquo;origine v\u00e9g\u00e9tale, ce soin offre une\" \/>\r\n<meta property=\"og:url\" content=\"https:\/\/paracherkaoui.ma\/index.php\/produit\/so-bio-lift-grnade-soin-hydratant-lissantt-eclat-50-ml\/\" \/>\r\n<meta property=\"og:site_name\" content=\"Paracherkaoui.ma\" \/>\r\n<meta property=\"article:modified_time\" content=\"2025-12-12T17:17:53+00:00\" \/>\r\n<meta property=\"og:image\" content=\"https:\/\/paracherkaoui.ma\/wp-content\/uploads\/2025\/12\/so-bio-so-bio-lift-grnade-soin-hydratant-lissantt-eclat-50-ml-anti-age.jpg\" \/>\r\n\t<meta property=\"og:image:width\" content=\"700\" \/>\r\n\t<meta property=\"og:image:height\" content=\"700\" \/>\r\n\t<meta property=\"og:image:type\" content=\"image\/jpeg\" \/>\r\n<meta name=\"twitter:card\" content=\"summary_large_image\" \/>\r\n<meta name=\"twitter:label1\" content=\"Dur\u00e9e de lecture estim\u00e9e\" \/>\n\t<meta name=\"twitter:data1\" content=\"2 minutes\" \/>\r\n<script type=\"application\/ld+json\" class=\"yoast-schema-graph\">{\"@context\":\"https:\/\/schema.org\",\"@graph\":[{\"@type\":\"WebPage\",\"@id\":\"https:\/\/paracherkaoui.ma\/index.php\/produit\/so-bio-lift-grnade-soin-hydratant-lissantt-eclat-50-ml\/\",\"url\":\"https:\/\/paracherkaoui.ma\/index.php\/produit\/so-bio-lift-grnade-soin-hydratant-lissantt-eclat-50-ml\/\",\"name\":\"SO BIO LIFT GRNADE SOIN HYDRATANT LISSANTT ECLAT 50 ML - Paracherkaoui.ma\",\"isPartOf\":{\"@id\":\"https:\/\/paracherkaoui.ma\/#website\"},\"primaryImageOfPage\":{\"@id\":\"https:\/\/paracherkaoui.ma\/index.php\/produit\/so-bio-lift-grnade-soin-hydratant-lissantt-eclat-50-ml\/#primaryimage\"},\"image\":{\"@id\":\"https:\/\/paracherkaoui.ma\/index.php\/produit\/so-bio-lift-grnade-soin-hydratant-lissantt-eclat-50-ml\/#primaryimage\"},\"thumbnailUrl\":\"https:\/\/paracherkaoui.ma\/wp-content\/uploads\/2025\/12\/so-bio-so-bio-lift-grnade-soin-hydratant-lissantt-eclat-50-ml-anti-age.jpg\",\"datePublished\":\"2025-12-12T17:17:49+00:00\",\"dateModified\":\"2025-12-12T17:17:53+00:00\",\"breadcrumb\":{\"@id\":\"https:\/\/paracherkaoui.ma\/index.php\/produit\/so-bio-lift-grnade-soin-hydratant-lissantt-eclat-50-ml\/#breadcrumb\"},\"inLanguage\":\"fr-FR\",\"potentialAction\":[{\"@type\":\"ReadAction\",\"target\":[\"https:\/\/paracherkaoui.ma\/index.php\/produit\/so-bio-lift-grnade-soin-hydratant-lissantt-eclat-50-ml\/\"]}]},{\"@type\":\"ImageObject\",\"inLanguage\":\"fr-FR\",\"@id\":\"https:\/\/paracherkaoui.ma\/index.php\/produit\/so-bio-lift-grnade-soin-hydratant-lissantt-eclat-50-ml\/#primaryimage\",\"url\":\"https:\/\/paracherkaoui.ma\/wp-content\/uploads\/2025\/12\/so-bio-so-bio-lift-grnade-soin-hydratant-lissantt-eclat-50-ml-anti-age.jpg\",\"contentUrl\":\"https:\/\/paracherkaoui.ma\/wp-content\/uploads\/2025\/12\/so-bio-so-bio-lift-grnade-soin-hydratant-lissantt-eclat-50-ml-anti-age.jpg\",\"width\":700,\"height\":700},{\"@type\":\"BreadcrumbList\",\"@id\":\"https:\/\/paracherkaoui.ma\/index.php\/produit\/so-bio-lift-grnade-soin-hydratant-lissantt-eclat-50-ml\/#breadcrumb\",\"itemListElement\":[{\"@type\":\"ListItem\",\"position\":1,\"name\":\"Accueil\",\"item\":\"https:\/\/paracherkaoui.ma\/\"},{\"@type\":\"ListItem\",\"position\":2,\"name\":\"Boutique\",\"item\":\"https:\/\/paracherkaoui.ma\/index.php\/boutique\/\"},{\"@type\":\"ListItem\",\"position\":3,\"name\":\"SO BIO LIFT GRNADE SOIN HYDRATANT LISSANTT ECLAT 50 ML\"}]},{\"@type\":\"WebSite\",\"@id\":\"https:\/\/paracherkaoui.ma\/#website\",\"url\":\"https:\/\/paracherkaoui.ma\/\",\"name\":\"Paracherkaoui.ma\",\"description\":\"Achetez en ligne sur Paracherkaoui.ma\",\"potentialAction\":[{\"@type\":\"SearchAction\",\"target\":{\"@type\":\"EntryPoint\",\"urlTemplate\":\"https:\/\/paracherkaoui.ma\/?s={search_term_string}\"},\"query-input\":{\"@type\":\"PropertyValueSpecification\",\"valueRequired\":true,\"valueName\":\"search_term_string\"}}],\"inLanguage\":\"fr-FR\"}]}<\/script>\r\n<!-- \/ Yoast SEO plugin. -->","yoast_head_json":{"title":"SO BIO LIFT GRNADE SOIN HYDRATANT LISSANTT ECLAT 50 ML - Paracherkaoui.ma","robots":{"index":"index","follow":"follow","max-snippet":"max-snippet:-1","max-image-preview":"max-image-preview:large","max-video-preview":"max-video-preview:-1"},"canonical":"https:\/\/paracherkaoui.ma\/index.php\/produit\/so-bio-lift-grnade-soin-hydratant-lissantt-eclat-50-ml\/","og_locale":"fr_FR","og_type":"article","og_title":"SO BIO LIFT GRNADE SOIN HYDRATANT LISSANTT ECLAT 50 ML - Paracherkaoui.ma","og_description":"Enrichi en Grenade bio fran\u00e7aise, reconnue pour ses puissantes propri\u00e9t\u00e9s antioxydantes, et en R\u00e9tinol-like d&rsquo;origine v\u00e9g\u00e9tale, ce soin offre une","og_url":"https:\/\/paracherkaoui.ma\/index.php\/produit\/so-bio-lift-grnade-soin-hydratant-lissantt-eclat-50-ml\/","og_site_name":"Paracherkaoui.ma","article_modified_time":"2025-12-12T17:17:53+00:00","og_image":[{"width":700,"height":700,"url":"https:\/\/paracherkaoui.ma\/wp-content\/uploads\/2025\/12\/so-bio-so-bio-lift-grnade-soin-hydratant-lissantt-eclat-50-ml-anti-age.jpg","type":"image\/jpeg"}],"twitter_card":"summary_large_image","twitter_misc":{"Dur\u00e9e de lecture estim\u00e9e":"2 minutes"},"schema":{"@context":"https:\/\/schema.org","@graph":[{"@type":"WebPage","@id":"https:\/\/paracherkaoui.ma\/index.php\/produit\/so-bio-lift-grnade-soin-hydratant-lissantt-eclat-50-ml\/","url":"https:\/\/paracherkaoui.ma\/index.php\/produit\/so-bio-lift-grnade-soin-hydratant-lissantt-eclat-50-ml\/","name":"SO BIO LIFT GRNADE SOIN HYDRATANT LISSANTT ECLAT 50 ML - Paracherkaoui.ma","isPartOf":{"@id":"https:\/\/paracherkaoui.ma\/#website"},"primaryImageOfPage":{"@id":"https:\/\/paracherkaoui.ma\/index.php\/produit\/so-bio-lift-grnade-soin-hydratant-lissantt-eclat-50-ml\/#primaryimage"},"image":{"@id":"https:\/\/paracherkaoui.ma\/index.php\/produit\/so-bio-lift-grnade-soin-hydratant-lissantt-eclat-50-ml\/#primaryimage"},"thumbnailUrl":"https:\/\/paracherkaoui.ma\/wp-content\/uploads\/2025\/12\/so-bio-so-bio-lift-grnade-soin-hydratant-lissantt-eclat-50-ml-anti-age.jpg","datePublished":"2025-12-12T17:17:49+00:00","dateModified":"2025-12-12T17:17:53+00:00","breadcrumb":{"@id":"https:\/\/paracherkaoui.ma\/index.php\/produit\/so-bio-lift-grnade-soin-hydratant-lissantt-eclat-50-ml\/#breadcrumb"},"inLanguage":"fr-FR","potentialAction":[{"@type":"ReadAction","target":["https:\/\/paracherkaoui.ma\/index.php\/produit\/so-bio-lift-grnade-soin-hydratant-lissantt-eclat-50-ml\/"]}]},{"@type":"ImageObject","inLanguage":"fr-FR","@id":"https:\/\/paracherkaoui.ma\/index.php\/produit\/so-bio-lift-grnade-soin-hydratant-lissantt-eclat-50-ml\/#primaryimage","url":"https:\/\/paracherkaoui.ma\/wp-content\/uploads\/2025\/12\/so-bio-so-bio-lift-grnade-soin-hydratant-lissantt-eclat-50-ml-anti-age.jpg","contentUrl":"https:\/\/paracherkaoui.ma\/wp-content\/uploads\/2025\/12\/so-bio-so-bio-lift-grnade-soin-hydratant-lissantt-eclat-50-ml-anti-age.jpg","width":700,"height":700},{"@type":"BreadcrumbList","@id":"https:\/\/paracherkaoui.ma\/index.php\/produit\/so-bio-lift-grnade-soin-hydratant-lissantt-eclat-50-ml\/#breadcrumb","itemListElement":[{"@type":"ListItem","position":1,"name":"Accueil","item":"https:\/\/paracherkaoui.ma\/"},{"@type":"ListItem","position":2,"name":"Boutique","item":"https:\/\/paracherkaoui.ma\/index.php\/boutique\/"},{"@type":"ListItem","position":3,"name":"SO BIO LIFT GRNADE SOIN HYDRATANT LISSANTT ECLAT 50 ML"}]},{"@type":"WebSite","@id":"https:\/\/paracherkaoui.ma\/#website","url":"https:\/\/paracherkaoui.ma\/","name":"Paracherkaoui.ma","description":"Achetez en ligne sur Paracherkaoui.ma","potentialAction":[{"@type":"SearchAction","target":{"@type":"EntryPoint","urlTemplate":"https:\/\/paracherkaoui.ma\/?s={search_term_string}"},"query-input":{"@type":"PropertyValueSpecification","valueRequired":true,"valueName":"search_term_string"}}],"inLanguage":"fr-FR"}]}},"_links":{"self":[{"href":"https:\/\/paracherkaoui.ma\/index.php\/wp-json\/wp\/v2\/product\/23137","targetHints":{"allow":["GET"]}}],"collection":[{"href":"https:\/\/paracherkaoui.ma\/index.php\/wp-json\/wp\/v2\/product"}],"about":[{"href":"https:\/\/paracherkaoui.ma\/index.php\/wp-json\/wp\/v2\/types\/product"}],"replies":[{"embeddable":true,"href":"https:\/\/paracherkaoui.ma\/index.php\/wp-json\/wp\/v2\/comments?post=23137"}],"version-history":[{"count":1,"href":"https:\/\/paracherkaoui.ma\/index.php\/wp-json\/wp\/v2\/product\/23137\/revisions"}],"predecessor-version":[{"id":23183,"href":"https:\/\/paracherkaoui.ma\/index.php\/wp-json\/wp\/v2\/product\/23137\/revisions\/23183"}],"wp:featuredmedia":[{"embeddable":true,"href":"https:\/\/paracherkaoui.ma\/index.php\/wp-json\/wp\/v2\/media\/23182"}],"wp:attachment":[{"href":"https:\/\/paracherkaoui.ma\/index.php\/wp-json\/wp\/v2\/media?parent=23137"}],"wp:term":[{"taxonomy":"product_brand","embeddable":true,"href":"https:\/\/paracherkaoui.ma\/index.php\/wp-json\/wp\/v2\/product_brand?post=23137"},{"taxonomy":"product_cat","embeddable":true,"href":"https:\/\/paracherkaoui.ma\/index.php\/wp-json\/wp\/v2\/product_cat?post=23137"},{"taxonomy":"product_tag","embeddable":true,"href":"https:\/\/paracherkaoui.ma\/index.php\/wp-json\/wp\/v2\/product_tag?post=23137"}],"curies":[{"name":"wp","href":"https:\/\/api.w.org\/{rel}","templated":true}]}}