{"id":22838,"date":"2025-12-12T18:17:12","date_gmt":"2025-12-12T17:17:12","guid":{"rendered":"https:\/\/test.ecbeaute.com\/?post_type=product&#038;p=22838"},"modified":"2025-12-12T18:17:16","modified_gmt":"2025-12-12T17:17:16","slug":"patyka-hydra-masque-creme-rehydratant-intense-50ml","status":"publish","type":"product","link":"https:\/\/paracherkaoui.ma\/index.php\/produit\/patyka-hydra-masque-creme-rehydratant-intense-50ml\/","title":{"rendered":"PATYKA HYDRA MASQUE CREME REHYDRATANT INTENSE 50ML"},"content":{"rendered":"<p>La magie de ce masque r\u00e9side dans sa formule d&rsquo;exception, infus\u00e9e d&rsquo;actifs hydratants et protecteurs de haute performance. Au c\u0153ur de cette composition se trouve l&rsquo;Acide Polyglutamique, un actif r\u00e9volutionnaire capable de retenir une quantit\u00e9 d&rsquo;eau bien sup\u00e9rieure \u00e0 l&rsquo;acide hyaluronique, assurant ainsi une hydratation profonde et prolong\u00e9e. Il est associ\u00e9 \u00e0 l&rsquo;Acide Hyaluronique, un incontournable de l&rsquo;hydratation, qui agit en surface pour lisser la peau et lui apporter un aspect repulp\u00e9. Mais ce n&rsquo;est pas tout ! Cette formule pr\u00e9cieuse est enrichie en Eau de Glacier du Mont-Blanc, une eau pure et revitalisante qui apporte ses min\u00e9raux essentiels pour une r\u00e9hydratation instantan\u00e9e et une sensation de fra\u00eecheur exquise.<br \/>\nPour s&rsquo;assurer que cette hydratation pr\u00e9cieuse reste fix\u00e9e durablement au c\u0153ur de l&rsquo;\u00e9piderme, la formule int\u00e8gre un extrait d\u2019Immortelle des Alpes bio. Cette fleur alpine, reconnue pour sa r\u00e9silience, fortifie la barri\u00e8re cutan\u00e9e. En renfor\u00e7ant le film hydrolipidique de la peau, elle l&rsquo;aide \u00e0 mieux se d\u00e9fendre contre la d\u00e9shydratation et les agressions ext\u00e9rieures, assurant ainsi une hydratation maintenue tout au long de la journ\u00e9e et de la nuit. Intens\u00e9ment d\u00e9salt\u00e9r\u00e9e, votre peau retrouve instantan\u00e9ment son confort, sa souplesse et sa douceur. Les tiraillements disparaissent, le teint est plus lumineux et les ridules de d\u00e9shydratation s&rsquo;estompent, laissant place \u00e0 une peau visiblement plus saine et radieuse. Le PATYKA HYDRA MASQUE CR\u00c8ME R\u00c9HYDRATANT INTENSE est l&rsquo;alli\u00e9 parfait pour offrir \u00e0 votre peau un v\u00e9ritable bain d&rsquo;hydratation, \u00e0 chaque fois qu&rsquo;elle en a besoin.<br \/>\nConseils d&rsquo;utilisation :<br \/>\nAppliquez ce masque 1 \u00e0 2 fois par semaine sur une peau propre et s\u00e8che. En cas de d\u00e9shydratation intense ou de besoin, il peut \u00eatre utilis\u00e9 plus fr\u00e9quemment, voire en cure quotidienne pendant quelques jours.<\/p>\n","protected":false},"excerpt":{"rendered":"<p>La magie de ce masque r\u00e9side dans sa formule d&rsquo;exception, infus\u00e9e d&rsquo;actifs hydratants et protecteurs de haute performance. Au c\u0153ur<\/p>\n","protected":false},"featured_media":22873,"comment_status":"open","ping_status":"closed","template":"","meta":[],"product_brand":[443],"product_cat":[473],"product_tag":[],"class_list":{"0":"post-22838","1":"product","2":"type-product","3":"status-publish","4":"has-post-thumbnail","6":"product_brand-patyka","7":"product_cat-masques-visage","9":"first","10":"instock","11":"sale","12":"shipping-taxable","13":"purchasable","14":"product-type-simple"},"yoast_head":"<!-- This site is optimized with the Yoast SEO plugin v26.6 - https:\/\/yoast.com\/wordpress\/plugins\/seo\/ -->\r\n<title>PATYKA HYDRA MASQUE CREME REHYDRATANT INTENSE 50ML - Paracherkaoui.ma<\/title>\r\n<meta name=\"robots\" content=\"index, follow, max-snippet:-1, max-image-preview:large, max-video-preview:-1\" \/>\r\n<link rel=\"canonical\" href=\"https:\/\/paracherkaoui.ma\/index.php\/produit\/patyka-hydra-masque-creme-rehydratant-intense-50ml\/\" \/>\r\n<meta property=\"og:locale\" content=\"fr_FR\" \/>\r\n<meta property=\"og:type\" content=\"article\" \/>\r\n<meta property=\"og:title\" content=\"PATYKA HYDRA MASQUE CREME REHYDRATANT INTENSE 50ML - Paracherkaoui.ma\" \/>\r\n<meta property=\"og:description\" content=\"La magie de ce masque r\u00e9side dans sa formule d&rsquo;exception, infus\u00e9e d&rsquo;actifs hydratants et protecteurs de haute performance. Au c\u0153ur\" \/>\r\n<meta property=\"og:url\" content=\"https:\/\/paracherkaoui.ma\/index.php\/produit\/patyka-hydra-masque-creme-rehydratant-intense-50ml\/\" \/>\r\n<meta property=\"og:site_name\" content=\"Paracherkaoui.ma\" \/>\r\n<meta property=\"article:modified_time\" content=\"2025-12-12T17:17:16+00:00\" \/>\r\n<meta property=\"og:image\" content=\"https:\/\/paracherkaoui.ma\/wp-content\/uploads\/2025\/12\/patyka-patyka-hydra-masque-creme-rehydratant-intense-50ml-masques-visage.jpg\" \/>\r\n\t<meta property=\"og:image:width\" content=\"700\" \/>\r\n\t<meta property=\"og:image:height\" content=\"700\" \/>\r\n\t<meta property=\"og:image:type\" content=\"image\/jpeg\" \/>\r\n<meta name=\"twitter:card\" content=\"summary_large_image\" \/>\r\n<meta name=\"twitter:label1\" content=\"Dur\u00e9e de lecture estim\u00e9e\" \/>\n\t<meta name=\"twitter:data1\" content=\"2 minutes\" \/>\r\n<script type=\"application\/ld+json\" class=\"yoast-schema-graph\">{\"@context\":\"https:\/\/schema.org\",\"@graph\":[{\"@type\":\"WebPage\",\"@id\":\"https:\/\/paracherkaoui.ma\/index.php\/produit\/patyka-hydra-masque-creme-rehydratant-intense-50ml\/\",\"url\":\"https:\/\/paracherkaoui.ma\/index.php\/produit\/patyka-hydra-masque-creme-rehydratant-intense-50ml\/\",\"name\":\"PATYKA HYDRA MASQUE CREME REHYDRATANT INTENSE 50ML - Paracherkaoui.ma\",\"isPartOf\":{\"@id\":\"https:\/\/paracherkaoui.ma\/#website\"},\"primaryImageOfPage\":{\"@id\":\"https:\/\/paracherkaoui.ma\/index.php\/produit\/patyka-hydra-masque-creme-rehydratant-intense-50ml\/#primaryimage\"},\"image\":{\"@id\":\"https:\/\/paracherkaoui.ma\/index.php\/produit\/patyka-hydra-masque-creme-rehydratant-intense-50ml\/#primaryimage\"},\"thumbnailUrl\":\"https:\/\/paracherkaoui.ma\/wp-content\/uploads\/2025\/12\/patyka-patyka-hydra-masque-creme-rehydratant-intense-50ml-masques-visage.jpg\",\"datePublished\":\"2025-12-12T17:17:12+00:00\",\"dateModified\":\"2025-12-12T17:17:16+00:00\",\"breadcrumb\":{\"@id\":\"https:\/\/paracherkaoui.ma\/index.php\/produit\/patyka-hydra-masque-creme-rehydratant-intense-50ml\/#breadcrumb\"},\"inLanguage\":\"fr-FR\",\"potentialAction\":[{\"@type\":\"ReadAction\",\"target\":[\"https:\/\/paracherkaoui.ma\/index.php\/produit\/patyka-hydra-masque-creme-rehydratant-intense-50ml\/\"]}]},{\"@type\":\"ImageObject\",\"inLanguage\":\"fr-FR\",\"@id\":\"https:\/\/paracherkaoui.ma\/index.php\/produit\/patyka-hydra-masque-creme-rehydratant-intense-50ml\/#primaryimage\",\"url\":\"https:\/\/paracherkaoui.ma\/wp-content\/uploads\/2025\/12\/patyka-patyka-hydra-masque-creme-rehydratant-intense-50ml-masques-visage.jpg\",\"contentUrl\":\"https:\/\/paracherkaoui.ma\/wp-content\/uploads\/2025\/12\/patyka-patyka-hydra-masque-creme-rehydratant-intense-50ml-masques-visage.jpg\",\"width\":700,\"height\":700},{\"@type\":\"BreadcrumbList\",\"@id\":\"https:\/\/paracherkaoui.ma\/index.php\/produit\/patyka-hydra-masque-creme-rehydratant-intense-50ml\/#breadcrumb\",\"itemListElement\":[{\"@type\":\"ListItem\",\"position\":1,\"name\":\"Accueil\",\"item\":\"https:\/\/paracherkaoui.ma\/\"},{\"@type\":\"ListItem\",\"position\":2,\"name\":\"Boutique\",\"item\":\"https:\/\/paracherkaoui.ma\/index.php\/boutique\/\"},{\"@type\":\"ListItem\",\"position\":3,\"name\":\"PATYKA HYDRA MASQUE CREME REHYDRATANT INTENSE 50ML\"}]},{\"@type\":\"WebSite\",\"@id\":\"https:\/\/paracherkaoui.ma\/#website\",\"url\":\"https:\/\/paracherkaoui.ma\/\",\"name\":\"Paracherkaoui.ma\",\"description\":\"Achetez en ligne sur Paracherkaoui.ma\",\"potentialAction\":[{\"@type\":\"SearchAction\",\"target\":{\"@type\":\"EntryPoint\",\"urlTemplate\":\"https:\/\/paracherkaoui.ma\/?s={search_term_string}\"},\"query-input\":{\"@type\":\"PropertyValueSpecification\",\"valueRequired\":true,\"valueName\":\"search_term_string\"}}],\"inLanguage\":\"fr-FR\"}]}<\/script>\r\n<!-- \/ Yoast SEO plugin. -->","yoast_head_json":{"title":"PATYKA HYDRA MASQUE CREME REHYDRATANT INTENSE 50ML - Paracherkaoui.ma","robots":{"index":"index","follow":"follow","max-snippet":"max-snippet:-1","max-image-preview":"max-image-preview:large","max-video-preview":"max-video-preview:-1"},"canonical":"https:\/\/paracherkaoui.ma\/index.php\/produit\/patyka-hydra-masque-creme-rehydratant-intense-50ml\/","og_locale":"fr_FR","og_type":"article","og_title":"PATYKA HYDRA MASQUE CREME REHYDRATANT INTENSE 50ML - Paracherkaoui.ma","og_description":"La magie de ce masque r\u00e9side dans sa formule d&rsquo;exception, infus\u00e9e d&rsquo;actifs hydratants et protecteurs de haute performance. Au c\u0153ur","og_url":"https:\/\/paracherkaoui.ma\/index.php\/produit\/patyka-hydra-masque-creme-rehydratant-intense-50ml\/","og_site_name":"Paracherkaoui.ma","article_modified_time":"2025-12-12T17:17:16+00:00","og_image":[{"width":700,"height":700,"url":"https:\/\/paracherkaoui.ma\/wp-content\/uploads\/2025\/12\/patyka-patyka-hydra-masque-creme-rehydratant-intense-50ml-masques-visage.jpg","type":"image\/jpeg"}],"twitter_card":"summary_large_image","twitter_misc":{"Dur\u00e9e de lecture estim\u00e9e":"2 minutes"},"schema":{"@context":"https:\/\/schema.org","@graph":[{"@type":"WebPage","@id":"https:\/\/paracherkaoui.ma\/index.php\/produit\/patyka-hydra-masque-creme-rehydratant-intense-50ml\/","url":"https:\/\/paracherkaoui.ma\/index.php\/produit\/patyka-hydra-masque-creme-rehydratant-intense-50ml\/","name":"PATYKA HYDRA MASQUE CREME REHYDRATANT INTENSE 50ML - Paracherkaoui.ma","isPartOf":{"@id":"https:\/\/paracherkaoui.ma\/#website"},"primaryImageOfPage":{"@id":"https:\/\/paracherkaoui.ma\/index.php\/produit\/patyka-hydra-masque-creme-rehydratant-intense-50ml\/#primaryimage"},"image":{"@id":"https:\/\/paracherkaoui.ma\/index.php\/produit\/patyka-hydra-masque-creme-rehydratant-intense-50ml\/#primaryimage"},"thumbnailUrl":"https:\/\/paracherkaoui.ma\/wp-content\/uploads\/2025\/12\/patyka-patyka-hydra-masque-creme-rehydratant-intense-50ml-masques-visage.jpg","datePublished":"2025-12-12T17:17:12+00:00","dateModified":"2025-12-12T17:17:16+00:00","breadcrumb":{"@id":"https:\/\/paracherkaoui.ma\/index.php\/produit\/patyka-hydra-masque-creme-rehydratant-intense-50ml\/#breadcrumb"},"inLanguage":"fr-FR","potentialAction":[{"@type":"ReadAction","target":["https:\/\/paracherkaoui.ma\/index.php\/produit\/patyka-hydra-masque-creme-rehydratant-intense-50ml\/"]}]},{"@type":"ImageObject","inLanguage":"fr-FR","@id":"https:\/\/paracherkaoui.ma\/index.php\/produit\/patyka-hydra-masque-creme-rehydratant-intense-50ml\/#primaryimage","url":"https:\/\/paracherkaoui.ma\/wp-content\/uploads\/2025\/12\/patyka-patyka-hydra-masque-creme-rehydratant-intense-50ml-masques-visage.jpg","contentUrl":"https:\/\/paracherkaoui.ma\/wp-content\/uploads\/2025\/12\/patyka-patyka-hydra-masque-creme-rehydratant-intense-50ml-masques-visage.jpg","width":700,"height":700},{"@type":"BreadcrumbList","@id":"https:\/\/paracherkaoui.ma\/index.php\/produit\/patyka-hydra-masque-creme-rehydratant-intense-50ml\/#breadcrumb","itemListElement":[{"@type":"ListItem","position":1,"name":"Accueil","item":"https:\/\/paracherkaoui.ma\/"},{"@type":"ListItem","position":2,"name":"Boutique","item":"https:\/\/paracherkaoui.ma\/index.php\/boutique\/"},{"@type":"ListItem","position":3,"name":"PATYKA HYDRA MASQUE CREME REHYDRATANT INTENSE 50ML"}]},{"@type":"WebSite","@id":"https:\/\/paracherkaoui.ma\/#website","url":"https:\/\/paracherkaoui.ma\/","name":"Paracherkaoui.ma","description":"Achetez en ligne sur Paracherkaoui.ma","potentialAction":[{"@type":"SearchAction","target":{"@type":"EntryPoint","urlTemplate":"https:\/\/paracherkaoui.ma\/?s={search_term_string}"},"query-input":{"@type":"PropertyValueSpecification","valueRequired":true,"valueName":"search_term_string"}}],"inLanguage":"fr-FR"}]}},"_links":{"self":[{"href":"https:\/\/paracherkaoui.ma\/index.php\/wp-json\/wp\/v2\/product\/22838","targetHints":{"allow":["GET"]}}],"collection":[{"href":"https:\/\/paracherkaoui.ma\/index.php\/wp-json\/wp\/v2\/product"}],"about":[{"href":"https:\/\/paracherkaoui.ma\/index.php\/wp-json\/wp\/v2\/types\/product"}],"replies":[{"embeddable":true,"href":"https:\/\/paracherkaoui.ma\/index.php\/wp-json\/wp\/v2\/comments?post=22838"}],"version-history":[{"count":1,"href":"https:\/\/paracherkaoui.ma\/index.php\/wp-json\/wp\/v2\/product\/22838\/revisions"}],"predecessor-version":[{"id":22874,"href":"https:\/\/paracherkaoui.ma\/index.php\/wp-json\/wp\/v2\/product\/22838\/revisions\/22874"}],"wp:featuredmedia":[{"embeddable":true,"href":"https:\/\/paracherkaoui.ma\/index.php\/wp-json\/wp\/v2\/media\/22873"}],"wp:attachment":[{"href":"https:\/\/paracherkaoui.ma\/index.php\/wp-json\/wp\/v2\/media?parent=22838"}],"wp:term":[{"taxonomy":"product_brand","embeddable":true,"href":"https:\/\/paracherkaoui.ma\/index.php\/wp-json\/wp\/v2\/product_brand?post=22838"},{"taxonomy":"product_cat","embeddable":true,"href":"https:\/\/paracherkaoui.ma\/index.php\/wp-json\/wp\/v2\/product_cat?post=22838"},{"taxonomy":"product_tag","embeddable":true,"href":"https:\/\/paracherkaoui.ma\/index.php\/wp-json\/wp\/v2\/product_tag?post=22838"}],"curies":[{"name":"wp","href":"https:\/\/api.w.org\/{rel}","templated":true}]}}