{"id":22282,"date":"2025-12-12T18:15:57","date_gmt":"2025-12-12T17:15:57","guid":{"rendered":"https:\/\/test.ecbeaute.com\/?post_type=product&#038;p=22282"},"modified":"2025-12-12T18:16:00","modified_gmt":"2025-12-12T17:16:00","slug":"bioderma-hydrabio-masque-75-ml-3","status":"publish","type":"product","link":"https:\/\/paracherkaoui.ma\/index.php\/produit\/bioderma-hydrabio-masque-75-ml-3\/","title":{"rendered":"BIODERMA HYDRABIO MASQUE 75 ML"},"content":{"rendered":"<p>Description :<br \/>\nBioderma Hydrabio Masque est le premier soin profond g\u00e9n\u00e9rateur d\u2019hydratation profond \u00e0 l\u2019Aquag\u00e9nium. Innovation Bioderma ce complexe biologique brevet\u00e9 stimule les capacit\u00e9s cellulaires de la peau et lui r\u00e9apprend \u00e0 g\u00e9n\u00e9rer, en profondeur, et \u00e0 retenir, en surface, l\u2019eau indispensable \u00e0 son \u00e9quilibre naturel.\u00a0Hydrat\u00e9e\u00a0durablement, la peau retrouve confort, douceur, souplesse et \u00e9clat.\u00a0La formule d\u2019Hydrabio Masque est hypoallerg\u00e9nique et non com\u00e9dog\u00e8ne.\u00a0Peaux d\u00e9shydrat\u00e9es et sensibles.<\/p>\n<p>Conseils d&rsquo;utilisation:<\/p>\n<p>Appliquez Hydrabio Masque en couche \u00e9paisse sur le visage et le cou, pr\u00e9alablement nettoy\u00e9s avec Hydrabio Eau Lact\u00e9e. Laissez poser 10 minutes puis enlevez l\u2019exc\u00e9dent avec un coton ou faire p\u00e9n\u00e9trer l&rsquo;exc\u00e9dent.\u00a0Pour un r\u00e9sultat optimal, Hydrabio Masque s\u2019utilise tous les jours la premi\u00e8re semaine et en relais, une \u00e0 deux fois par semaine.<\/p>\n","protected":false},"excerpt":{"rendered":"<p>Description : Bioderma Hydrabio Masque est le premier soin profond g\u00e9n\u00e9rateur d\u2019hydratation profond \u00e0 l\u2019Aquag\u00e9nium. Innovation Bioderma ce complexe biologique<\/p>\n","protected":false},"featured_media":12453,"comment_status":"open","ping_status":"closed","template":"","meta":[],"product_brand":[137],"product_cat":[473],"product_tag":[],"class_list":{"0":"post-22282","1":"product","2":"type-product","3":"status-publish","4":"has-post-thumbnail","6":"product_brand-bioderma","7":"product_cat-masques-visage","9":"first","10":"instock","11":"sale","12":"shipping-taxable","13":"purchasable","14":"product-type-simple"},"yoast_head":"<!-- This site is optimized with the Yoast SEO plugin v26.6 - https:\/\/yoast.com\/wordpress\/plugins\/seo\/ -->\r\n<title>BIODERMA HYDRABIO MASQUE 75 ML - Paracherkaoui.ma<\/title>\r\n<meta name=\"robots\" content=\"index, follow, max-snippet:-1, max-image-preview:large, max-video-preview:-1\" \/>\r\n<link rel=\"canonical\" href=\"https:\/\/paracherkaoui.ma\/index.php\/produit\/bioderma-hydrabio-masque-75-ml-3\/\" \/>\r\n<meta property=\"og:locale\" content=\"fr_FR\" \/>\r\n<meta property=\"og:type\" content=\"article\" \/>\r\n<meta property=\"og:title\" content=\"BIODERMA HYDRABIO MASQUE 75 ML - Paracherkaoui.ma\" \/>\r\n<meta property=\"og:description\" content=\"Description : Bioderma Hydrabio Masque est le premier soin profond g\u00e9n\u00e9rateur d\u2019hydratation profond \u00e0 l\u2019Aquag\u00e9nium. Innovation Bioderma ce complexe biologique\" \/>\r\n<meta property=\"og:url\" content=\"https:\/\/paracherkaoui.ma\/index.php\/produit\/bioderma-hydrabio-masque-75-ml-3\/\" \/>\r\n<meta property=\"og:site_name\" content=\"Paracherkaoui.ma\" \/>\r\n<meta property=\"article:modified_time\" content=\"2025-12-12T17:16:00+00:00\" \/>\r\n<meta property=\"og:image\" content=\"https:\/\/paracherkaoui.ma\/wp-content\/uploads\/2025\/12\/bioderma-bioderma-hydrabio-masque-75-ml-masques-visage.jpg\" \/>\r\n\t<meta property=\"og:image:width\" content=\"700\" \/>\r\n\t<meta property=\"og:image:height\" content=\"700\" \/>\r\n\t<meta property=\"og:image:type\" content=\"image\/jpeg\" \/>\r\n<meta name=\"twitter:card\" content=\"summary_large_image\" \/>\r\n<meta name=\"twitter:label1\" content=\"Dur\u00e9e de lecture estim\u00e9e\" \/>\n\t<meta name=\"twitter:data1\" content=\"1 minute\" \/>\r\n<script type=\"application\/ld+json\" class=\"yoast-schema-graph\">{\"@context\":\"https:\/\/schema.org\",\"@graph\":[{\"@type\":\"WebPage\",\"@id\":\"https:\/\/paracherkaoui.ma\/index.php\/produit\/bioderma-hydrabio-masque-75-ml-3\/\",\"url\":\"https:\/\/paracherkaoui.ma\/index.php\/produit\/bioderma-hydrabio-masque-75-ml-3\/\",\"name\":\"BIODERMA HYDRABIO MASQUE 75 ML - Paracherkaoui.ma\",\"isPartOf\":{\"@id\":\"https:\/\/paracherkaoui.ma\/#website\"},\"primaryImageOfPage\":{\"@id\":\"https:\/\/paracherkaoui.ma\/index.php\/produit\/bioderma-hydrabio-masque-75-ml-3\/#primaryimage\"},\"image\":{\"@id\":\"https:\/\/paracherkaoui.ma\/index.php\/produit\/bioderma-hydrabio-masque-75-ml-3\/#primaryimage\"},\"thumbnailUrl\":\"https:\/\/paracherkaoui.ma\/wp-content\/uploads\/2025\/12\/bioderma-bioderma-hydrabio-masque-75-ml-masques-visage.jpg\",\"datePublished\":\"2025-12-12T17:15:57+00:00\",\"dateModified\":\"2025-12-12T17:16:00+00:00\",\"breadcrumb\":{\"@id\":\"https:\/\/paracherkaoui.ma\/index.php\/produit\/bioderma-hydrabio-masque-75-ml-3\/#breadcrumb\"},\"inLanguage\":\"fr-FR\",\"potentialAction\":[{\"@type\":\"ReadAction\",\"target\":[\"https:\/\/paracherkaoui.ma\/index.php\/produit\/bioderma-hydrabio-masque-75-ml-3\/\"]}]},{\"@type\":\"ImageObject\",\"inLanguage\":\"fr-FR\",\"@id\":\"https:\/\/paracherkaoui.ma\/index.php\/produit\/bioderma-hydrabio-masque-75-ml-3\/#primaryimage\",\"url\":\"https:\/\/paracherkaoui.ma\/wp-content\/uploads\/2025\/12\/bioderma-bioderma-hydrabio-masque-75-ml-masques-visage.jpg\",\"contentUrl\":\"https:\/\/paracherkaoui.ma\/wp-content\/uploads\/2025\/12\/bioderma-bioderma-hydrabio-masque-75-ml-masques-visage.jpg\",\"width\":700,\"height\":700},{\"@type\":\"BreadcrumbList\",\"@id\":\"https:\/\/paracherkaoui.ma\/index.php\/produit\/bioderma-hydrabio-masque-75-ml-3\/#breadcrumb\",\"itemListElement\":[{\"@type\":\"ListItem\",\"position\":1,\"name\":\"Accueil\",\"item\":\"https:\/\/paracherkaoui.ma\/\"},{\"@type\":\"ListItem\",\"position\":2,\"name\":\"Boutique\",\"item\":\"https:\/\/paracherkaoui.ma\/index.php\/boutique\/\"},{\"@type\":\"ListItem\",\"position\":3,\"name\":\"BIODERMA HYDRABIO MASQUE 75 ML\"}]},{\"@type\":\"WebSite\",\"@id\":\"https:\/\/paracherkaoui.ma\/#website\",\"url\":\"https:\/\/paracherkaoui.ma\/\",\"name\":\"Paracherkaoui.ma\",\"description\":\"Achetez en ligne sur Paracherkaoui.ma\",\"potentialAction\":[{\"@type\":\"SearchAction\",\"target\":{\"@type\":\"EntryPoint\",\"urlTemplate\":\"https:\/\/paracherkaoui.ma\/?s={search_term_string}\"},\"query-input\":{\"@type\":\"PropertyValueSpecification\",\"valueRequired\":true,\"valueName\":\"search_term_string\"}}],\"inLanguage\":\"fr-FR\"}]}<\/script>\r\n<!-- \/ Yoast SEO plugin. -->","yoast_head_json":{"title":"BIODERMA HYDRABIO MASQUE 75 ML - Paracherkaoui.ma","robots":{"index":"index","follow":"follow","max-snippet":"max-snippet:-1","max-image-preview":"max-image-preview:large","max-video-preview":"max-video-preview:-1"},"canonical":"https:\/\/paracherkaoui.ma\/index.php\/produit\/bioderma-hydrabio-masque-75-ml-3\/","og_locale":"fr_FR","og_type":"article","og_title":"BIODERMA HYDRABIO MASQUE 75 ML - Paracherkaoui.ma","og_description":"Description : Bioderma Hydrabio Masque est le premier soin profond g\u00e9n\u00e9rateur d\u2019hydratation profond \u00e0 l\u2019Aquag\u00e9nium. Innovation Bioderma ce complexe biologique","og_url":"https:\/\/paracherkaoui.ma\/index.php\/produit\/bioderma-hydrabio-masque-75-ml-3\/","og_site_name":"Paracherkaoui.ma","article_modified_time":"2025-12-12T17:16:00+00:00","og_image":[{"width":700,"height":700,"url":"https:\/\/paracherkaoui.ma\/wp-content\/uploads\/2025\/12\/bioderma-bioderma-hydrabio-masque-75-ml-masques-visage.jpg","type":"image\/jpeg"}],"twitter_card":"summary_large_image","twitter_misc":{"Dur\u00e9e de lecture estim\u00e9e":"1 minute"},"schema":{"@context":"https:\/\/schema.org","@graph":[{"@type":"WebPage","@id":"https:\/\/paracherkaoui.ma\/index.php\/produit\/bioderma-hydrabio-masque-75-ml-3\/","url":"https:\/\/paracherkaoui.ma\/index.php\/produit\/bioderma-hydrabio-masque-75-ml-3\/","name":"BIODERMA HYDRABIO MASQUE 75 ML - Paracherkaoui.ma","isPartOf":{"@id":"https:\/\/paracherkaoui.ma\/#website"},"primaryImageOfPage":{"@id":"https:\/\/paracherkaoui.ma\/index.php\/produit\/bioderma-hydrabio-masque-75-ml-3\/#primaryimage"},"image":{"@id":"https:\/\/paracherkaoui.ma\/index.php\/produit\/bioderma-hydrabio-masque-75-ml-3\/#primaryimage"},"thumbnailUrl":"https:\/\/paracherkaoui.ma\/wp-content\/uploads\/2025\/12\/bioderma-bioderma-hydrabio-masque-75-ml-masques-visage.jpg","datePublished":"2025-12-12T17:15:57+00:00","dateModified":"2025-12-12T17:16:00+00:00","breadcrumb":{"@id":"https:\/\/paracherkaoui.ma\/index.php\/produit\/bioderma-hydrabio-masque-75-ml-3\/#breadcrumb"},"inLanguage":"fr-FR","potentialAction":[{"@type":"ReadAction","target":["https:\/\/paracherkaoui.ma\/index.php\/produit\/bioderma-hydrabio-masque-75-ml-3\/"]}]},{"@type":"ImageObject","inLanguage":"fr-FR","@id":"https:\/\/paracherkaoui.ma\/index.php\/produit\/bioderma-hydrabio-masque-75-ml-3\/#primaryimage","url":"https:\/\/paracherkaoui.ma\/wp-content\/uploads\/2025\/12\/bioderma-bioderma-hydrabio-masque-75-ml-masques-visage.jpg","contentUrl":"https:\/\/paracherkaoui.ma\/wp-content\/uploads\/2025\/12\/bioderma-bioderma-hydrabio-masque-75-ml-masques-visage.jpg","width":700,"height":700},{"@type":"BreadcrumbList","@id":"https:\/\/paracherkaoui.ma\/index.php\/produit\/bioderma-hydrabio-masque-75-ml-3\/#breadcrumb","itemListElement":[{"@type":"ListItem","position":1,"name":"Accueil","item":"https:\/\/paracherkaoui.ma\/"},{"@type":"ListItem","position":2,"name":"Boutique","item":"https:\/\/paracherkaoui.ma\/index.php\/boutique\/"},{"@type":"ListItem","position":3,"name":"BIODERMA HYDRABIO MASQUE 75 ML"}]},{"@type":"WebSite","@id":"https:\/\/paracherkaoui.ma\/#website","url":"https:\/\/paracherkaoui.ma\/","name":"Paracherkaoui.ma","description":"Achetez en ligne sur Paracherkaoui.ma","potentialAction":[{"@type":"SearchAction","target":{"@type":"EntryPoint","urlTemplate":"https:\/\/paracherkaoui.ma\/?s={search_term_string}"},"query-input":{"@type":"PropertyValueSpecification","valueRequired":true,"valueName":"search_term_string"}}],"inLanguage":"fr-FR"}]}},"_links":{"self":[{"href":"https:\/\/paracherkaoui.ma\/index.php\/wp-json\/wp\/v2\/product\/22282","targetHints":{"allow":["GET"]}}],"collection":[{"href":"https:\/\/paracherkaoui.ma\/index.php\/wp-json\/wp\/v2\/product"}],"about":[{"href":"https:\/\/paracherkaoui.ma\/index.php\/wp-json\/wp\/v2\/types\/product"}],"replies":[{"embeddable":true,"href":"https:\/\/paracherkaoui.ma\/index.php\/wp-json\/wp\/v2\/comments?post=22282"}],"version-history":[{"count":1,"href":"https:\/\/paracherkaoui.ma\/index.php\/wp-json\/wp\/v2\/product\/22282\/revisions"}],"predecessor-version":[{"id":22325,"href":"https:\/\/paracherkaoui.ma\/index.php\/wp-json\/wp\/v2\/product\/22282\/revisions\/22325"}],"wp:featuredmedia":[{"embeddable":true,"href":"https:\/\/paracherkaoui.ma\/index.php\/wp-json\/wp\/v2\/media\/12453"}],"wp:attachment":[{"href":"https:\/\/paracherkaoui.ma\/index.php\/wp-json\/wp\/v2\/media?parent=22282"}],"wp:term":[{"taxonomy":"product_brand","embeddable":true,"href":"https:\/\/paracherkaoui.ma\/index.php\/wp-json\/wp\/v2\/product_brand?post=22282"},{"taxonomy":"product_cat","embeddable":true,"href":"https:\/\/paracherkaoui.ma\/index.php\/wp-json\/wp\/v2\/product_cat?post=22282"},{"taxonomy":"product_tag","embeddable":true,"href":"https:\/\/paracherkaoui.ma\/index.php\/wp-json\/wp\/v2\/product_tag?post=22282"}],"curies":[{"name":"wp","href":"https:\/\/api.w.org\/{rel}","templated":true}]}}