{"id":22118,"date":"2025-12-12T18:15:41","date_gmt":"2025-12-12T17:15:41","guid":{"rendered":"https:\/\/test.ecbeaute.com\/?post_type=product&#038;p=22118"},"modified":"2025-12-12T18:15:43","modified_gmt":"2025-12-12T17:15:43","slug":"nuhanciam-gommage-doux-75-ml","status":"publish","type":"product","link":"https:\/\/paracherkaoui.ma\/index.php\/produit\/nuhanciam-gommage-doux-75-ml\/","title":{"rendered":"NUHANCIAM GOMMAGE DOUX 75 ML"},"content":{"rendered":"<p>Une fois rinc\u00e9e, la texture bluffante de ce gommage haute tol\u00e9rance r\u00e9v\u00e9lera tout en douceur, tout en confort la lumi\u00e8re de votre peau et potentialisera l\u2019efficacit\u00e9 des produits que vous appliquerez ensuite. Tout en confort, tout en douceur, la peau r\u00e9fl\u00e9chit mieux la lumi\u00e8re, le visage est \u00e9blouissant.<br \/>\nCe produit contient 92% d&rsquo;ingr\u00e9dients d&rsquo;origine naturelle.<br \/>\nConseils d&rsquo;utilisation :<br \/>\nUne fois par semaine pour les peaux normales \u00e0 s\u00e8ches et deux fois par semaine pour les peaux mixtes \u00e0 grasses, appliquer sur peau propre, s\u00e8che ou l\u00e9g\u00e8rement humidifi\u00e9e, en \u00e9vitant le contour des yeux. Masser par l\u00e9gers mouvements circulaires, insister sur les parties o\u00f9 la peau est plus \u00e9paisse : les ailes du nez, le menton. Rincer abondamment \u00e0 l&rsquo;eau ti\u00e8de puis s\u00e9cher d\u00e9licatement le visage et le cou.<br \/>\nComposition :<br \/>\nAQUA (WATER), CAPRYLIC\/CAPRIC TRIGLYCERIDE, POLYGLYCERYL-6 DISTEARATE, HYDRATED SILICA, GLYCERIN, ACACIA DECURRENS\/JOJOBA\/SUNFLOWER SEED WAX\/POLYGLYCERYL-3 ESTERS, MACADAMIA INTEGRIFOLIA SEED OIL, MICROCRYSTALLINE CELLULOSE, CETEARYL ALCOHOL, STEARIC ACID, PALMITIC ACID, GLYCERYL STEARATE CITRATE, XANTHAN GUM, CELLULOSE GUM, CI 77891, PARFUM (FRAGRANCE), CAPRYLYL GLYCOL, 1,2-HEXANEDIOL, CHLORPHENESIN, BUTYLENE GLYCOL, SODIUM PHYTATE, MORUS NIGRA LEAF EXTRACT, SODIUM HYDROXIDE, ALCOHOL, SODIUM METABISULFITE, COUMARIN, VANILLIN, LINALYL ACETATE, BENZYL BENZOATE, TERPINEOL, GERANYL ACETATE, GERANIOL, CITRONELLOL, LIMONENE, CITRUS LIMON PEEL OIL, LINALOOL, POGOSTEMON CABLIN OIL, CITRUS AURANTIUM PEEL OIL, JUNIPERUS VIRGINIANA OIL, PINENE.<\/p>\n","protected":false},"excerpt":{"rendered":"<p>Une fois rinc\u00e9e, la texture bluffante de ce gommage haute tol\u00e9rance r\u00e9v\u00e9lera tout en douceur, tout en confort la lumi\u00e8re<\/p>\n","protected":false},"featured_media":22150,"comment_status":"open","ping_status":"closed","template":"","meta":[],"product_brand":[311],"product_cat":[469],"product_tag":[],"class_list":{"0":"post-22118","1":"product","2":"type-product","3":"status-publish","4":"has-post-thumbnail","6":"product_brand-nuhanciam","7":"product_cat-gommages-visage","9":"first","10":"instock","11":"sale","12":"shipping-taxable","13":"purchasable","14":"product-type-simple"},"yoast_head":"<!-- This site is optimized with the Yoast SEO plugin v26.6 - https:\/\/yoast.com\/wordpress\/plugins\/seo\/ -->\r\n<title>NUHANCIAM GOMMAGE DOUX 75 ML - Paracherkaoui.ma<\/title>\r\n<meta name=\"robots\" content=\"index, follow, max-snippet:-1, max-image-preview:large, max-video-preview:-1\" \/>\r\n<link rel=\"canonical\" href=\"https:\/\/paracherkaoui.ma\/index.php\/produit\/nuhanciam-gommage-doux-75-ml\/\" \/>\r\n<meta property=\"og:locale\" content=\"fr_FR\" \/>\r\n<meta property=\"og:type\" content=\"article\" \/>\r\n<meta property=\"og:title\" content=\"NUHANCIAM GOMMAGE DOUX 75 ML - Paracherkaoui.ma\" \/>\r\n<meta property=\"og:description\" content=\"Une fois rinc\u00e9e, la texture bluffante de ce gommage haute tol\u00e9rance r\u00e9v\u00e9lera tout en douceur, tout en confort la lumi\u00e8re\" \/>\r\n<meta property=\"og:url\" content=\"https:\/\/paracherkaoui.ma\/index.php\/produit\/nuhanciam-gommage-doux-75-ml\/\" \/>\r\n<meta property=\"og:site_name\" content=\"Paracherkaoui.ma\" \/>\r\n<meta property=\"article:modified_time\" content=\"2025-12-12T17:15:43+00:00\" \/>\r\n<meta property=\"og:image\" content=\"https:\/\/paracherkaoui.ma\/wp-content\/uploads\/2025\/12\/nuhanciam-nuhanciam-gommage-doux-75-ml-masques-et-gommages.jpg\" \/>\r\n\t<meta property=\"og:image:width\" content=\"700\" \/>\r\n\t<meta property=\"og:image:height\" content=\"700\" \/>\r\n\t<meta property=\"og:image:type\" content=\"image\/jpeg\" \/>\r\n<meta name=\"twitter:card\" content=\"summary_large_image\" \/>\r\n<meta name=\"twitter:label1\" content=\"Dur\u00e9e de lecture estim\u00e9e\" \/>\n\t<meta name=\"twitter:data1\" content=\"1 minute\" \/>\r\n<script type=\"application\/ld+json\" class=\"yoast-schema-graph\">{\"@context\":\"https:\/\/schema.org\",\"@graph\":[{\"@type\":\"WebPage\",\"@id\":\"https:\/\/paracherkaoui.ma\/index.php\/produit\/nuhanciam-gommage-doux-75-ml\/\",\"url\":\"https:\/\/paracherkaoui.ma\/index.php\/produit\/nuhanciam-gommage-doux-75-ml\/\",\"name\":\"NUHANCIAM GOMMAGE DOUX 75 ML - Paracherkaoui.ma\",\"isPartOf\":{\"@id\":\"https:\/\/paracherkaoui.ma\/#website\"},\"primaryImageOfPage\":{\"@id\":\"https:\/\/paracherkaoui.ma\/index.php\/produit\/nuhanciam-gommage-doux-75-ml\/#primaryimage\"},\"image\":{\"@id\":\"https:\/\/paracherkaoui.ma\/index.php\/produit\/nuhanciam-gommage-doux-75-ml\/#primaryimage\"},\"thumbnailUrl\":\"https:\/\/paracherkaoui.ma\/wp-content\/uploads\/2025\/12\/nuhanciam-nuhanciam-gommage-doux-75-ml-masques-et-gommages.jpg\",\"datePublished\":\"2025-12-12T17:15:41+00:00\",\"dateModified\":\"2025-12-12T17:15:43+00:00\",\"breadcrumb\":{\"@id\":\"https:\/\/paracherkaoui.ma\/index.php\/produit\/nuhanciam-gommage-doux-75-ml\/#breadcrumb\"},\"inLanguage\":\"fr-FR\",\"potentialAction\":[{\"@type\":\"ReadAction\",\"target\":[\"https:\/\/paracherkaoui.ma\/index.php\/produit\/nuhanciam-gommage-doux-75-ml\/\"]}]},{\"@type\":\"ImageObject\",\"inLanguage\":\"fr-FR\",\"@id\":\"https:\/\/paracherkaoui.ma\/index.php\/produit\/nuhanciam-gommage-doux-75-ml\/#primaryimage\",\"url\":\"https:\/\/paracherkaoui.ma\/wp-content\/uploads\/2025\/12\/nuhanciam-nuhanciam-gommage-doux-75-ml-masques-et-gommages.jpg\",\"contentUrl\":\"https:\/\/paracherkaoui.ma\/wp-content\/uploads\/2025\/12\/nuhanciam-nuhanciam-gommage-doux-75-ml-masques-et-gommages.jpg\",\"width\":700,\"height\":700},{\"@type\":\"BreadcrumbList\",\"@id\":\"https:\/\/paracherkaoui.ma\/index.php\/produit\/nuhanciam-gommage-doux-75-ml\/#breadcrumb\",\"itemListElement\":[{\"@type\":\"ListItem\",\"position\":1,\"name\":\"Accueil\",\"item\":\"https:\/\/paracherkaoui.ma\/\"},{\"@type\":\"ListItem\",\"position\":2,\"name\":\"Boutique\",\"item\":\"https:\/\/paracherkaoui.ma\/index.php\/boutique\/\"},{\"@type\":\"ListItem\",\"position\":3,\"name\":\"NUHANCIAM GOMMAGE DOUX 75 ML\"}]},{\"@type\":\"WebSite\",\"@id\":\"https:\/\/paracherkaoui.ma\/#website\",\"url\":\"https:\/\/paracherkaoui.ma\/\",\"name\":\"Paracherkaoui.ma\",\"description\":\"Achetez en ligne sur Paracherkaoui.ma\",\"potentialAction\":[{\"@type\":\"SearchAction\",\"target\":{\"@type\":\"EntryPoint\",\"urlTemplate\":\"https:\/\/paracherkaoui.ma\/?s={search_term_string}\"},\"query-input\":{\"@type\":\"PropertyValueSpecification\",\"valueRequired\":true,\"valueName\":\"search_term_string\"}}],\"inLanguage\":\"fr-FR\"}]}<\/script>\r\n<!-- \/ Yoast SEO plugin. -->","yoast_head_json":{"title":"NUHANCIAM GOMMAGE DOUX 75 ML - Paracherkaoui.ma","robots":{"index":"index","follow":"follow","max-snippet":"max-snippet:-1","max-image-preview":"max-image-preview:large","max-video-preview":"max-video-preview:-1"},"canonical":"https:\/\/paracherkaoui.ma\/index.php\/produit\/nuhanciam-gommage-doux-75-ml\/","og_locale":"fr_FR","og_type":"article","og_title":"NUHANCIAM GOMMAGE DOUX 75 ML - Paracherkaoui.ma","og_description":"Une fois rinc\u00e9e, la texture bluffante de ce gommage haute tol\u00e9rance r\u00e9v\u00e9lera tout en douceur, tout en confort la lumi\u00e8re","og_url":"https:\/\/paracherkaoui.ma\/index.php\/produit\/nuhanciam-gommage-doux-75-ml\/","og_site_name":"Paracherkaoui.ma","article_modified_time":"2025-12-12T17:15:43+00:00","og_image":[{"width":700,"height":700,"url":"https:\/\/paracherkaoui.ma\/wp-content\/uploads\/2025\/12\/nuhanciam-nuhanciam-gommage-doux-75-ml-masques-et-gommages.jpg","type":"image\/jpeg"}],"twitter_card":"summary_large_image","twitter_misc":{"Dur\u00e9e de lecture estim\u00e9e":"1 minute"},"schema":{"@context":"https:\/\/schema.org","@graph":[{"@type":"WebPage","@id":"https:\/\/paracherkaoui.ma\/index.php\/produit\/nuhanciam-gommage-doux-75-ml\/","url":"https:\/\/paracherkaoui.ma\/index.php\/produit\/nuhanciam-gommage-doux-75-ml\/","name":"NUHANCIAM GOMMAGE DOUX 75 ML - Paracherkaoui.ma","isPartOf":{"@id":"https:\/\/paracherkaoui.ma\/#website"},"primaryImageOfPage":{"@id":"https:\/\/paracherkaoui.ma\/index.php\/produit\/nuhanciam-gommage-doux-75-ml\/#primaryimage"},"image":{"@id":"https:\/\/paracherkaoui.ma\/index.php\/produit\/nuhanciam-gommage-doux-75-ml\/#primaryimage"},"thumbnailUrl":"https:\/\/paracherkaoui.ma\/wp-content\/uploads\/2025\/12\/nuhanciam-nuhanciam-gommage-doux-75-ml-masques-et-gommages.jpg","datePublished":"2025-12-12T17:15:41+00:00","dateModified":"2025-12-12T17:15:43+00:00","breadcrumb":{"@id":"https:\/\/paracherkaoui.ma\/index.php\/produit\/nuhanciam-gommage-doux-75-ml\/#breadcrumb"},"inLanguage":"fr-FR","potentialAction":[{"@type":"ReadAction","target":["https:\/\/paracherkaoui.ma\/index.php\/produit\/nuhanciam-gommage-doux-75-ml\/"]}]},{"@type":"ImageObject","inLanguage":"fr-FR","@id":"https:\/\/paracherkaoui.ma\/index.php\/produit\/nuhanciam-gommage-doux-75-ml\/#primaryimage","url":"https:\/\/paracherkaoui.ma\/wp-content\/uploads\/2025\/12\/nuhanciam-nuhanciam-gommage-doux-75-ml-masques-et-gommages.jpg","contentUrl":"https:\/\/paracherkaoui.ma\/wp-content\/uploads\/2025\/12\/nuhanciam-nuhanciam-gommage-doux-75-ml-masques-et-gommages.jpg","width":700,"height":700},{"@type":"BreadcrumbList","@id":"https:\/\/paracherkaoui.ma\/index.php\/produit\/nuhanciam-gommage-doux-75-ml\/#breadcrumb","itemListElement":[{"@type":"ListItem","position":1,"name":"Accueil","item":"https:\/\/paracherkaoui.ma\/"},{"@type":"ListItem","position":2,"name":"Boutique","item":"https:\/\/paracherkaoui.ma\/index.php\/boutique\/"},{"@type":"ListItem","position":3,"name":"NUHANCIAM GOMMAGE DOUX 75 ML"}]},{"@type":"WebSite","@id":"https:\/\/paracherkaoui.ma\/#website","url":"https:\/\/paracherkaoui.ma\/","name":"Paracherkaoui.ma","description":"Achetez en ligne sur Paracherkaoui.ma","potentialAction":[{"@type":"SearchAction","target":{"@type":"EntryPoint","urlTemplate":"https:\/\/paracherkaoui.ma\/?s={search_term_string}"},"query-input":{"@type":"PropertyValueSpecification","valueRequired":true,"valueName":"search_term_string"}}],"inLanguage":"fr-FR"}]}},"_links":{"self":[{"href":"https:\/\/paracherkaoui.ma\/index.php\/wp-json\/wp\/v2\/product\/22118","targetHints":{"allow":["GET"]}}],"collection":[{"href":"https:\/\/paracherkaoui.ma\/index.php\/wp-json\/wp\/v2\/product"}],"about":[{"href":"https:\/\/paracherkaoui.ma\/index.php\/wp-json\/wp\/v2\/types\/product"}],"replies":[{"embeddable":true,"href":"https:\/\/paracherkaoui.ma\/index.php\/wp-json\/wp\/v2\/comments?post=22118"}],"version-history":[{"count":1,"href":"https:\/\/paracherkaoui.ma\/index.php\/wp-json\/wp\/v2\/product\/22118\/revisions"}],"predecessor-version":[{"id":22151,"href":"https:\/\/paracherkaoui.ma\/index.php\/wp-json\/wp\/v2\/product\/22118\/revisions\/22151"}],"wp:featuredmedia":[{"embeddable":true,"href":"https:\/\/paracherkaoui.ma\/index.php\/wp-json\/wp\/v2\/media\/22150"}],"wp:attachment":[{"href":"https:\/\/paracherkaoui.ma\/index.php\/wp-json\/wp\/v2\/media?parent=22118"}],"wp:term":[{"taxonomy":"product_brand","embeddable":true,"href":"https:\/\/paracherkaoui.ma\/index.php\/wp-json\/wp\/v2\/product_brand?post=22118"},{"taxonomy":"product_cat","embeddable":true,"href":"https:\/\/paracherkaoui.ma\/index.php\/wp-json\/wp\/v2\/product_cat?post=22118"},{"taxonomy":"product_tag","embeddable":true,"href":"https:\/\/paracherkaoui.ma\/index.php\/wp-json\/wp\/v2\/product_tag?post=22118"}],"curies":[{"name":"wp","href":"https:\/\/api.w.org\/{rel}","templated":true}]}}