{"id":22117,"date":"2025-12-12T18:15:41","date_gmt":"2025-12-12T17:15:41","guid":{"rendered":"https:\/\/test.ecbeaute.com\/?post_type=product&#038;p=22117"},"modified":"2025-12-12T18:15:43","modified_gmt":"2025-12-12T17:15:43","slug":"vichy-normaderm-3-en-1exfoliant-nettoyant-masque-125-ml-2","status":"publish","type":"product","link":"https:\/\/paracherkaoui.ma\/index.php\/produit\/vichy-normaderm-3-en-1exfoliant-nettoyant-masque-125-ml-2\/","title":{"rendered":"VICHY NORMADERM 3 EN 1EXFOLIANT NETTOYANT MASQUE 125 ML"},"content":{"rendered":"<p>Gr\u00e2ce \u00e0 sa formule enrichie en argile (kaolin), il absorbe efficacement l\u2019exc\u00e8s de s\u00e9bum tout en d\u00e9sincrustant les pores. L\u2019amidon de ma\u00efs agit comme un agent purifiant doux, id\u00e9al pour \u00e9liminer les impuret\u00e9s sans agresser la peau. L\u2019eau thermale de Vichy, riche en min\u00e9raux apaisants, hydrate et calme les irritations cutan\u00e9es, rendant ce soin parfaitement adapt\u00e9 aux peaux sensibles.<br \/>\nQue ce soit en nettoyant, exfoliant ou masque, Vichy Normaderm 3 en 1 s&rsquo;adapte \u00e0 vos besoins quotidiens :<br \/>\nEn nettoyant\/exfoliant, il \u00e9limine les cellules mortes et les impuret\u00e9s en surface, laissant la peau fra\u00eeche et adoucie.<br \/>\nEn masque, il matifie intens\u00e9ment, resserre les pores et clarifie le teint.<br \/>\nTest\u00e9 sur peaux grasses \u00e0 tendance acn\u00e9ique, ce soin a d\u00e9montr\u00e9 une efficacit\u00e9 visible d\u00e8s la premi\u00e8re application :<br \/>\n\u2714 96 % des pores moins visibles<br \/>\n\u2714 73 % des impuret\u00e9s \u00e9limin\u00e9es<br \/>\n\u2714 98 % de satisfaction en auto-\u00e9valuation*<br \/>\nConseils d&rsquo;utilisation<br \/>\nEn nettoyant\/exfoliant : appliquer sur le visage mouill\u00e9, faire mousser en massant doucement, puis rincer \u00e0 l\u2019eau claire.<br \/>\nEn masque : appliquer une fine couche sur peau s\u00e8che, laisser poser 5 minutes puis rincer abondamment. \u00c9viter le contour des yeux.<br \/>\n\u00c0 utiliser matin et\/ou soir, selon les besoins de votre peau.<br \/>\nComposition<br \/>\nAQUA, KAOLIN, BUTYLENE GLYCOL, ZEA MAYS STARCH, GLYCERIN, DECYL GLUCOSIDE, CI 77891, CARRAGEENAN, PEG-7 GLYCERYL COCOATE, CI 77288, GLYCOLIC ACID, ZINC GLUCONATE, PUMICE, SILICA [NANO], SALICYLIC ACID, SODIUM HYDROXIDE, SODIUM CHLORIDE, PHENOXYETHANOL, COCO-BETAINE, DIPOTASSIUM GLYCYRRHIZATE, DISODIUM EDTA, XANTHAN GUM, PARFUM<\/p>\n","protected":false},"excerpt":{"rendered":"<p>Gr\u00e2ce \u00e0 sa formule enrichie en argile (kaolin), il absorbe efficacement l\u2019exc\u00e8s de s\u00e9bum tout en d\u00e9sincrustant les pores. L\u2019amidon<\/p>\n","protected":false},"featured_media":12374,"comment_status":"open","ping_status":"closed","template":"","meta":[],"product_brand":[139],"product_cat":[469],"product_tag":[],"class_list":{"0":"post-22117","1":"product","2":"type-product","3":"status-publish","4":"has-post-thumbnail","6":"product_brand-vichy","7":"product_cat-gommages-visage","9":"first","10":"instock","11":"sale","12":"shipping-taxable","13":"purchasable","14":"product-type-simple"},"yoast_head":"<!-- This site is optimized with the Yoast SEO plugin v26.6 - https:\/\/yoast.com\/wordpress\/plugins\/seo\/ -->\r\n<title>VICHY NORMADERM 3 EN 1EXFOLIANT NETTOYANT MASQUE 125 ML - Paracherkaoui.ma<\/title>\r\n<meta name=\"robots\" content=\"index, follow, max-snippet:-1, max-image-preview:large, max-video-preview:-1\" \/>\r\n<link rel=\"canonical\" href=\"https:\/\/paracherkaoui.ma\/index.php\/produit\/vichy-normaderm-3-en-1exfoliant-nettoyant-masque-125-ml-2\/\" \/>\r\n<meta property=\"og:locale\" content=\"fr_FR\" \/>\r\n<meta property=\"og:type\" content=\"article\" \/>\r\n<meta property=\"og:title\" content=\"VICHY NORMADERM 3 EN 1EXFOLIANT NETTOYANT MASQUE 125 ML - Paracherkaoui.ma\" \/>\r\n<meta property=\"og:description\" content=\"Gr\u00e2ce \u00e0 sa formule enrichie en argile (kaolin), il absorbe efficacement l\u2019exc\u00e8s de s\u00e9bum tout en d\u00e9sincrustant les pores. L\u2019amidon\" \/>\r\n<meta property=\"og:url\" content=\"https:\/\/paracherkaoui.ma\/index.php\/produit\/vichy-normaderm-3-en-1exfoliant-nettoyant-masque-125-ml-2\/\" \/>\r\n<meta property=\"og:site_name\" content=\"Paracherkaoui.ma\" \/>\r\n<meta property=\"article:modified_time\" content=\"2025-12-12T17:15:43+00:00\" \/>\r\n<meta property=\"og:image\" content=\"https:\/\/paracherkaoui.ma\/wp-content\/uploads\/2025\/12\/vichy-vichy-normaderm-3-en-1exfoliant-nettoyant-masque-125-ml-masques-et-gommages.jpg\" \/>\r\n\t<meta property=\"og:image:width\" content=\"700\" \/>\r\n\t<meta property=\"og:image:height\" content=\"700\" \/>\r\n\t<meta property=\"og:image:type\" content=\"image\/jpeg\" \/>\r\n<meta name=\"twitter:card\" content=\"summary_large_image\" \/>\r\n<meta name=\"twitter:label1\" content=\"Dur\u00e9e de lecture estim\u00e9e\" \/>\n\t<meta name=\"twitter:data1\" content=\"1 minute\" \/>\r\n<script type=\"application\/ld+json\" class=\"yoast-schema-graph\">{\"@context\":\"https:\/\/schema.org\",\"@graph\":[{\"@type\":\"WebPage\",\"@id\":\"https:\/\/paracherkaoui.ma\/index.php\/produit\/vichy-normaderm-3-en-1exfoliant-nettoyant-masque-125-ml-2\/\",\"url\":\"https:\/\/paracherkaoui.ma\/index.php\/produit\/vichy-normaderm-3-en-1exfoliant-nettoyant-masque-125-ml-2\/\",\"name\":\"VICHY NORMADERM 3 EN 1EXFOLIANT NETTOYANT MASQUE 125 ML - Paracherkaoui.ma\",\"isPartOf\":{\"@id\":\"https:\/\/paracherkaoui.ma\/#website\"},\"primaryImageOfPage\":{\"@id\":\"https:\/\/paracherkaoui.ma\/index.php\/produit\/vichy-normaderm-3-en-1exfoliant-nettoyant-masque-125-ml-2\/#primaryimage\"},\"image\":{\"@id\":\"https:\/\/paracherkaoui.ma\/index.php\/produit\/vichy-normaderm-3-en-1exfoliant-nettoyant-masque-125-ml-2\/#primaryimage\"},\"thumbnailUrl\":\"https:\/\/paracherkaoui.ma\/wp-content\/uploads\/2025\/12\/vichy-vichy-normaderm-3-en-1exfoliant-nettoyant-masque-125-ml-masques-et-gommages.jpg\",\"datePublished\":\"2025-12-12T17:15:41+00:00\",\"dateModified\":\"2025-12-12T17:15:43+00:00\",\"breadcrumb\":{\"@id\":\"https:\/\/paracherkaoui.ma\/index.php\/produit\/vichy-normaderm-3-en-1exfoliant-nettoyant-masque-125-ml-2\/#breadcrumb\"},\"inLanguage\":\"fr-FR\",\"potentialAction\":[{\"@type\":\"ReadAction\",\"target\":[\"https:\/\/paracherkaoui.ma\/index.php\/produit\/vichy-normaderm-3-en-1exfoliant-nettoyant-masque-125-ml-2\/\"]}]},{\"@type\":\"ImageObject\",\"inLanguage\":\"fr-FR\",\"@id\":\"https:\/\/paracherkaoui.ma\/index.php\/produit\/vichy-normaderm-3-en-1exfoliant-nettoyant-masque-125-ml-2\/#primaryimage\",\"url\":\"https:\/\/paracherkaoui.ma\/wp-content\/uploads\/2025\/12\/vichy-vichy-normaderm-3-en-1exfoliant-nettoyant-masque-125-ml-masques-et-gommages.jpg\",\"contentUrl\":\"https:\/\/paracherkaoui.ma\/wp-content\/uploads\/2025\/12\/vichy-vichy-normaderm-3-en-1exfoliant-nettoyant-masque-125-ml-masques-et-gommages.jpg\",\"width\":700,\"height\":700},{\"@type\":\"BreadcrumbList\",\"@id\":\"https:\/\/paracherkaoui.ma\/index.php\/produit\/vichy-normaderm-3-en-1exfoliant-nettoyant-masque-125-ml-2\/#breadcrumb\",\"itemListElement\":[{\"@type\":\"ListItem\",\"position\":1,\"name\":\"Accueil\",\"item\":\"https:\/\/paracherkaoui.ma\/\"},{\"@type\":\"ListItem\",\"position\":2,\"name\":\"Boutique\",\"item\":\"https:\/\/paracherkaoui.ma\/index.php\/boutique\/\"},{\"@type\":\"ListItem\",\"position\":3,\"name\":\"VICHY NORMADERM 3 EN 1EXFOLIANT NETTOYANT MASQUE 125 ML\"}]},{\"@type\":\"WebSite\",\"@id\":\"https:\/\/paracherkaoui.ma\/#website\",\"url\":\"https:\/\/paracherkaoui.ma\/\",\"name\":\"Paracherkaoui.ma\",\"description\":\"Achetez en ligne sur Paracherkaoui.ma\",\"potentialAction\":[{\"@type\":\"SearchAction\",\"target\":{\"@type\":\"EntryPoint\",\"urlTemplate\":\"https:\/\/paracherkaoui.ma\/?s={search_term_string}\"},\"query-input\":{\"@type\":\"PropertyValueSpecification\",\"valueRequired\":true,\"valueName\":\"search_term_string\"}}],\"inLanguage\":\"fr-FR\"}]}<\/script>\r\n<!-- \/ Yoast SEO plugin. -->","yoast_head_json":{"title":"VICHY NORMADERM 3 EN 1EXFOLIANT NETTOYANT MASQUE 125 ML - Paracherkaoui.ma","robots":{"index":"index","follow":"follow","max-snippet":"max-snippet:-1","max-image-preview":"max-image-preview:large","max-video-preview":"max-video-preview:-1"},"canonical":"https:\/\/paracherkaoui.ma\/index.php\/produit\/vichy-normaderm-3-en-1exfoliant-nettoyant-masque-125-ml-2\/","og_locale":"fr_FR","og_type":"article","og_title":"VICHY NORMADERM 3 EN 1EXFOLIANT NETTOYANT MASQUE 125 ML - Paracherkaoui.ma","og_description":"Gr\u00e2ce \u00e0 sa formule enrichie en argile (kaolin), il absorbe efficacement l\u2019exc\u00e8s de s\u00e9bum tout en d\u00e9sincrustant les pores. L\u2019amidon","og_url":"https:\/\/paracherkaoui.ma\/index.php\/produit\/vichy-normaderm-3-en-1exfoliant-nettoyant-masque-125-ml-2\/","og_site_name":"Paracherkaoui.ma","article_modified_time":"2025-12-12T17:15:43+00:00","og_image":[{"width":700,"height":700,"url":"https:\/\/paracherkaoui.ma\/wp-content\/uploads\/2025\/12\/vichy-vichy-normaderm-3-en-1exfoliant-nettoyant-masque-125-ml-masques-et-gommages.jpg","type":"image\/jpeg"}],"twitter_card":"summary_large_image","twitter_misc":{"Dur\u00e9e de lecture estim\u00e9e":"1 minute"},"schema":{"@context":"https:\/\/schema.org","@graph":[{"@type":"WebPage","@id":"https:\/\/paracherkaoui.ma\/index.php\/produit\/vichy-normaderm-3-en-1exfoliant-nettoyant-masque-125-ml-2\/","url":"https:\/\/paracherkaoui.ma\/index.php\/produit\/vichy-normaderm-3-en-1exfoliant-nettoyant-masque-125-ml-2\/","name":"VICHY NORMADERM 3 EN 1EXFOLIANT NETTOYANT MASQUE 125 ML - Paracherkaoui.ma","isPartOf":{"@id":"https:\/\/paracherkaoui.ma\/#website"},"primaryImageOfPage":{"@id":"https:\/\/paracherkaoui.ma\/index.php\/produit\/vichy-normaderm-3-en-1exfoliant-nettoyant-masque-125-ml-2\/#primaryimage"},"image":{"@id":"https:\/\/paracherkaoui.ma\/index.php\/produit\/vichy-normaderm-3-en-1exfoliant-nettoyant-masque-125-ml-2\/#primaryimage"},"thumbnailUrl":"https:\/\/paracherkaoui.ma\/wp-content\/uploads\/2025\/12\/vichy-vichy-normaderm-3-en-1exfoliant-nettoyant-masque-125-ml-masques-et-gommages.jpg","datePublished":"2025-12-12T17:15:41+00:00","dateModified":"2025-12-12T17:15:43+00:00","breadcrumb":{"@id":"https:\/\/paracherkaoui.ma\/index.php\/produit\/vichy-normaderm-3-en-1exfoliant-nettoyant-masque-125-ml-2\/#breadcrumb"},"inLanguage":"fr-FR","potentialAction":[{"@type":"ReadAction","target":["https:\/\/paracherkaoui.ma\/index.php\/produit\/vichy-normaderm-3-en-1exfoliant-nettoyant-masque-125-ml-2\/"]}]},{"@type":"ImageObject","inLanguage":"fr-FR","@id":"https:\/\/paracherkaoui.ma\/index.php\/produit\/vichy-normaderm-3-en-1exfoliant-nettoyant-masque-125-ml-2\/#primaryimage","url":"https:\/\/paracherkaoui.ma\/wp-content\/uploads\/2025\/12\/vichy-vichy-normaderm-3-en-1exfoliant-nettoyant-masque-125-ml-masques-et-gommages.jpg","contentUrl":"https:\/\/paracherkaoui.ma\/wp-content\/uploads\/2025\/12\/vichy-vichy-normaderm-3-en-1exfoliant-nettoyant-masque-125-ml-masques-et-gommages.jpg","width":700,"height":700},{"@type":"BreadcrumbList","@id":"https:\/\/paracherkaoui.ma\/index.php\/produit\/vichy-normaderm-3-en-1exfoliant-nettoyant-masque-125-ml-2\/#breadcrumb","itemListElement":[{"@type":"ListItem","position":1,"name":"Accueil","item":"https:\/\/paracherkaoui.ma\/"},{"@type":"ListItem","position":2,"name":"Boutique","item":"https:\/\/paracherkaoui.ma\/index.php\/boutique\/"},{"@type":"ListItem","position":3,"name":"VICHY NORMADERM 3 EN 1EXFOLIANT NETTOYANT MASQUE 125 ML"}]},{"@type":"WebSite","@id":"https:\/\/paracherkaoui.ma\/#website","url":"https:\/\/paracherkaoui.ma\/","name":"Paracherkaoui.ma","description":"Achetez en ligne sur Paracherkaoui.ma","potentialAction":[{"@type":"SearchAction","target":{"@type":"EntryPoint","urlTemplate":"https:\/\/paracherkaoui.ma\/?s={search_term_string}"},"query-input":{"@type":"PropertyValueSpecification","valueRequired":true,"valueName":"search_term_string"}}],"inLanguage":"fr-FR"}]}},"_links":{"self":[{"href":"https:\/\/paracherkaoui.ma\/index.php\/wp-json\/wp\/v2\/product\/22117","targetHints":{"allow":["GET"]}}],"collection":[{"href":"https:\/\/paracherkaoui.ma\/index.php\/wp-json\/wp\/v2\/product"}],"about":[{"href":"https:\/\/paracherkaoui.ma\/index.php\/wp-json\/wp\/v2\/types\/product"}],"replies":[{"embeddable":true,"href":"https:\/\/paracherkaoui.ma\/index.php\/wp-json\/wp\/v2\/comments?post=22117"}],"version-history":[{"count":1,"href":"https:\/\/paracherkaoui.ma\/index.php\/wp-json\/wp\/v2\/product\/22117\/revisions"}],"predecessor-version":[{"id":22149,"href":"https:\/\/paracherkaoui.ma\/index.php\/wp-json\/wp\/v2\/product\/22117\/revisions\/22149"}],"wp:featuredmedia":[{"embeddable":true,"href":"https:\/\/paracherkaoui.ma\/index.php\/wp-json\/wp\/v2\/media\/12374"}],"wp:attachment":[{"href":"https:\/\/paracherkaoui.ma\/index.php\/wp-json\/wp\/v2\/media?parent=22117"}],"wp:term":[{"taxonomy":"product_brand","embeddable":true,"href":"https:\/\/paracherkaoui.ma\/index.php\/wp-json\/wp\/v2\/product_brand?post=22117"},{"taxonomy":"product_cat","embeddable":true,"href":"https:\/\/paracherkaoui.ma\/index.php\/wp-json\/wp\/v2\/product_cat?post=22117"},{"taxonomy":"product_tag","embeddable":true,"href":"https:\/\/paracherkaoui.ma\/index.php\/wp-json\/wp\/v2\/product_tag?post=22117"}],"curies":[{"name":"wp","href":"https:\/\/api.w.org\/{rel}","templated":true}]}}