{"id":22115,"date":"2025-12-12T18:15:41","date_gmt":"2025-12-12T17:15:41","guid":{"rendered":"https:\/\/test.ecbeaute.com\/?post_type=product&#038;p=22115"},"modified":"2025-12-12T18:15:43","modified_gmt":"2025-12-12T17:15:43","slug":"onagrine-gommage-douceur-visage-decollete","status":"publish","type":"product","link":"https:\/\/paracherkaoui.ma\/index.php\/produit\/onagrine-gommage-douceur-visage-decollete\/","title":{"rendered":"ONAGRINE Gommage Douceur Visage &#038; D\u00e9collet\u00e9"},"content":{"rendered":"<p>DESCRIPTION<br \/>\nCette cr\u00e8me onctueuse et fondante exfolie et affine le grain de peau sans dess\u00e9cher. La peau est nette, douce et \u00e9clatante.\u00a0Exfolie\u00a0Illumine\u00a0Hydrate<br \/>\nCONSEILS D\u2019APPLICATION<br \/>\nAppliquer 1 \u00e0 2 fois par semaine sur \u00a0peau propre et humide, du bout des doigts en effectuant de petits gestes circulaires. Insister sur la zone T, puis rincer \u00e0 l&rsquo;eau claire.<br \/>\nNotre astuce : \u00a0Pour un gommage et une hydratation express, masser doucement puis laisser poser le gommage quelques minutes. Sa texture cr\u00e8me apaise et hydrate la peau.<br \/>\nLISTE DES INGR\u00c9DIENTS<br \/>\nIngr\u00e9dients : AQUA (WATER), CETEARYL ALCOHOL, CAPRYLIC\/CAPRIC TRIGLYCERIDE, PENTYLENE GLYCOL, GLYCERIN,\u00a0 ISONONYL ISONONANOATE, OENOTHERA BIENNIS (EVENINIG PRIMROSE) OIL, IMPERATA CYLINDRICA ROOT EXTRACT, BAMBUSA ARUNDINACEA STEM EXTRACT, JUNIPERUS OXYCEDRUS WOOD POWDER, VACCINIUM MACROCARPON (CRANBERRY) SEED POWDER, PRUNUS ARMENIACA (APRICOT) SEED POWDER, ILLICIUM VERUM (ANISE) FRUIT EXTRACT, PUNICA GRANATUM FRUIT EXTRACT, CARBOMER, PARFUM (FRAGRANCE), CHLORPHENESIN, CETEARETH-20, TOCOPHERYL ACETATE, DISODIUM EDTA, SODIUM HYDROXIDE, CAPRYLYL GLYCOL, ACRYLATES C10-30 ALKYL ACRYLATE CROSSPOLYMER, LIMONENE.<\/p>\n","protected":false},"excerpt":{"rendered":"<p>DESCRIPTION Cette cr\u00e8me onctueuse et fondante exfolie et affine le grain de peau sans dess\u00e9cher. La peau est nette, douce<\/p>\n","protected":false},"featured_media":22146,"comment_status":"open","ping_status":"closed","template":"","meta":[],"product_brand":[396],"product_cat":[469],"product_tag":[],"class_list":{"0":"post-22115","1":"product","2":"type-product","3":"status-publish","4":"has-post-thumbnail","6":"product_brand-onagrine","7":"product_cat-gommages-visage","9":"first","10":"instock","11":"sale","12":"shipping-taxable","13":"purchasable","14":"product-type-simple"},"yoast_head":"<!-- This site is optimized with the Yoast SEO plugin v26.6 - https:\/\/yoast.com\/wordpress\/plugins\/seo\/ -->\r\n<title>ONAGRINE Gommage Douceur Visage &amp; D\u00e9collet\u00e9 - Paracherkaoui.ma<\/title>\r\n<meta name=\"robots\" content=\"index, follow, max-snippet:-1, max-image-preview:large, max-video-preview:-1\" \/>\r\n<link rel=\"canonical\" href=\"https:\/\/paracherkaoui.ma\/index.php\/produit\/onagrine-gommage-douceur-visage-decollete\/\" \/>\r\n<meta property=\"og:locale\" content=\"fr_FR\" \/>\r\n<meta property=\"og:type\" content=\"article\" \/>\r\n<meta property=\"og:title\" content=\"ONAGRINE Gommage Douceur Visage &amp; D\u00e9collet\u00e9 - Paracherkaoui.ma\" \/>\r\n<meta property=\"og:description\" content=\"DESCRIPTION Cette cr\u00e8me onctueuse et fondante exfolie et affine le grain de peau sans dess\u00e9cher. La peau est nette, douce\" \/>\r\n<meta property=\"og:url\" content=\"https:\/\/paracherkaoui.ma\/index.php\/produit\/onagrine-gommage-douceur-visage-decollete\/\" \/>\r\n<meta property=\"og:site_name\" content=\"Paracherkaoui.ma\" \/>\r\n<meta property=\"article:modified_time\" content=\"2025-12-12T17:15:43+00:00\" \/>\r\n<meta property=\"og:image\" content=\"https:\/\/paracherkaoui.ma\/wp-content\/uploads\/2025\/12\/onagrine-onagrine-gommage-douceur-visage-decollete-gommages-visage.jpg\" \/>\r\n\t<meta property=\"og:image:width\" content=\"700\" \/>\r\n\t<meta property=\"og:image:height\" content=\"700\" \/>\r\n\t<meta property=\"og:image:type\" content=\"image\/jpeg\" \/>\r\n<meta name=\"twitter:card\" content=\"summary_large_image\" \/>\r\n<meta name=\"twitter:label1\" content=\"Dur\u00e9e de lecture estim\u00e9e\" \/>\n\t<meta name=\"twitter:data1\" content=\"1 minute\" \/>\r\n<script type=\"application\/ld+json\" class=\"yoast-schema-graph\">{\"@context\":\"https:\/\/schema.org\",\"@graph\":[{\"@type\":\"WebPage\",\"@id\":\"https:\/\/paracherkaoui.ma\/index.php\/produit\/onagrine-gommage-douceur-visage-decollete\/\",\"url\":\"https:\/\/paracherkaoui.ma\/index.php\/produit\/onagrine-gommage-douceur-visage-decollete\/\",\"name\":\"ONAGRINE Gommage Douceur Visage & D\u00e9collet\u00e9 - Paracherkaoui.ma\",\"isPartOf\":{\"@id\":\"https:\/\/paracherkaoui.ma\/#website\"},\"primaryImageOfPage\":{\"@id\":\"https:\/\/paracherkaoui.ma\/index.php\/produit\/onagrine-gommage-douceur-visage-decollete\/#primaryimage\"},\"image\":{\"@id\":\"https:\/\/paracherkaoui.ma\/index.php\/produit\/onagrine-gommage-douceur-visage-decollete\/#primaryimage\"},\"thumbnailUrl\":\"https:\/\/paracherkaoui.ma\/wp-content\/uploads\/2025\/12\/onagrine-onagrine-gommage-douceur-visage-decollete-gommages-visage.jpg\",\"datePublished\":\"2025-12-12T17:15:41+00:00\",\"dateModified\":\"2025-12-12T17:15:43+00:00\",\"breadcrumb\":{\"@id\":\"https:\/\/paracherkaoui.ma\/index.php\/produit\/onagrine-gommage-douceur-visage-decollete\/#breadcrumb\"},\"inLanguage\":\"fr-FR\",\"potentialAction\":[{\"@type\":\"ReadAction\",\"target\":[\"https:\/\/paracherkaoui.ma\/index.php\/produit\/onagrine-gommage-douceur-visage-decollete\/\"]}]},{\"@type\":\"ImageObject\",\"inLanguage\":\"fr-FR\",\"@id\":\"https:\/\/paracherkaoui.ma\/index.php\/produit\/onagrine-gommage-douceur-visage-decollete\/#primaryimage\",\"url\":\"https:\/\/paracherkaoui.ma\/wp-content\/uploads\/2025\/12\/onagrine-onagrine-gommage-douceur-visage-decollete-gommages-visage.jpg\",\"contentUrl\":\"https:\/\/paracherkaoui.ma\/wp-content\/uploads\/2025\/12\/onagrine-onagrine-gommage-douceur-visage-decollete-gommages-visage.jpg\",\"width\":700,\"height\":700},{\"@type\":\"BreadcrumbList\",\"@id\":\"https:\/\/paracherkaoui.ma\/index.php\/produit\/onagrine-gommage-douceur-visage-decollete\/#breadcrumb\",\"itemListElement\":[{\"@type\":\"ListItem\",\"position\":1,\"name\":\"Accueil\",\"item\":\"https:\/\/paracherkaoui.ma\/\"},{\"@type\":\"ListItem\",\"position\":2,\"name\":\"Boutique\",\"item\":\"https:\/\/paracherkaoui.ma\/index.php\/boutique\/\"},{\"@type\":\"ListItem\",\"position\":3,\"name\":\"ONAGRINE Gommage Douceur Visage &#038; D\u00e9collet\u00e9\"}]},{\"@type\":\"WebSite\",\"@id\":\"https:\/\/paracherkaoui.ma\/#website\",\"url\":\"https:\/\/paracherkaoui.ma\/\",\"name\":\"Paracherkaoui.ma\",\"description\":\"Achetez en ligne sur Paracherkaoui.ma\",\"potentialAction\":[{\"@type\":\"SearchAction\",\"target\":{\"@type\":\"EntryPoint\",\"urlTemplate\":\"https:\/\/paracherkaoui.ma\/?s={search_term_string}\"},\"query-input\":{\"@type\":\"PropertyValueSpecification\",\"valueRequired\":true,\"valueName\":\"search_term_string\"}}],\"inLanguage\":\"fr-FR\"}]}<\/script>\r\n<!-- \/ Yoast SEO plugin. -->","yoast_head_json":{"title":"ONAGRINE Gommage Douceur Visage & D\u00e9collet\u00e9 - Paracherkaoui.ma","robots":{"index":"index","follow":"follow","max-snippet":"max-snippet:-1","max-image-preview":"max-image-preview:large","max-video-preview":"max-video-preview:-1"},"canonical":"https:\/\/paracherkaoui.ma\/index.php\/produit\/onagrine-gommage-douceur-visage-decollete\/","og_locale":"fr_FR","og_type":"article","og_title":"ONAGRINE Gommage Douceur Visage & D\u00e9collet\u00e9 - Paracherkaoui.ma","og_description":"DESCRIPTION Cette cr\u00e8me onctueuse et fondante exfolie et affine le grain de peau sans dess\u00e9cher. La peau est nette, douce","og_url":"https:\/\/paracherkaoui.ma\/index.php\/produit\/onagrine-gommage-douceur-visage-decollete\/","og_site_name":"Paracherkaoui.ma","article_modified_time":"2025-12-12T17:15:43+00:00","og_image":[{"width":700,"height":700,"url":"https:\/\/paracherkaoui.ma\/wp-content\/uploads\/2025\/12\/onagrine-onagrine-gommage-douceur-visage-decollete-gommages-visage.jpg","type":"image\/jpeg"}],"twitter_card":"summary_large_image","twitter_misc":{"Dur\u00e9e de lecture estim\u00e9e":"1 minute"},"schema":{"@context":"https:\/\/schema.org","@graph":[{"@type":"WebPage","@id":"https:\/\/paracherkaoui.ma\/index.php\/produit\/onagrine-gommage-douceur-visage-decollete\/","url":"https:\/\/paracherkaoui.ma\/index.php\/produit\/onagrine-gommage-douceur-visage-decollete\/","name":"ONAGRINE Gommage Douceur Visage & D\u00e9collet\u00e9 - Paracherkaoui.ma","isPartOf":{"@id":"https:\/\/paracherkaoui.ma\/#website"},"primaryImageOfPage":{"@id":"https:\/\/paracherkaoui.ma\/index.php\/produit\/onagrine-gommage-douceur-visage-decollete\/#primaryimage"},"image":{"@id":"https:\/\/paracherkaoui.ma\/index.php\/produit\/onagrine-gommage-douceur-visage-decollete\/#primaryimage"},"thumbnailUrl":"https:\/\/paracherkaoui.ma\/wp-content\/uploads\/2025\/12\/onagrine-onagrine-gommage-douceur-visage-decollete-gommages-visage.jpg","datePublished":"2025-12-12T17:15:41+00:00","dateModified":"2025-12-12T17:15:43+00:00","breadcrumb":{"@id":"https:\/\/paracherkaoui.ma\/index.php\/produit\/onagrine-gommage-douceur-visage-decollete\/#breadcrumb"},"inLanguage":"fr-FR","potentialAction":[{"@type":"ReadAction","target":["https:\/\/paracherkaoui.ma\/index.php\/produit\/onagrine-gommage-douceur-visage-decollete\/"]}]},{"@type":"ImageObject","inLanguage":"fr-FR","@id":"https:\/\/paracherkaoui.ma\/index.php\/produit\/onagrine-gommage-douceur-visage-decollete\/#primaryimage","url":"https:\/\/paracherkaoui.ma\/wp-content\/uploads\/2025\/12\/onagrine-onagrine-gommage-douceur-visage-decollete-gommages-visage.jpg","contentUrl":"https:\/\/paracherkaoui.ma\/wp-content\/uploads\/2025\/12\/onagrine-onagrine-gommage-douceur-visage-decollete-gommages-visage.jpg","width":700,"height":700},{"@type":"BreadcrumbList","@id":"https:\/\/paracherkaoui.ma\/index.php\/produit\/onagrine-gommage-douceur-visage-decollete\/#breadcrumb","itemListElement":[{"@type":"ListItem","position":1,"name":"Accueil","item":"https:\/\/paracherkaoui.ma\/"},{"@type":"ListItem","position":2,"name":"Boutique","item":"https:\/\/paracherkaoui.ma\/index.php\/boutique\/"},{"@type":"ListItem","position":3,"name":"ONAGRINE Gommage Douceur Visage &#038; D\u00e9collet\u00e9"}]},{"@type":"WebSite","@id":"https:\/\/paracherkaoui.ma\/#website","url":"https:\/\/paracherkaoui.ma\/","name":"Paracherkaoui.ma","description":"Achetez en ligne sur Paracherkaoui.ma","potentialAction":[{"@type":"SearchAction","target":{"@type":"EntryPoint","urlTemplate":"https:\/\/paracherkaoui.ma\/?s={search_term_string}"},"query-input":{"@type":"PropertyValueSpecification","valueRequired":true,"valueName":"search_term_string"}}],"inLanguage":"fr-FR"}]}},"_links":{"self":[{"href":"https:\/\/paracherkaoui.ma\/index.php\/wp-json\/wp\/v2\/product\/22115","targetHints":{"allow":["GET"]}}],"collection":[{"href":"https:\/\/paracherkaoui.ma\/index.php\/wp-json\/wp\/v2\/product"}],"about":[{"href":"https:\/\/paracherkaoui.ma\/index.php\/wp-json\/wp\/v2\/types\/product"}],"replies":[{"embeddable":true,"href":"https:\/\/paracherkaoui.ma\/index.php\/wp-json\/wp\/v2\/comments?post=22115"}],"version-history":[{"count":1,"href":"https:\/\/paracherkaoui.ma\/index.php\/wp-json\/wp\/v2\/product\/22115\/revisions"}],"predecessor-version":[{"id":22147,"href":"https:\/\/paracherkaoui.ma\/index.php\/wp-json\/wp\/v2\/product\/22115\/revisions\/22147"}],"wp:featuredmedia":[{"embeddable":true,"href":"https:\/\/paracherkaoui.ma\/index.php\/wp-json\/wp\/v2\/media\/22146"}],"wp:attachment":[{"href":"https:\/\/paracherkaoui.ma\/index.php\/wp-json\/wp\/v2\/media?parent=22115"}],"wp:term":[{"taxonomy":"product_brand","embeddable":true,"href":"https:\/\/paracherkaoui.ma\/index.php\/wp-json\/wp\/v2\/product_brand?post=22115"},{"taxonomy":"product_cat","embeddable":true,"href":"https:\/\/paracherkaoui.ma\/index.php\/wp-json\/wp\/v2\/product_cat?post=22115"},{"taxonomy":"product_tag","embeddable":true,"href":"https:\/\/paracherkaoui.ma\/index.php\/wp-json\/wp\/v2\/product_tag?post=22115"}],"curies":[{"name":"wp","href":"https:\/\/api.w.org\/{rel}","templated":true}]}}