{"id":21819,"date":"2025-12-12T18:07:26","date_gmt":"2025-12-12T17:07:26","guid":{"rendered":"https:\/\/test.ecbeaute.com\/?post_type=product&#038;p=21819"},"modified":"2025-12-12T18:07:28","modified_gmt":"2025-12-12T17:07:28","slug":"skining-skingel-gel-moussant-surgras-visage-et-corps-200-ml","status":"publish","type":"product","link":"https:\/\/paracherkaoui.ma\/index.php\/produit\/skining-skingel-gel-moussant-surgras-visage-et-corps-200-ml\/","title":{"rendered":"SKINING SKINGEL GEL MOUSSANT SURGRAS VISAGE ET CORPS 200 ML"},"content":{"rendered":"<p>D\u00e9couvrez le Skining Skingel Gel Surgras 200 ml, une v\u00e9ritable r\u00e9volution pour votre routine de nettoyage. Ce gel surgras se distingue par sa formule riche en agents hydratants et nourrissants, con\u00e7ue pour offrir \u00e0 votre peau une hydratation intense et durable tout en la nourrissant profond\u00e9ment.<br \/>\nChaque utilisation de ce gel surgras est une exp\u00e9rience luxueuse. Sa formule unique p\u00e9n\u00e8tre rapidement dans la peau, la laissant instantan\u00e9ment douce, lisse et parfaitement hydrat\u00e9e. Fini les sensations de tiraillement et d\u2019inconfort ! Votre peau retrouve sa souplesse et son \u00e9clat naturel gr\u00e2ce \u00e0 une hydratation optimale.<br \/>\nLe Skining Skingel Gel Surgras est id\u00e9al pour toutes les peaux, y compris les plus sensibles. Enrichi en agents hydratants, il r\u00e9pare et prot\u00e8ge l\u2019\u00e9piderme contre les agressions ext\u00e9rieures.<br \/>\nConseils d&rsquo;utilisation:<br \/>\nAppliquez le gel sur une peau propre et s\u00e8che apr\u00e8s la douche ou le bain, d\u00e9posez une g\u00e9n\u00e9reuse quantit\u00e9 de gel sur les mains puis massez d\u00e9licatement en mouvements circulaires sur tout le corps jusqu\u2019\u00e0 absorption compl\u00e8te.<\/p>\n","protected":false},"excerpt":{"rendered":"<p>D\u00e9couvrez le Skining Skingel Gel Surgras 200 ml, une v\u00e9ritable r\u00e9volution pour votre routine de nettoyage. Ce gel surgras se<\/p>\n","protected":false},"featured_media":21840,"comment_status":"open","ping_status":"closed","template":"","meta":[],"product_brand":[448],"product_cat":[346],"product_tag":[],"class_list":{"0":"post-21819","1":"product","2":"type-product","3":"status-publish","4":"has-post-thumbnail","6":"product_brand-skining","7":"product_cat-demaquillants-et-nettoyants","9":"first","10":"instock","11":"sale","12":"shipping-taxable","13":"purchasable","14":"product-type-simple"},"yoast_head":"<!-- This site is optimized with the Yoast SEO plugin v26.6 - https:\/\/yoast.com\/wordpress\/plugins\/seo\/ -->\r\n<title>SKINING SKINGEL GEL MOUSSANT SURGRAS VISAGE ET CORPS 200 ML - Paracherkaoui.ma<\/title>\r\n<meta name=\"robots\" content=\"index, follow, max-snippet:-1, max-image-preview:large, max-video-preview:-1\" \/>\r\n<link rel=\"canonical\" href=\"https:\/\/paracherkaoui.ma\/index.php\/produit\/skining-skingel-gel-moussant-surgras-visage-et-corps-200-ml\/\" \/>\r\n<meta property=\"og:locale\" content=\"fr_FR\" \/>\r\n<meta property=\"og:type\" content=\"article\" \/>\r\n<meta property=\"og:title\" content=\"SKINING SKINGEL GEL MOUSSANT SURGRAS VISAGE ET CORPS 200 ML - Paracherkaoui.ma\" \/>\r\n<meta property=\"og:description\" content=\"D\u00e9couvrez le Skining Skingel Gel Surgras 200 ml, une v\u00e9ritable r\u00e9volution pour votre routine de nettoyage. Ce gel surgras se\" \/>\r\n<meta property=\"og:url\" content=\"https:\/\/paracherkaoui.ma\/index.php\/produit\/skining-skingel-gel-moussant-surgras-visage-et-corps-200-ml\/\" \/>\r\n<meta property=\"og:site_name\" content=\"Paracherkaoui.ma\" \/>\r\n<meta property=\"article:modified_time\" content=\"2025-12-12T17:07:28+00:00\" \/>\r\n<meta property=\"og:image\" content=\"https:\/\/paracherkaoui.ma\/wp-content\/uploads\/2025\/12\/skining-skining-skingel-gel-moussant-surgras-visage-et-corps-200-ml-demaquillants-et-nettoyants.jpg\" \/>\r\n\t<meta property=\"og:image:width\" content=\"700\" \/>\r\n\t<meta property=\"og:image:height\" content=\"700\" \/>\r\n\t<meta property=\"og:image:type\" content=\"image\/jpeg\" \/>\r\n<meta name=\"twitter:card\" content=\"summary_large_image\" \/>\r\n<meta name=\"twitter:label1\" content=\"Dur\u00e9e de lecture estim\u00e9e\" \/>\n\t<meta name=\"twitter:data1\" content=\"1 minute\" \/>\r\n<script type=\"application\/ld+json\" class=\"yoast-schema-graph\">{\"@context\":\"https:\/\/schema.org\",\"@graph\":[{\"@type\":\"WebPage\",\"@id\":\"https:\/\/paracherkaoui.ma\/index.php\/produit\/skining-skingel-gel-moussant-surgras-visage-et-corps-200-ml\/\",\"url\":\"https:\/\/paracherkaoui.ma\/index.php\/produit\/skining-skingel-gel-moussant-surgras-visage-et-corps-200-ml\/\",\"name\":\"SKINING SKINGEL GEL MOUSSANT SURGRAS VISAGE ET CORPS 200 ML - Paracherkaoui.ma\",\"isPartOf\":{\"@id\":\"https:\/\/paracherkaoui.ma\/#website\"},\"primaryImageOfPage\":{\"@id\":\"https:\/\/paracherkaoui.ma\/index.php\/produit\/skining-skingel-gel-moussant-surgras-visage-et-corps-200-ml\/#primaryimage\"},\"image\":{\"@id\":\"https:\/\/paracherkaoui.ma\/index.php\/produit\/skining-skingel-gel-moussant-surgras-visage-et-corps-200-ml\/#primaryimage\"},\"thumbnailUrl\":\"https:\/\/paracherkaoui.ma\/wp-content\/uploads\/2025\/12\/skining-skining-skingel-gel-moussant-surgras-visage-et-corps-200-ml-demaquillants-et-nettoyants.jpg\",\"datePublished\":\"2025-12-12T17:07:26+00:00\",\"dateModified\":\"2025-12-12T17:07:28+00:00\",\"breadcrumb\":{\"@id\":\"https:\/\/paracherkaoui.ma\/index.php\/produit\/skining-skingel-gel-moussant-surgras-visage-et-corps-200-ml\/#breadcrumb\"},\"inLanguage\":\"fr-FR\",\"potentialAction\":[{\"@type\":\"ReadAction\",\"target\":[\"https:\/\/paracherkaoui.ma\/index.php\/produit\/skining-skingel-gel-moussant-surgras-visage-et-corps-200-ml\/\"]}]},{\"@type\":\"ImageObject\",\"inLanguage\":\"fr-FR\",\"@id\":\"https:\/\/paracherkaoui.ma\/index.php\/produit\/skining-skingel-gel-moussant-surgras-visage-et-corps-200-ml\/#primaryimage\",\"url\":\"https:\/\/paracherkaoui.ma\/wp-content\/uploads\/2025\/12\/skining-skining-skingel-gel-moussant-surgras-visage-et-corps-200-ml-demaquillants-et-nettoyants.jpg\",\"contentUrl\":\"https:\/\/paracherkaoui.ma\/wp-content\/uploads\/2025\/12\/skining-skining-skingel-gel-moussant-surgras-visage-et-corps-200-ml-demaquillants-et-nettoyants.jpg\",\"width\":700,\"height\":700},{\"@type\":\"BreadcrumbList\",\"@id\":\"https:\/\/paracherkaoui.ma\/index.php\/produit\/skining-skingel-gel-moussant-surgras-visage-et-corps-200-ml\/#breadcrumb\",\"itemListElement\":[{\"@type\":\"ListItem\",\"position\":1,\"name\":\"Accueil\",\"item\":\"https:\/\/paracherkaoui.ma\/\"},{\"@type\":\"ListItem\",\"position\":2,\"name\":\"Boutique\",\"item\":\"https:\/\/paracherkaoui.ma\/index.php\/boutique\/\"},{\"@type\":\"ListItem\",\"position\":3,\"name\":\"SKINING SKINGEL GEL MOUSSANT SURGRAS VISAGE ET CORPS 200 ML\"}]},{\"@type\":\"WebSite\",\"@id\":\"https:\/\/paracherkaoui.ma\/#website\",\"url\":\"https:\/\/paracherkaoui.ma\/\",\"name\":\"Paracherkaoui.ma\",\"description\":\"Achetez en ligne sur Paracherkaoui.ma\",\"potentialAction\":[{\"@type\":\"SearchAction\",\"target\":{\"@type\":\"EntryPoint\",\"urlTemplate\":\"https:\/\/paracherkaoui.ma\/?s={search_term_string}\"},\"query-input\":{\"@type\":\"PropertyValueSpecification\",\"valueRequired\":true,\"valueName\":\"search_term_string\"}}],\"inLanguage\":\"fr-FR\"}]}<\/script>\r\n<!-- \/ Yoast SEO plugin. -->","yoast_head_json":{"title":"SKINING SKINGEL GEL MOUSSANT SURGRAS VISAGE ET CORPS 200 ML - Paracherkaoui.ma","robots":{"index":"index","follow":"follow","max-snippet":"max-snippet:-1","max-image-preview":"max-image-preview:large","max-video-preview":"max-video-preview:-1"},"canonical":"https:\/\/paracherkaoui.ma\/index.php\/produit\/skining-skingel-gel-moussant-surgras-visage-et-corps-200-ml\/","og_locale":"fr_FR","og_type":"article","og_title":"SKINING SKINGEL GEL MOUSSANT SURGRAS VISAGE ET CORPS 200 ML - Paracherkaoui.ma","og_description":"D\u00e9couvrez le Skining Skingel Gel Surgras 200 ml, une v\u00e9ritable r\u00e9volution pour votre routine de nettoyage. Ce gel surgras se","og_url":"https:\/\/paracherkaoui.ma\/index.php\/produit\/skining-skingel-gel-moussant-surgras-visage-et-corps-200-ml\/","og_site_name":"Paracherkaoui.ma","article_modified_time":"2025-12-12T17:07:28+00:00","og_image":[{"width":700,"height":700,"url":"https:\/\/paracherkaoui.ma\/wp-content\/uploads\/2025\/12\/skining-skining-skingel-gel-moussant-surgras-visage-et-corps-200-ml-demaquillants-et-nettoyants.jpg","type":"image\/jpeg"}],"twitter_card":"summary_large_image","twitter_misc":{"Dur\u00e9e de lecture estim\u00e9e":"1 minute"},"schema":{"@context":"https:\/\/schema.org","@graph":[{"@type":"WebPage","@id":"https:\/\/paracherkaoui.ma\/index.php\/produit\/skining-skingel-gel-moussant-surgras-visage-et-corps-200-ml\/","url":"https:\/\/paracherkaoui.ma\/index.php\/produit\/skining-skingel-gel-moussant-surgras-visage-et-corps-200-ml\/","name":"SKINING SKINGEL GEL MOUSSANT SURGRAS VISAGE ET CORPS 200 ML - Paracherkaoui.ma","isPartOf":{"@id":"https:\/\/paracherkaoui.ma\/#website"},"primaryImageOfPage":{"@id":"https:\/\/paracherkaoui.ma\/index.php\/produit\/skining-skingel-gel-moussant-surgras-visage-et-corps-200-ml\/#primaryimage"},"image":{"@id":"https:\/\/paracherkaoui.ma\/index.php\/produit\/skining-skingel-gel-moussant-surgras-visage-et-corps-200-ml\/#primaryimage"},"thumbnailUrl":"https:\/\/paracherkaoui.ma\/wp-content\/uploads\/2025\/12\/skining-skining-skingel-gel-moussant-surgras-visage-et-corps-200-ml-demaquillants-et-nettoyants.jpg","datePublished":"2025-12-12T17:07:26+00:00","dateModified":"2025-12-12T17:07:28+00:00","breadcrumb":{"@id":"https:\/\/paracherkaoui.ma\/index.php\/produit\/skining-skingel-gel-moussant-surgras-visage-et-corps-200-ml\/#breadcrumb"},"inLanguage":"fr-FR","potentialAction":[{"@type":"ReadAction","target":["https:\/\/paracherkaoui.ma\/index.php\/produit\/skining-skingel-gel-moussant-surgras-visage-et-corps-200-ml\/"]}]},{"@type":"ImageObject","inLanguage":"fr-FR","@id":"https:\/\/paracherkaoui.ma\/index.php\/produit\/skining-skingel-gel-moussant-surgras-visage-et-corps-200-ml\/#primaryimage","url":"https:\/\/paracherkaoui.ma\/wp-content\/uploads\/2025\/12\/skining-skining-skingel-gel-moussant-surgras-visage-et-corps-200-ml-demaquillants-et-nettoyants.jpg","contentUrl":"https:\/\/paracherkaoui.ma\/wp-content\/uploads\/2025\/12\/skining-skining-skingel-gel-moussant-surgras-visage-et-corps-200-ml-demaquillants-et-nettoyants.jpg","width":700,"height":700},{"@type":"BreadcrumbList","@id":"https:\/\/paracherkaoui.ma\/index.php\/produit\/skining-skingel-gel-moussant-surgras-visage-et-corps-200-ml\/#breadcrumb","itemListElement":[{"@type":"ListItem","position":1,"name":"Accueil","item":"https:\/\/paracherkaoui.ma\/"},{"@type":"ListItem","position":2,"name":"Boutique","item":"https:\/\/paracherkaoui.ma\/index.php\/boutique\/"},{"@type":"ListItem","position":3,"name":"SKINING SKINGEL GEL MOUSSANT SURGRAS VISAGE ET CORPS 200 ML"}]},{"@type":"WebSite","@id":"https:\/\/paracherkaoui.ma\/#website","url":"https:\/\/paracherkaoui.ma\/","name":"Paracherkaoui.ma","description":"Achetez en ligne sur Paracherkaoui.ma","potentialAction":[{"@type":"SearchAction","target":{"@type":"EntryPoint","urlTemplate":"https:\/\/paracherkaoui.ma\/?s={search_term_string}"},"query-input":{"@type":"PropertyValueSpecification","valueRequired":true,"valueName":"search_term_string"}}],"inLanguage":"fr-FR"}]}},"_links":{"self":[{"href":"https:\/\/paracherkaoui.ma\/index.php\/wp-json\/wp\/v2\/product\/21819","targetHints":{"allow":["GET"]}}],"collection":[{"href":"https:\/\/paracherkaoui.ma\/index.php\/wp-json\/wp\/v2\/product"}],"about":[{"href":"https:\/\/paracherkaoui.ma\/index.php\/wp-json\/wp\/v2\/types\/product"}],"replies":[{"embeddable":true,"href":"https:\/\/paracherkaoui.ma\/index.php\/wp-json\/wp\/v2\/comments?post=21819"}],"version-history":[{"count":1,"href":"https:\/\/paracherkaoui.ma\/index.php\/wp-json\/wp\/v2\/product\/21819\/revisions"}],"predecessor-version":[{"id":21841,"href":"https:\/\/paracherkaoui.ma\/index.php\/wp-json\/wp\/v2\/product\/21819\/revisions\/21841"}],"wp:featuredmedia":[{"embeddable":true,"href":"https:\/\/paracherkaoui.ma\/index.php\/wp-json\/wp\/v2\/media\/21840"}],"wp:attachment":[{"href":"https:\/\/paracherkaoui.ma\/index.php\/wp-json\/wp\/v2\/media?parent=21819"}],"wp:term":[{"taxonomy":"product_brand","embeddable":true,"href":"https:\/\/paracherkaoui.ma\/index.php\/wp-json\/wp\/v2\/product_brand?post=21819"},{"taxonomy":"product_cat","embeddable":true,"href":"https:\/\/paracherkaoui.ma\/index.php\/wp-json\/wp\/v2\/product_cat?post=21819"},{"taxonomy":"product_tag","embeddable":true,"href":"https:\/\/paracherkaoui.ma\/index.php\/wp-json\/wp\/v2\/product_tag?post=21819"}],"curies":[{"name":"wp","href":"https:\/\/api.w.org\/{rel}","templated":true}]}}