{"id":21477,"date":"2025-12-12T18:06:50","date_gmt":"2025-12-12T17:06:50","guid":{"rendered":"https:\/\/test.ecbeaute.com\/?post_type=product&#038;p=21477"},"modified":"2025-12-12T18:06:55","modified_gmt":"2025-12-12T17:06:55","slug":"fiderma-hydrafid-gel-nettoyant-200ml","status":"publish","type":"product","link":"https:\/\/paracherkaoui.ma\/index.php\/produit\/fiderma-hydrafid-gel-nettoyant-200ml\/","title":{"rendered":"FIDERMA HYDRAFID GEL NETTOYANT 200ML"},"content":{"rendered":"<p>Description:<br \/>\nFIDERMA GEL NETTOYANT HYDRATANT\u00a0 GEL nettoyant est particuli\u00e9rement indiqu\u00e9 pour l\u2019hygi\u00e9ne des peaux s\u00e9ches tr\u00e9s s\u00e8ches, tr\u00e9s s\u00e9ches et sensibles le complexe d\u2019agents hydratants, calmants et adoucissants redonne souplesse et \u00e9lasticit\u00e9 \u00e0 la \u00e9lasticit\u00e9 \u00e0 la peau. texture cr\u00e9meuse.<br \/>\nConseils d&rsquo;utilisation:<br \/>\nAppliquer une petite quantit\u00e9 de hydrafid gel nettoyant sur le peau humide.\u00a0 masser puis rincer abondamment.<\/p>\n","protected":false},"excerpt":{"rendered":"<p>Description: FIDERMA GEL NETTOYANT HYDRATANT\u00a0 GEL nettoyant est particuli\u00e9rement indiqu\u00e9 pour l\u2019hygi\u00e9ne des peaux s\u00e9ches tr\u00e9s s\u00e8ches, tr\u00e9s s\u00e9ches et<\/p>\n","protected":false},"featured_media":21523,"comment_status":"open","ping_status":"closed","template":"","meta":[],"product_brand":[305],"product_cat":[346],"product_tag":[],"class_list":{"0":"post-21477","1":"product","2":"type-product","3":"status-publish","4":"has-post-thumbnail","6":"product_brand-fiderma","7":"product_cat-demaquillants-et-nettoyants","9":"first","10":"instock","11":"sale","12":"shipping-taxable","13":"purchasable","14":"product-type-simple"},"yoast_head":"<!-- This site is optimized with the Yoast SEO plugin v26.6 - https:\/\/yoast.com\/wordpress\/plugins\/seo\/ -->\r\n<title>FIDERMA HYDRAFID GEL NETTOYANT 200ML - Paracherkaoui.ma<\/title>\r\n<meta name=\"robots\" content=\"index, follow, max-snippet:-1, max-image-preview:large, max-video-preview:-1\" \/>\r\n<link rel=\"canonical\" href=\"https:\/\/paracherkaoui.ma\/index.php\/produit\/fiderma-hydrafid-gel-nettoyant-200ml\/\" \/>\r\n<meta property=\"og:locale\" content=\"fr_FR\" \/>\r\n<meta property=\"og:type\" content=\"article\" \/>\r\n<meta property=\"og:title\" content=\"FIDERMA HYDRAFID GEL NETTOYANT 200ML - Paracherkaoui.ma\" \/>\r\n<meta property=\"og:description\" content=\"Description: FIDERMA GEL NETTOYANT HYDRATANT\u00a0 GEL nettoyant est particuli\u00e9rement indiqu\u00e9 pour l\u2019hygi\u00e9ne des peaux s\u00e9ches tr\u00e9s s\u00e8ches, tr\u00e9s s\u00e9ches et\" \/>\r\n<meta property=\"og:url\" content=\"https:\/\/paracherkaoui.ma\/index.php\/produit\/fiderma-hydrafid-gel-nettoyant-200ml\/\" \/>\r\n<meta property=\"og:site_name\" content=\"Paracherkaoui.ma\" \/>\r\n<meta property=\"article:modified_time\" content=\"2025-12-12T17:06:55+00:00\" \/>\r\n<meta property=\"og:image\" content=\"https:\/\/paracherkaoui.ma\/wp-content\/uploads\/2025\/12\/fiderma-fiderma-hydrafid-gel-nettoyant-200ml-nettoyants-visage.jpg\" \/>\r\n\t<meta property=\"og:image:width\" content=\"700\" \/>\r\n\t<meta property=\"og:image:height\" content=\"700\" \/>\r\n\t<meta property=\"og:image:type\" content=\"image\/jpeg\" \/>\r\n<meta name=\"twitter:card\" content=\"summary_large_image\" \/>\r\n<script type=\"application\/ld+json\" class=\"yoast-schema-graph\">{\"@context\":\"https:\/\/schema.org\",\"@graph\":[{\"@type\":\"WebPage\",\"@id\":\"https:\/\/paracherkaoui.ma\/index.php\/produit\/fiderma-hydrafid-gel-nettoyant-200ml\/\",\"url\":\"https:\/\/paracherkaoui.ma\/index.php\/produit\/fiderma-hydrafid-gel-nettoyant-200ml\/\",\"name\":\"FIDERMA HYDRAFID GEL NETTOYANT 200ML - Paracherkaoui.ma\",\"isPartOf\":{\"@id\":\"https:\/\/paracherkaoui.ma\/#website\"},\"primaryImageOfPage\":{\"@id\":\"https:\/\/paracherkaoui.ma\/index.php\/produit\/fiderma-hydrafid-gel-nettoyant-200ml\/#primaryimage\"},\"image\":{\"@id\":\"https:\/\/paracherkaoui.ma\/index.php\/produit\/fiderma-hydrafid-gel-nettoyant-200ml\/#primaryimage\"},\"thumbnailUrl\":\"https:\/\/paracherkaoui.ma\/wp-content\/uploads\/2025\/12\/fiderma-fiderma-hydrafid-gel-nettoyant-200ml-nettoyants-visage.jpg\",\"datePublished\":\"2025-12-12T17:06:50+00:00\",\"dateModified\":\"2025-12-12T17:06:55+00:00\",\"breadcrumb\":{\"@id\":\"https:\/\/paracherkaoui.ma\/index.php\/produit\/fiderma-hydrafid-gel-nettoyant-200ml\/#breadcrumb\"},\"inLanguage\":\"fr-FR\",\"potentialAction\":[{\"@type\":\"ReadAction\",\"target\":[\"https:\/\/paracherkaoui.ma\/index.php\/produit\/fiderma-hydrafid-gel-nettoyant-200ml\/\"]}]},{\"@type\":\"ImageObject\",\"inLanguage\":\"fr-FR\",\"@id\":\"https:\/\/paracherkaoui.ma\/index.php\/produit\/fiderma-hydrafid-gel-nettoyant-200ml\/#primaryimage\",\"url\":\"https:\/\/paracherkaoui.ma\/wp-content\/uploads\/2025\/12\/fiderma-fiderma-hydrafid-gel-nettoyant-200ml-nettoyants-visage.jpg\",\"contentUrl\":\"https:\/\/paracherkaoui.ma\/wp-content\/uploads\/2025\/12\/fiderma-fiderma-hydrafid-gel-nettoyant-200ml-nettoyants-visage.jpg\",\"width\":700,\"height\":700},{\"@type\":\"BreadcrumbList\",\"@id\":\"https:\/\/paracherkaoui.ma\/index.php\/produit\/fiderma-hydrafid-gel-nettoyant-200ml\/#breadcrumb\",\"itemListElement\":[{\"@type\":\"ListItem\",\"position\":1,\"name\":\"Accueil\",\"item\":\"https:\/\/paracherkaoui.ma\/\"},{\"@type\":\"ListItem\",\"position\":2,\"name\":\"Boutique\",\"item\":\"https:\/\/paracherkaoui.ma\/index.php\/boutique\/\"},{\"@type\":\"ListItem\",\"position\":3,\"name\":\"FIDERMA HYDRAFID GEL NETTOYANT 200ML\"}]},{\"@type\":\"WebSite\",\"@id\":\"https:\/\/paracherkaoui.ma\/#website\",\"url\":\"https:\/\/paracherkaoui.ma\/\",\"name\":\"Paracherkaoui.ma\",\"description\":\"Achetez en ligne sur Paracherkaoui.ma\",\"potentialAction\":[{\"@type\":\"SearchAction\",\"target\":{\"@type\":\"EntryPoint\",\"urlTemplate\":\"https:\/\/paracherkaoui.ma\/?s={search_term_string}\"},\"query-input\":{\"@type\":\"PropertyValueSpecification\",\"valueRequired\":true,\"valueName\":\"search_term_string\"}}],\"inLanguage\":\"fr-FR\"}]}<\/script>\r\n<!-- \/ Yoast SEO plugin. -->","yoast_head_json":{"title":"FIDERMA HYDRAFID GEL NETTOYANT 200ML - Paracherkaoui.ma","robots":{"index":"index","follow":"follow","max-snippet":"max-snippet:-1","max-image-preview":"max-image-preview:large","max-video-preview":"max-video-preview:-1"},"canonical":"https:\/\/paracherkaoui.ma\/index.php\/produit\/fiderma-hydrafid-gel-nettoyant-200ml\/","og_locale":"fr_FR","og_type":"article","og_title":"FIDERMA HYDRAFID GEL NETTOYANT 200ML - Paracherkaoui.ma","og_description":"Description: FIDERMA GEL NETTOYANT HYDRATANT\u00a0 GEL nettoyant est particuli\u00e9rement indiqu\u00e9 pour l\u2019hygi\u00e9ne des peaux s\u00e9ches tr\u00e9s s\u00e8ches, tr\u00e9s s\u00e9ches et","og_url":"https:\/\/paracherkaoui.ma\/index.php\/produit\/fiderma-hydrafid-gel-nettoyant-200ml\/","og_site_name":"Paracherkaoui.ma","article_modified_time":"2025-12-12T17:06:55+00:00","og_image":[{"width":700,"height":700,"url":"https:\/\/paracherkaoui.ma\/wp-content\/uploads\/2025\/12\/fiderma-fiderma-hydrafid-gel-nettoyant-200ml-nettoyants-visage.jpg","type":"image\/jpeg"}],"twitter_card":"summary_large_image","schema":{"@context":"https:\/\/schema.org","@graph":[{"@type":"WebPage","@id":"https:\/\/paracherkaoui.ma\/index.php\/produit\/fiderma-hydrafid-gel-nettoyant-200ml\/","url":"https:\/\/paracherkaoui.ma\/index.php\/produit\/fiderma-hydrafid-gel-nettoyant-200ml\/","name":"FIDERMA HYDRAFID GEL NETTOYANT 200ML - Paracherkaoui.ma","isPartOf":{"@id":"https:\/\/paracherkaoui.ma\/#website"},"primaryImageOfPage":{"@id":"https:\/\/paracherkaoui.ma\/index.php\/produit\/fiderma-hydrafid-gel-nettoyant-200ml\/#primaryimage"},"image":{"@id":"https:\/\/paracherkaoui.ma\/index.php\/produit\/fiderma-hydrafid-gel-nettoyant-200ml\/#primaryimage"},"thumbnailUrl":"https:\/\/paracherkaoui.ma\/wp-content\/uploads\/2025\/12\/fiderma-fiderma-hydrafid-gel-nettoyant-200ml-nettoyants-visage.jpg","datePublished":"2025-12-12T17:06:50+00:00","dateModified":"2025-12-12T17:06:55+00:00","breadcrumb":{"@id":"https:\/\/paracherkaoui.ma\/index.php\/produit\/fiderma-hydrafid-gel-nettoyant-200ml\/#breadcrumb"},"inLanguage":"fr-FR","potentialAction":[{"@type":"ReadAction","target":["https:\/\/paracherkaoui.ma\/index.php\/produit\/fiderma-hydrafid-gel-nettoyant-200ml\/"]}]},{"@type":"ImageObject","inLanguage":"fr-FR","@id":"https:\/\/paracherkaoui.ma\/index.php\/produit\/fiderma-hydrafid-gel-nettoyant-200ml\/#primaryimage","url":"https:\/\/paracherkaoui.ma\/wp-content\/uploads\/2025\/12\/fiderma-fiderma-hydrafid-gel-nettoyant-200ml-nettoyants-visage.jpg","contentUrl":"https:\/\/paracherkaoui.ma\/wp-content\/uploads\/2025\/12\/fiderma-fiderma-hydrafid-gel-nettoyant-200ml-nettoyants-visage.jpg","width":700,"height":700},{"@type":"BreadcrumbList","@id":"https:\/\/paracherkaoui.ma\/index.php\/produit\/fiderma-hydrafid-gel-nettoyant-200ml\/#breadcrumb","itemListElement":[{"@type":"ListItem","position":1,"name":"Accueil","item":"https:\/\/paracherkaoui.ma\/"},{"@type":"ListItem","position":2,"name":"Boutique","item":"https:\/\/paracherkaoui.ma\/index.php\/boutique\/"},{"@type":"ListItem","position":3,"name":"FIDERMA HYDRAFID GEL NETTOYANT 200ML"}]},{"@type":"WebSite","@id":"https:\/\/paracherkaoui.ma\/#website","url":"https:\/\/paracherkaoui.ma\/","name":"Paracherkaoui.ma","description":"Achetez en ligne sur Paracherkaoui.ma","potentialAction":[{"@type":"SearchAction","target":{"@type":"EntryPoint","urlTemplate":"https:\/\/paracherkaoui.ma\/?s={search_term_string}"},"query-input":{"@type":"PropertyValueSpecification","valueRequired":true,"valueName":"search_term_string"}}],"inLanguage":"fr-FR"}]}},"_links":{"self":[{"href":"https:\/\/paracherkaoui.ma\/index.php\/wp-json\/wp\/v2\/product\/21477","targetHints":{"allow":["GET"]}}],"collection":[{"href":"https:\/\/paracherkaoui.ma\/index.php\/wp-json\/wp\/v2\/product"}],"about":[{"href":"https:\/\/paracherkaoui.ma\/index.php\/wp-json\/wp\/v2\/types\/product"}],"replies":[{"embeddable":true,"href":"https:\/\/paracherkaoui.ma\/index.php\/wp-json\/wp\/v2\/comments?post=21477"}],"version-history":[{"count":1,"href":"https:\/\/paracherkaoui.ma\/index.php\/wp-json\/wp\/v2\/product\/21477\/revisions"}],"predecessor-version":[{"id":21524,"href":"https:\/\/paracherkaoui.ma\/index.php\/wp-json\/wp\/v2\/product\/21477\/revisions\/21524"}],"wp:featuredmedia":[{"embeddable":true,"href":"https:\/\/paracherkaoui.ma\/index.php\/wp-json\/wp\/v2\/media\/21523"}],"wp:attachment":[{"href":"https:\/\/paracherkaoui.ma\/index.php\/wp-json\/wp\/v2\/media?parent=21477"}],"wp:term":[{"taxonomy":"product_brand","embeddable":true,"href":"https:\/\/paracherkaoui.ma\/index.php\/wp-json\/wp\/v2\/product_brand?post=21477"},{"taxonomy":"product_cat","embeddable":true,"href":"https:\/\/paracherkaoui.ma\/index.php\/wp-json\/wp\/v2\/product_cat?post=21477"},{"taxonomy":"product_tag","embeddable":true,"href":"https:\/\/paracherkaoui.ma\/index.php\/wp-json\/wp\/v2\/product_tag?post=21477"}],"curies":[{"name":"wp","href":"https:\/\/api.w.org\/{rel}","templated":true}]}}