{"id":21139,"date":"2025-12-12T18:06:04","date_gmt":"2025-12-12T17:06:04","guid":{"rendered":"https:\/\/test.ecbeaute.com\/?post_type=product&#038;p=21139"},"modified":"2025-12-12T18:06:07","modified_gmt":"2025-12-12T17:06:07","slug":"caudalie-vinoclean-eau-micellaire-demaquillante-200-ml","status":"publish","type":"product","link":"https:\/\/paracherkaoui.ma\/index.php\/produit\/caudalie-vinoclean-eau-micellaire-demaquillante-200-ml\/","title":{"rendered":"CAUDALIE VINOCLEAN EAU MICELLAIRE DEMAQUILLANTE 200 ML"},"content":{"rendered":"<p>Compos\u00e9e de 98% d&rsquo;ingr\u00e9dients d&rsquo;origine naturelle, l&rsquo;Eau Micellaire nettoie et d\u00e9maquille en un seul geste le visage et les yeux, tout en respectant l\u2019\u00e9quilibre naturel de la peau. Gorg\u00e9e d&rsquo;Eau de raisin bio, elle hydrate et apaise la peau, m\u00eame la plus sensible. La peau est nette, douce et confortable.<br \/>\nSon parfum tr\u00e8s frais m\u00eale des notes de fleur de mandarinier, feuille de citronnier, melon d&rsquo;eau et menthe fra\u00eeche.<br \/>\nCaudalie s&rsquo;engage :<br \/>\n&#8211; Nouveaux flacons en plastique 100% recycl\u00e9*<br \/>\n&#8211; \u00c9conomie de 50 tonnes de plastique d\u2019origine p\u00e9trochimique**<br \/>\n&#8211; Diminution de 45% de l&#8217;empreinte carbone**<br \/>\nB\u00e9n\u00e9fices<br \/>\nNettoie et d\u00e9maquille<br \/>\nHydrate et apaise<br \/>\nLaisse la peau douce et confortable<br \/>\nAPPLICATION :<br \/>\n1. Matin et soir, imbiber un coton de 4 pressions d&rsquo;Eau Micellaire.<br \/>\n2. Faire glisser d\u00e9licatement le coton sur l\u2019ensemble du visage, sans oublier le cou. Renouveler l\u2019op\u00e9ration si n\u00e9cessaire.<br \/>\nSans rin\u00e7age.<br \/>\nPour le d\u00e9maquillage des yeux, laissez poser le coton quelques secondes puis faites-le glisser d\u00e9licatement vers le bas puis vers l\u2019ext\u00e9rieur de l\u2019\u0153il.<\/p>\n","protected":false},"excerpt":{"rendered":"<p>Compos\u00e9e de 98% d&rsquo;ingr\u00e9dients d&rsquo;origine naturelle, l&rsquo;Eau Micellaire nettoie et d\u00e9maquille en un seul geste le visage et les yeux,<\/p>\n","protected":false},"featured_media":21176,"comment_status":"open","ping_status":"closed","template":"","meta":[],"product_brand":[358],"product_cat":[346],"product_tag":[],"class_list":{"0":"post-21139","1":"product","2":"type-product","3":"status-publish","4":"has-post-thumbnail","6":"product_brand-caudalie","7":"product_cat-demaquillants-et-nettoyants","9":"first","10":"instock","11":"shipping-taxable","12":"purchasable","13":"product-type-simple"},"yoast_head":"<!-- This site is optimized with the Yoast SEO plugin v26.6 - https:\/\/yoast.com\/wordpress\/plugins\/seo\/ -->\r\n<title>CAUDALIE VINOCLEAN EAU MICELLAIRE DEMAQUILLANTE 200 ML - Paracherkaoui.ma<\/title>\r\n<meta name=\"robots\" content=\"index, follow, max-snippet:-1, max-image-preview:large, max-video-preview:-1\" \/>\r\n<link rel=\"canonical\" href=\"https:\/\/paracherkaoui.ma\/index.php\/produit\/caudalie-vinoclean-eau-micellaire-demaquillante-200-ml\/\" \/>\r\n<meta property=\"og:locale\" content=\"fr_FR\" \/>\r\n<meta property=\"og:type\" content=\"article\" \/>\r\n<meta property=\"og:title\" content=\"CAUDALIE VINOCLEAN EAU MICELLAIRE DEMAQUILLANTE 200 ML - Paracherkaoui.ma\" \/>\r\n<meta property=\"og:description\" content=\"Compos\u00e9e de 98% d&rsquo;ingr\u00e9dients d&rsquo;origine naturelle, l&rsquo;Eau Micellaire nettoie et d\u00e9maquille en un seul geste le visage et les yeux,\" \/>\r\n<meta property=\"og:url\" content=\"https:\/\/paracherkaoui.ma\/index.php\/produit\/caudalie-vinoclean-eau-micellaire-demaquillante-200-ml\/\" \/>\r\n<meta property=\"og:site_name\" content=\"Paracherkaoui.ma\" \/>\r\n<meta property=\"article:modified_time\" content=\"2025-12-12T17:06:07+00:00\" \/>\r\n<meta property=\"og:image\" content=\"https:\/\/paracherkaoui.ma\/wp-content\/uploads\/2025\/12\/caudalie-caudalie-vinoclean-eau-micellaire-demaquillante-200-ml-nettoyants-visage.jpg\" \/>\r\n\t<meta property=\"og:image:width\" content=\"700\" \/>\r\n\t<meta property=\"og:image:height\" content=\"700\" \/>\r\n\t<meta property=\"og:image:type\" content=\"image\/jpeg\" \/>\r\n<meta name=\"twitter:card\" content=\"summary_large_image\" \/>\r\n<meta name=\"twitter:label1\" content=\"Dur\u00e9e de lecture estim\u00e9e\" \/>\n\t<meta name=\"twitter:data1\" content=\"1 minute\" \/>\r\n<script type=\"application\/ld+json\" class=\"yoast-schema-graph\">{\"@context\":\"https:\/\/schema.org\",\"@graph\":[{\"@type\":\"WebPage\",\"@id\":\"https:\/\/paracherkaoui.ma\/index.php\/produit\/caudalie-vinoclean-eau-micellaire-demaquillante-200-ml\/\",\"url\":\"https:\/\/paracherkaoui.ma\/index.php\/produit\/caudalie-vinoclean-eau-micellaire-demaquillante-200-ml\/\",\"name\":\"CAUDALIE VINOCLEAN EAU MICELLAIRE DEMAQUILLANTE 200 ML - Paracherkaoui.ma\",\"isPartOf\":{\"@id\":\"https:\/\/paracherkaoui.ma\/#website\"},\"primaryImageOfPage\":{\"@id\":\"https:\/\/paracherkaoui.ma\/index.php\/produit\/caudalie-vinoclean-eau-micellaire-demaquillante-200-ml\/#primaryimage\"},\"image\":{\"@id\":\"https:\/\/paracherkaoui.ma\/index.php\/produit\/caudalie-vinoclean-eau-micellaire-demaquillante-200-ml\/#primaryimage\"},\"thumbnailUrl\":\"https:\/\/paracherkaoui.ma\/wp-content\/uploads\/2025\/12\/caudalie-caudalie-vinoclean-eau-micellaire-demaquillante-200-ml-nettoyants-visage.jpg\",\"datePublished\":\"2025-12-12T17:06:04+00:00\",\"dateModified\":\"2025-12-12T17:06:07+00:00\",\"breadcrumb\":{\"@id\":\"https:\/\/paracherkaoui.ma\/index.php\/produit\/caudalie-vinoclean-eau-micellaire-demaquillante-200-ml\/#breadcrumb\"},\"inLanguage\":\"fr-FR\",\"potentialAction\":[{\"@type\":\"ReadAction\",\"target\":[\"https:\/\/paracherkaoui.ma\/index.php\/produit\/caudalie-vinoclean-eau-micellaire-demaquillante-200-ml\/\"]}]},{\"@type\":\"ImageObject\",\"inLanguage\":\"fr-FR\",\"@id\":\"https:\/\/paracherkaoui.ma\/index.php\/produit\/caudalie-vinoclean-eau-micellaire-demaquillante-200-ml\/#primaryimage\",\"url\":\"https:\/\/paracherkaoui.ma\/wp-content\/uploads\/2025\/12\/caudalie-caudalie-vinoclean-eau-micellaire-demaquillante-200-ml-nettoyants-visage.jpg\",\"contentUrl\":\"https:\/\/paracherkaoui.ma\/wp-content\/uploads\/2025\/12\/caudalie-caudalie-vinoclean-eau-micellaire-demaquillante-200-ml-nettoyants-visage.jpg\",\"width\":700,\"height\":700},{\"@type\":\"BreadcrumbList\",\"@id\":\"https:\/\/paracherkaoui.ma\/index.php\/produit\/caudalie-vinoclean-eau-micellaire-demaquillante-200-ml\/#breadcrumb\",\"itemListElement\":[{\"@type\":\"ListItem\",\"position\":1,\"name\":\"Accueil\",\"item\":\"https:\/\/paracherkaoui.ma\/\"},{\"@type\":\"ListItem\",\"position\":2,\"name\":\"Boutique\",\"item\":\"https:\/\/paracherkaoui.ma\/index.php\/boutique\/\"},{\"@type\":\"ListItem\",\"position\":3,\"name\":\"CAUDALIE VINOCLEAN EAU MICELLAIRE DEMAQUILLANTE 200 ML\"}]},{\"@type\":\"WebSite\",\"@id\":\"https:\/\/paracherkaoui.ma\/#website\",\"url\":\"https:\/\/paracherkaoui.ma\/\",\"name\":\"Paracherkaoui.ma\",\"description\":\"Achetez en ligne sur Paracherkaoui.ma\",\"potentialAction\":[{\"@type\":\"SearchAction\",\"target\":{\"@type\":\"EntryPoint\",\"urlTemplate\":\"https:\/\/paracherkaoui.ma\/?s={search_term_string}\"},\"query-input\":{\"@type\":\"PropertyValueSpecification\",\"valueRequired\":true,\"valueName\":\"search_term_string\"}}],\"inLanguage\":\"fr-FR\"}]}<\/script>\r\n<!-- \/ Yoast SEO plugin. -->","yoast_head_json":{"title":"CAUDALIE VINOCLEAN EAU MICELLAIRE DEMAQUILLANTE 200 ML - Paracherkaoui.ma","robots":{"index":"index","follow":"follow","max-snippet":"max-snippet:-1","max-image-preview":"max-image-preview:large","max-video-preview":"max-video-preview:-1"},"canonical":"https:\/\/paracherkaoui.ma\/index.php\/produit\/caudalie-vinoclean-eau-micellaire-demaquillante-200-ml\/","og_locale":"fr_FR","og_type":"article","og_title":"CAUDALIE VINOCLEAN EAU MICELLAIRE DEMAQUILLANTE 200 ML - Paracherkaoui.ma","og_description":"Compos\u00e9e de 98% d&rsquo;ingr\u00e9dients d&rsquo;origine naturelle, l&rsquo;Eau Micellaire nettoie et d\u00e9maquille en un seul geste le visage et les yeux,","og_url":"https:\/\/paracherkaoui.ma\/index.php\/produit\/caudalie-vinoclean-eau-micellaire-demaquillante-200-ml\/","og_site_name":"Paracherkaoui.ma","article_modified_time":"2025-12-12T17:06:07+00:00","og_image":[{"width":700,"height":700,"url":"https:\/\/paracherkaoui.ma\/wp-content\/uploads\/2025\/12\/caudalie-caudalie-vinoclean-eau-micellaire-demaquillante-200-ml-nettoyants-visage.jpg","type":"image\/jpeg"}],"twitter_card":"summary_large_image","twitter_misc":{"Dur\u00e9e de lecture estim\u00e9e":"1 minute"},"schema":{"@context":"https:\/\/schema.org","@graph":[{"@type":"WebPage","@id":"https:\/\/paracherkaoui.ma\/index.php\/produit\/caudalie-vinoclean-eau-micellaire-demaquillante-200-ml\/","url":"https:\/\/paracherkaoui.ma\/index.php\/produit\/caudalie-vinoclean-eau-micellaire-demaquillante-200-ml\/","name":"CAUDALIE VINOCLEAN EAU MICELLAIRE DEMAQUILLANTE 200 ML - Paracherkaoui.ma","isPartOf":{"@id":"https:\/\/paracherkaoui.ma\/#website"},"primaryImageOfPage":{"@id":"https:\/\/paracherkaoui.ma\/index.php\/produit\/caudalie-vinoclean-eau-micellaire-demaquillante-200-ml\/#primaryimage"},"image":{"@id":"https:\/\/paracherkaoui.ma\/index.php\/produit\/caudalie-vinoclean-eau-micellaire-demaquillante-200-ml\/#primaryimage"},"thumbnailUrl":"https:\/\/paracherkaoui.ma\/wp-content\/uploads\/2025\/12\/caudalie-caudalie-vinoclean-eau-micellaire-demaquillante-200-ml-nettoyants-visage.jpg","datePublished":"2025-12-12T17:06:04+00:00","dateModified":"2025-12-12T17:06:07+00:00","breadcrumb":{"@id":"https:\/\/paracherkaoui.ma\/index.php\/produit\/caudalie-vinoclean-eau-micellaire-demaquillante-200-ml\/#breadcrumb"},"inLanguage":"fr-FR","potentialAction":[{"@type":"ReadAction","target":["https:\/\/paracherkaoui.ma\/index.php\/produit\/caudalie-vinoclean-eau-micellaire-demaquillante-200-ml\/"]}]},{"@type":"ImageObject","inLanguage":"fr-FR","@id":"https:\/\/paracherkaoui.ma\/index.php\/produit\/caudalie-vinoclean-eau-micellaire-demaquillante-200-ml\/#primaryimage","url":"https:\/\/paracherkaoui.ma\/wp-content\/uploads\/2025\/12\/caudalie-caudalie-vinoclean-eau-micellaire-demaquillante-200-ml-nettoyants-visage.jpg","contentUrl":"https:\/\/paracherkaoui.ma\/wp-content\/uploads\/2025\/12\/caudalie-caudalie-vinoclean-eau-micellaire-demaquillante-200-ml-nettoyants-visage.jpg","width":700,"height":700},{"@type":"BreadcrumbList","@id":"https:\/\/paracherkaoui.ma\/index.php\/produit\/caudalie-vinoclean-eau-micellaire-demaquillante-200-ml\/#breadcrumb","itemListElement":[{"@type":"ListItem","position":1,"name":"Accueil","item":"https:\/\/paracherkaoui.ma\/"},{"@type":"ListItem","position":2,"name":"Boutique","item":"https:\/\/paracherkaoui.ma\/index.php\/boutique\/"},{"@type":"ListItem","position":3,"name":"CAUDALIE VINOCLEAN EAU MICELLAIRE DEMAQUILLANTE 200 ML"}]},{"@type":"WebSite","@id":"https:\/\/paracherkaoui.ma\/#website","url":"https:\/\/paracherkaoui.ma\/","name":"Paracherkaoui.ma","description":"Achetez en ligne sur Paracherkaoui.ma","potentialAction":[{"@type":"SearchAction","target":{"@type":"EntryPoint","urlTemplate":"https:\/\/paracherkaoui.ma\/?s={search_term_string}"},"query-input":{"@type":"PropertyValueSpecification","valueRequired":true,"valueName":"search_term_string"}}],"inLanguage":"fr-FR"}]}},"_links":{"self":[{"href":"https:\/\/paracherkaoui.ma\/index.php\/wp-json\/wp\/v2\/product\/21139","targetHints":{"allow":["GET"]}}],"collection":[{"href":"https:\/\/paracherkaoui.ma\/index.php\/wp-json\/wp\/v2\/product"}],"about":[{"href":"https:\/\/paracherkaoui.ma\/index.php\/wp-json\/wp\/v2\/types\/product"}],"replies":[{"embeddable":true,"href":"https:\/\/paracherkaoui.ma\/index.php\/wp-json\/wp\/v2\/comments?post=21139"}],"version-history":[{"count":1,"href":"https:\/\/paracherkaoui.ma\/index.php\/wp-json\/wp\/v2\/product\/21139\/revisions"}],"predecessor-version":[{"id":21177,"href":"https:\/\/paracherkaoui.ma\/index.php\/wp-json\/wp\/v2\/product\/21139\/revisions\/21177"}],"wp:featuredmedia":[{"embeddable":true,"href":"https:\/\/paracherkaoui.ma\/index.php\/wp-json\/wp\/v2\/media\/21176"}],"wp:attachment":[{"href":"https:\/\/paracherkaoui.ma\/index.php\/wp-json\/wp\/v2\/media?parent=21139"}],"wp:term":[{"taxonomy":"product_brand","embeddable":true,"href":"https:\/\/paracherkaoui.ma\/index.php\/wp-json\/wp\/v2\/product_brand?post=21139"},{"taxonomy":"product_cat","embeddable":true,"href":"https:\/\/paracherkaoui.ma\/index.php\/wp-json\/wp\/v2\/product_cat?post=21139"},{"taxonomy":"product_tag","embeddable":true,"href":"https:\/\/paracherkaoui.ma\/index.php\/wp-json\/wp\/v2\/product_tag?post=21139"}],"curies":[{"name":"wp","href":"https:\/\/api.w.org\/{rel}","templated":true}]}}