{"id":20955,"date":"2025-12-12T18:05:48","date_gmt":"2025-12-12T17:05:48","guid":{"rendered":"https:\/\/test.ecbeaute.com\/?post_type=product&#038;p=20955"},"modified":"2025-12-12T18:05:50","modified_gmt":"2025-12-12T17:05:50","slug":"onagrine-visibly-pure-gel-nettoyant-purifiant-200-ml","status":"publish","type":"product","link":"https:\/\/paracherkaoui.ma\/index.php\/produit\/onagrine-visibly-pure-gel-nettoyant-purifiant-200-ml\/","title":{"rendered":"ONAGRINE VISIBLY PURE Gel Nettoyant Purifiant 200 ML"},"content":{"rendered":"<p>DESCRIPTION<br \/>\nCe gel frais nettoie, purifie et clarifie la peau au quotidien. Le teint est plus lumineux, les pores sont resserr\u00e9es, la peau est nette, fra\u00eeche et sublim\u00e9e.\u00a0\u00a0R\u00e9\u00e9quilibre Purifie Clarifie<br \/>\nCONSEILS D\u2019APPLICATION<br \/>\nCe gel s\u2019utilise quotidiennement sur visage humide et se rince \u00e0 l\u2019eau.<br \/>\nLISTE DES INGR\u00c9DIENTS<br \/>\nIngr\u00e9dients : AQUA (WATER), SODIUM LAURETH SULFATE, POLYSORBATE 20, SODIUM COCOYL APPLE AMINO ACIDS, COCAMIDROPROPYL BETAIN, DIGLYCERIN, SODIUM COCOAMPHOACETATE, ACRYLATES\/C10-30 ALKYL ACRYLATE CROSSPOLYMER, PHENOXYETHANOL, SODIUM CHLORIDE, PARFUM (FRAGRANCE), COCO-GLUCOSIDE, GLYCERYL OLEATE, HEXYLENE GLYCOL, CHLORPHENESIN, SODIUM HYDROXIDE, COPPER PCA, DISODIUM EDTA,\u00a0 ARGANIA SPINOSA KERNEL OIL, BENZOIC ACID, CITRIC ACID, GLYCERIN, TETRASODIUM GLUTAMATE DIACETATE,\u00a0 BUTETH-3, SESAMUM INDICUM (SESAME) SEED OIL,\u00a0 OENOTHERA BIENNIS (EVENING PRIMROSE) LEAF CELL EXTRACT, SODIUM BENZOTRIAZOLYL BUTYLPHENOL SULFONATE, SERENOA SERRULATA FRUIT EXTRACT, BETA-SITOSTEROL, NELUMBO NUCIFERA FLOWER EXTRACT, TOCOPHEROL, TRIBUTYL CITRATE, HYDROGENATED PALM GLYCERIDES CITRATE, CI 19140, LECITHIN, ASCORBYL PALMITATE<\/p>\n","protected":false},"excerpt":{"rendered":"<p>DESCRIPTION Ce gel frais nettoie, purifie et clarifie la peau au quotidien. Le teint est plus lumineux, les pores sont<\/p>\n","protected":false},"featured_media":20988,"comment_status":"open","ping_status":"closed","template":"","meta":[],"product_brand":[396],"product_cat":[346],"product_tag":[],"class_list":{"0":"post-20955","1":"product","2":"type-product","3":"status-publish","4":"has-post-thumbnail","6":"product_brand-onagrine","7":"product_cat-demaquillants-et-nettoyants","9":"first","10":"instock","11":"sale","12":"shipping-taxable","13":"purchasable","14":"product-type-simple"},"yoast_head":"<!-- This site is optimized with the Yoast SEO plugin v26.6 - https:\/\/yoast.com\/wordpress\/plugins\/seo\/ -->\r\n<title>ONAGRINE VISIBLY PURE Gel Nettoyant Purifiant 200 ML - Paracherkaoui.ma<\/title>\r\n<meta name=\"robots\" content=\"index, follow, max-snippet:-1, max-image-preview:large, max-video-preview:-1\" \/>\r\n<link rel=\"canonical\" href=\"https:\/\/paracherkaoui.ma\/index.php\/produit\/onagrine-visibly-pure-gel-nettoyant-purifiant-200-ml\/\" \/>\r\n<meta property=\"og:locale\" content=\"fr_FR\" \/>\r\n<meta property=\"og:type\" content=\"article\" \/>\r\n<meta property=\"og:title\" content=\"ONAGRINE VISIBLY PURE Gel Nettoyant Purifiant 200 ML - Paracherkaoui.ma\" \/>\r\n<meta property=\"og:description\" content=\"DESCRIPTION Ce gel frais nettoie, purifie et clarifie la peau au quotidien. Le teint est plus lumineux, les pores sont\" \/>\r\n<meta property=\"og:url\" content=\"https:\/\/paracherkaoui.ma\/index.php\/produit\/onagrine-visibly-pure-gel-nettoyant-purifiant-200-ml\/\" \/>\r\n<meta property=\"og:site_name\" content=\"Paracherkaoui.ma\" \/>\r\n<meta property=\"article:modified_time\" content=\"2025-12-12T17:05:50+00:00\" \/>\r\n<meta property=\"og:image\" content=\"https:\/\/paracherkaoui.ma\/wp-content\/uploads\/2025\/12\/onagrine-onagrine-visibly-pure-gel-nettoyant-purifiant-200-ml-nettoyants-visage.jpg\" \/>\r\n\t<meta property=\"og:image:width\" content=\"700\" \/>\r\n\t<meta property=\"og:image:height\" content=\"700\" \/>\r\n\t<meta property=\"og:image:type\" content=\"image\/jpeg\" \/>\r\n<meta name=\"twitter:card\" content=\"summary_large_image\" \/>\r\n<meta name=\"twitter:label1\" content=\"Dur\u00e9e de lecture estim\u00e9e\" \/>\n\t<meta name=\"twitter:data1\" content=\"1 minute\" \/>\r\n<script type=\"application\/ld+json\" class=\"yoast-schema-graph\">{\"@context\":\"https:\/\/schema.org\",\"@graph\":[{\"@type\":\"WebPage\",\"@id\":\"https:\/\/paracherkaoui.ma\/index.php\/produit\/onagrine-visibly-pure-gel-nettoyant-purifiant-200-ml\/\",\"url\":\"https:\/\/paracherkaoui.ma\/index.php\/produit\/onagrine-visibly-pure-gel-nettoyant-purifiant-200-ml\/\",\"name\":\"ONAGRINE VISIBLY PURE Gel Nettoyant Purifiant 200 ML - Paracherkaoui.ma\",\"isPartOf\":{\"@id\":\"https:\/\/paracherkaoui.ma\/#website\"},\"primaryImageOfPage\":{\"@id\":\"https:\/\/paracherkaoui.ma\/index.php\/produit\/onagrine-visibly-pure-gel-nettoyant-purifiant-200-ml\/#primaryimage\"},\"image\":{\"@id\":\"https:\/\/paracherkaoui.ma\/index.php\/produit\/onagrine-visibly-pure-gel-nettoyant-purifiant-200-ml\/#primaryimage\"},\"thumbnailUrl\":\"https:\/\/paracherkaoui.ma\/wp-content\/uploads\/2025\/12\/onagrine-onagrine-visibly-pure-gel-nettoyant-purifiant-200-ml-nettoyants-visage.jpg\",\"datePublished\":\"2025-12-12T17:05:48+00:00\",\"dateModified\":\"2025-12-12T17:05:50+00:00\",\"breadcrumb\":{\"@id\":\"https:\/\/paracherkaoui.ma\/index.php\/produit\/onagrine-visibly-pure-gel-nettoyant-purifiant-200-ml\/#breadcrumb\"},\"inLanguage\":\"fr-FR\",\"potentialAction\":[{\"@type\":\"ReadAction\",\"target\":[\"https:\/\/paracherkaoui.ma\/index.php\/produit\/onagrine-visibly-pure-gel-nettoyant-purifiant-200-ml\/\"]}]},{\"@type\":\"ImageObject\",\"inLanguage\":\"fr-FR\",\"@id\":\"https:\/\/paracherkaoui.ma\/index.php\/produit\/onagrine-visibly-pure-gel-nettoyant-purifiant-200-ml\/#primaryimage\",\"url\":\"https:\/\/paracherkaoui.ma\/wp-content\/uploads\/2025\/12\/onagrine-onagrine-visibly-pure-gel-nettoyant-purifiant-200-ml-nettoyants-visage.jpg\",\"contentUrl\":\"https:\/\/paracherkaoui.ma\/wp-content\/uploads\/2025\/12\/onagrine-onagrine-visibly-pure-gel-nettoyant-purifiant-200-ml-nettoyants-visage.jpg\",\"width\":700,\"height\":700},{\"@type\":\"BreadcrumbList\",\"@id\":\"https:\/\/paracherkaoui.ma\/index.php\/produit\/onagrine-visibly-pure-gel-nettoyant-purifiant-200-ml\/#breadcrumb\",\"itemListElement\":[{\"@type\":\"ListItem\",\"position\":1,\"name\":\"Accueil\",\"item\":\"https:\/\/paracherkaoui.ma\/\"},{\"@type\":\"ListItem\",\"position\":2,\"name\":\"Boutique\",\"item\":\"https:\/\/paracherkaoui.ma\/index.php\/boutique\/\"},{\"@type\":\"ListItem\",\"position\":3,\"name\":\"ONAGRINE VISIBLY PURE Gel Nettoyant Purifiant 200 ML\"}]},{\"@type\":\"WebSite\",\"@id\":\"https:\/\/paracherkaoui.ma\/#website\",\"url\":\"https:\/\/paracherkaoui.ma\/\",\"name\":\"Paracherkaoui.ma\",\"description\":\"Achetez en ligne sur Paracherkaoui.ma\",\"potentialAction\":[{\"@type\":\"SearchAction\",\"target\":{\"@type\":\"EntryPoint\",\"urlTemplate\":\"https:\/\/paracherkaoui.ma\/?s={search_term_string}\"},\"query-input\":{\"@type\":\"PropertyValueSpecification\",\"valueRequired\":true,\"valueName\":\"search_term_string\"}}],\"inLanguage\":\"fr-FR\"}]}<\/script>\r\n<!-- \/ Yoast SEO plugin. -->","yoast_head_json":{"title":"ONAGRINE VISIBLY PURE Gel Nettoyant Purifiant 200 ML - Paracherkaoui.ma","robots":{"index":"index","follow":"follow","max-snippet":"max-snippet:-1","max-image-preview":"max-image-preview:large","max-video-preview":"max-video-preview:-1"},"canonical":"https:\/\/paracherkaoui.ma\/index.php\/produit\/onagrine-visibly-pure-gel-nettoyant-purifiant-200-ml\/","og_locale":"fr_FR","og_type":"article","og_title":"ONAGRINE VISIBLY PURE Gel Nettoyant Purifiant 200 ML - Paracherkaoui.ma","og_description":"DESCRIPTION Ce gel frais nettoie, purifie et clarifie la peau au quotidien. Le teint est plus lumineux, les pores sont","og_url":"https:\/\/paracherkaoui.ma\/index.php\/produit\/onagrine-visibly-pure-gel-nettoyant-purifiant-200-ml\/","og_site_name":"Paracherkaoui.ma","article_modified_time":"2025-12-12T17:05:50+00:00","og_image":[{"width":700,"height":700,"url":"https:\/\/paracherkaoui.ma\/wp-content\/uploads\/2025\/12\/onagrine-onagrine-visibly-pure-gel-nettoyant-purifiant-200-ml-nettoyants-visage.jpg","type":"image\/jpeg"}],"twitter_card":"summary_large_image","twitter_misc":{"Dur\u00e9e de lecture estim\u00e9e":"1 minute"},"schema":{"@context":"https:\/\/schema.org","@graph":[{"@type":"WebPage","@id":"https:\/\/paracherkaoui.ma\/index.php\/produit\/onagrine-visibly-pure-gel-nettoyant-purifiant-200-ml\/","url":"https:\/\/paracherkaoui.ma\/index.php\/produit\/onagrine-visibly-pure-gel-nettoyant-purifiant-200-ml\/","name":"ONAGRINE VISIBLY PURE Gel Nettoyant Purifiant 200 ML - Paracherkaoui.ma","isPartOf":{"@id":"https:\/\/paracherkaoui.ma\/#website"},"primaryImageOfPage":{"@id":"https:\/\/paracherkaoui.ma\/index.php\/produit\/onagrine-visibly-pure-gel-nettoyant-purifiant-200-ml\/#primaryimage"},"image":{"@id":"https:\/\/paracherkaoui.ma\/index.php\/produit\/onagrine-visibly-pure-gel-nettoyant-purifiant-200-ml\/#primaryimage"},"thumbnailUrl":"https:\/\/paracherkaoui.ma\/wp-content\/uploads\/2025\/12\/onagrine-onagrine-visibly-pure-gel-nettoyant-purifiant-200-ml-nettoyants-visage.jpg","datePublished":"2025-12-12T17:05:48+00:00","dateModified":"2025-12-12T17:05:50+00:00","breadcrumb":{"@id":"https:\/\/paracherkaoui.ma\/index.php\/produit\/onagrine-visibly-pure-gel-nettoyant-purifiant-200-ml\/#breadcrumb"},"inLanguage":"fr-FR","potentialAction":[{"@type":"ReadAction","target":["https:\/\/paracherkaoui.ma\/index.php\/produit\/onagrine-visibly-pure-gel-nettoyant-purifiant-200-ml\/"]}]},{"@type":"ImageObject","inLanguage":"fr-FR","@id":"https:\/\/paracherkaoui.ma\/index.php\/produit\/onagrine-visibly-pure-gel-nettoyant-purifiant-200-ml\/#primaryimage","url":"https:\/\/paracherkaoui.ma\/wp-content\/uploads\/2025\/12\/onagrine-onagrine-visibly-pure-gel-nettoyant-purifiant-200-ml-nettoyants-visage.jpg","contentUrl":"https:\/\/paracherkaoui.ma\/wp-content\/uploads\/2025\/12\/onagrine-onagrine-visibly-pure-gel-nettoyant-purifiant-200-ml-nettoyants-visage.jpg","width":700,"height":700},{"@type":"BreadcrumbList","@id":"https:\/\/paracherkaoui.ma\/index.php\/produit\/onagrine-visibly-pure-gel-nettoyant-purifiant-200-ml\/#breadcrumb","itemListElement":[{"@type":"ListItem","position":1,"name":"Accueil","item":"https:\/\/paracherkaoui.ma\/"},{"@type":"ListItem","position":2,"name":"Boutique","item":"https:\/\/paracherkaoui.ma\/index.php\/boutique\/"},{"@type":"ListItem","position":3,"name":"ONAGRINE VISIBLY PURE Gel Nettoyant Purifiant 200 ML"}]},{"@type":"WebSite","@id":"https:\/\/paracherkaoui.ma\/#website","url":"https:\/\/paracherkaoui.ma\/","name":"Paracherkaoui.ma","description":"Achetez en ligne sur Paracherkaoui.ma","potentialAction":[{"@type":"SearchAction","target":{"@type":"EntryPoint","urlTemplate":"https:\/\/paracherkaoui.ma\/?s={search_term_string}"},"query-input":{"@type":"PropertyValueSpecification","valueRequired":true,"valueName":"search_term_string"}}],"inLanguage":"fr-FR"}]}},"_links":{"self":[{"href":"https:\/\/paracherkaoui.ma\/index.php\/wp-json\/wp\/v2\/product\/20955","targetHints":{"allow":["GET"]}}],"collection":[{"href":"https:\/\/paracherkaoui.ma\/index.php\/wp-json\/wp\/v2\/product"}],"about":[{"href":"https:\/\/paracherkaoui.ma\/index.php\/wp-json\/wp\/v2\/types\/product"}],"replies":[{"embeddable":true,"href":"https:\/\/paracherkaoui.ma\/index.php\/wp-json\/wp\/v2\/comments?post=20955"}],"version-history":[{"count":1,"href":"https:\/\/paracherkaoui.ma\/index.php\/wp-json\/wp\/v2\/product\/20955\/revisions"}],"predecessor-version":[{"id":20989,"href":"https:\/\/paracherkaoui.ma\/index.php\/wp-json\/wp\/v2\/product\/20955\/revisions\/20989"}],"wp:featuredmedia":[{"embeddable":true,"href":"https:\/\/paracherkaoui.ma\/index.php\/wp-json\/wp\/v2\/media\/20988"}],"wp:attachment":[{"href":"https:\/\/paracherkaoui.ma\/index.php\/wp-json\/wp\/v2\/media?parent=20955"}],"wp:term":[{"taxonomy":"product_brand","embeddable":true,"href":"https:\/\/paracherkaoui.ma\/index.php\/wp-json\/wp\/v2\/product_brand?post=20955"},{"taxonomy":"product_cat","embeddable":true,"href":"https:\/\/paracherkaoui.ma\/index.php\/wp-json\/wp\/v2\/product_cat?post=20955"},{"taxonomy":"product_tag","embeddable":true,"href":"https:\/\/paracherkaoui.ma\/index.php\/wp-json\/wp\/v2\/product_tag?post=20955"}],"curies":[{"name":"wp","href":"https:\/\/api.w.org\/{rel}","templated":true}]}}