{"id":20641,"date":"2025-12-12T18:05:08","date_gmt":"2025-12-12T17:05:08","guid":{"rendered":"https:\/\/test.ecbeaute.com\/?post_type=product&#038;p=20641"},"modified":"2025-12-12T18:05:12","modified_gmt":"2025-12-12T17:05:12","slug":"heliabrine-velvet-huile-demaquillante-velours-tous-types-de-peaux-150-ml","status":"publish","type":"product","link":"https:\/\/paracherkaoui.ma\/index.php\/produit\/heliabrine-velvet-huile-demaquillante-velours-tous-types-de-peaux-150-ml\/","title":{"rendered":"HELIABRINE VELVET HUILE DEMAQUILLANTE VELOURS TOUS TYPES DE PEAUX 150 ML"},"content":{"rendered":"<p>Enrichie en huile de macadamia aux grandes propri\u00e9t\u00e9s hydratantes, cette huile assure un nettoyage tr\u00e8s doux du visage et des yeux tout en prot\u00e9geant la couche hydrolipidique de la peau. Au contact de l&rsquo;eau, cette huile devient une \u00e9mulsion lact\u00e9e qui \u00e9limine efficacement toute trace d&rsquo;impuret\u00e9s, de s\u00e9bum et de maquillage, m\u00eame waterproof. Apr\u00e8s un nettoyage en profondeur, la peau est incroyablement douce, lisse et confortable, et la peau est claire et rafra\u00eechie.<\/p>\n","protected":false},"excerpt":{"rendered":"<p>Enrichie en huile de macadamia aux grandes propri\u00e9t\u00e9s hydratantes, cette huile assure un nettoyage tr\u00e8s doux du visage et des<\/p>\n","protected":false},"featured_media":20676,"comment_status":"open","ping_status":"closed","template":"","meta":[],"product_brand":[360],"product_cat":[346],"product_tag":[],"class_list":{"0":"post-20641","1":"product","2":"type-product","3":"status-publish","4":"has-post-thumbnail","6":"product_brand-heliabrine","7":"product_cat-demaquillants-et-nettoyants","9":"first","10":"instock","11":"sale","12":"shipping-taxable","13":"purchasable","14":"product-type-simple"},"yoast_head":"<!-- This site is optimized with the Yoast SEO plugin v26.6 - https:\/\/yoast.com\/wordpress\/plugins\/seo\/ -->\r\n<title>HELIABRINE VELVET HUILE DEMAQUILLANTE VELOURS TOUS TYPES DE PEAUX 150 ML - Paracherkaoui.ma<\/title>\r\n<meta name=\"robots\" content=\"index, follow, max-snippet:-1, max-image-preview:large, max-video-preview:-1\" \/>\r\n<link rel=\"canonical\" href=\"https:\/\/paracherkaoui.ma\/index.php\/produit\/heliabrine-velvet-huile-demaquillante-velours-tous-types-de-peaux-150-ml\/\" \/>\r\n<meta property=\"og:locale\" content=\"fr_FR\" \/>\r\n<meta property=\"og:type\" content=\"article\" \/>\r\n<meta property=\"og:title\" content=\"HELIABRINE VELVET HUILE DEMAQUILLANTE VELOURS TOUS TYPES DE PEAUX 150 ML - Paracherkaoui.ma\" \/>\r\n<meta property=\"og:description\" content=\"Enrichie en huile de macadamia aux grandes propri\u00e9t\u00e9s hydratantes, cette huile assure un nettoyage tr\u00e8s doux du visage et des\" \/>\r\n<meta property=\"og:url\" content=\"https:\/\/paracherkaoui.ma\/index.php\/produit\/heliabrine-velvet-huile-demaquillante-velours-tous-types-de-peaux-150-ml\/\" \/>\r\n<meta property=\"og:site_name\" content=\"Paracherkaoui.ma\" \/>\r\n<meta property=\"article:modified_time\" content=\"2025-12-12T17:05:12+00:00\" \/>\r\n<meta property=\"og:image\" content=\"https:\/\/paracherkaoui.ma\/wp-content\/uploads\/2025\/12\/heliabrine-heliabrine-velvet-huile-demaquillante-velours-tous-types-de-peaux-150-ml-nettoyants-visage.jpg\" \/>\r\n\t<meta property=\"og:image:width\" content=\"700\" \/>\r\n\t<meta property=\"og:image:height\" content=\"700\" \/>\r\n\t<meta property=\"og:image:type\" content=\"image\/jpeg\" \/>\r\n<meta name=\"twitter:card\" content=\"summary_large_image\" \/>\r\n<script type=\"application\/ld+json\" class=\"yoast-schema-graph\">{\"@context\":\"https:\/\/schema.org\",\"@graph\":[{\"@type\":\"WebPage\",\"@id\":\"https:\/\/paracherkaoui.ma\/index.php\/produit\/heliabrine-velvet-huile-demaquillante-velours-tous-types-de-peaux-150-ml\/\",\"url\":\"https:\/\/paracherkaoui.ma\/index.php\/produit\/heliabrine-velvet-huile-demaquillante-velours-tous-types-de-peaux-150-ml\/\",\"name\":\"HELIABRINE VELVET HUILE DEMAQUILLANTE VELOURS TOUS TYPES DE PEAUX 150 ML - Paracherkaoui.ma\",\"isPartOf\":{\"@id\":\"https:\/\/paracherkaoui.ma\/#website\"},\"primaryImageOfPage\":{\"@id\":\"https:\/\/paracherkaoui.ma\/index.php\/produit\/heliabrine-velvet-huile-demaquillante-velours-tous-types-de-peaux-150-ml\/#primaryimage\"},\"image\":{\"@id\":\"https:\/\/paracherkaoui.ma\/index.php\/produit\/heliabrine-velvet-huile-demaquillante-velours-tous-types-de-peaux-150-ml\/#primaryimage\"},\"thumbnailUrl\":\"https:\/\/paracherkaoui.ma\/wp-content\/uploads\/2025\/12\/heliabrine-heliabrine-velvet-huile-demaquillante-velours-tous-types-de-peaux-150-ml-nettoyants-visage.jpg\",\"datePublished\":\"2025-12-12T17:05:08+00:00\",\"dateModified\":\"2025-12-12T17:05:12+00:00\",\"breadcrumb\":{\"@id\":\"https:\/\/paracherkaoui.ma\/index.php\/produit\/heliabrine-velvet-huile-demaquillante-velours-tous-types-de-peaux-150-ml\/#breadcrumb\"},\"inLanguage\":\"fr-FR\",\"potentialAction\":[{\"@type\":\"ReadAction\",\"target\":[\"https:\/\/paracherkaoui.ma\/index.php\/produit\/heliabrine-velvet-huile-demaquillante-velours-tous-types-de-peaux-150-ml\/\"]}]},{\"@type\":\"ImageObject\",\"inLanguage\":\"fr-FR\",\"@id\":\"https:\/\/paracherkaoui.ma\/index.php\/produit\/heliabrine-velvet-huile-demaquillante-velours-tous-types-de-peaux-150-ml\/#primaryimage\",\"url\":\"https:\/\/paracherkaoui.ma\/wp-content\/uploads\/2025\/12\/heliabrine-heliabrine-velvet-huile-demaquillante-velours-tous-types-de-peaux-150-ml-nettoyants-visage.jpg\",\"contentUrl\":\"https:\/\/paracherkaoui.ma\/wp-content\/uploads\/2025\/12\/heliabrine-heliabrine-velvet-huile-demaquillante-velours-tous-types-de-peaux-150-ml-nettoyants-visage.jpg\",\"width\":700,\"height\":700},{\"@type\":\"BreadcrumbList\",\"@id\":\"https:\/\/paracherkaoui.ma\/index.php\/produit\/heliabrine-velvet-huile-demaquillante-velours-tous-types-de-peaux-150-ml\/#breadcrumb\",\"itemListElement\":[{\"@type\":\"ListItem\",\"position\":1,\"name\":\"Accueil\",\"item\":\"https:\/\/paracherkaoui.ma\/\"},{\"@type\":\"ListItem\",\"position\":2,\"name\":\"Boutique\",\"item\":\"https:\/\/paracherkaoui.ma\/index.php\/boutique\/\"},{\"@type\":\"ListItem\",\"position\":3,\"name\":\"HELIABRINE VELVET HUILE DEMAQUILLANTE VELOURS TOUS TYPES DE PEAUX 150 ML\"}]},{\"@type\":\"WebSite\",\"@id\":\"https:\/\/paracherkaoui.ma\/#website\",\"url\":\"https:\/\/paracherkaoui.ma\/\",\"name\":\"Paracherkaoui.ma\",\"description\":\"Achetez en ligne sur Paracherkaoui.ma\",\"potentialAction\":[{\"@type\":\"SearchAction\",\"target\":{\"@type\":\"EntryPoint\",\"urlTemplate\":\"https:\/\/paracherkaoui.ma\/?s={search_term_string}\"},\"query-input\":{\"@type\":\"PropertyValueSpecification\",\"valueRequired\":true,\"valueName\":\"search_term_string\"}}],\"inLanguage\":\"fr-FR\"}]}<\/script>\r\n<!-- \/ Yoast SEO plugin. -->","yoast_head_json":{"title":"HELIABRINE VELVET HUILE DEMAQUILLANTE VELOURS TOUS TYPES DE PEAUX 150 ML - Paracherkaoui.ma","robots":{"index":"index","follow":"follow","max-snippet":"max-snippet:-1","max-image-preview":"max-image-preview:large","max-video-preview":"max-video-preview:-1"},"canonical":"https:\/\/paracherkaoui.ma\/index.php\/produit\/heliabrine-velvet-huile-demaquillante-velours-tous-types-de-peaux-150-ml\/","og_locale":"fr_FR","og_type":"article","og_title":"HELIABRINE VELVET HUILE DEMAQUILLANTE VELOURS TOUS TYPES DE PEAUX 150 ML - Paracherkaoui.ma","og_description":"Enrichie en huile de macadamia aux grandes propri\u00e9t\u00e9s hydratantes, cette huile assure un nettoyage tr\u00e8s doux du visage et des","og_url":"https:\/\/paracherkaoui.ma\/index.php\/produit\/heliabrine-velvet-huile-demaquillante-velours-tous-types-de-peaux-150-ml\/","og_site_name":"Paracherkaoui.ma","article_modified_time":"2025-12-12T17:05:12+00:00","og_image":[{"width":700,"height":700,"url":"https:\/\/paracherkaoui.ma\/wp-content\/uploads\/2025\/12\/heliabrine-heliabrine-velvet-huile-demaquillante-velours-tous-types-de-peaux-150-ml-nettoyants-visage.jpg","type":"image\/jpeg"}],"twitter_card":"summary_large_image","schema":{"@context":"https:\/\/schema.org","@graph":[{"@type":"WebPage","@id":"https:\/\/paracherkaoui.ma\/index.php\/produit\/heliabrine-velvet-huile-demaquillante-velours-tous-types-de-peaux-150-ml\/","url":"https:\/\/paracherkaoui.ma\/index.php\/produit\/heliabrine-velvet-huile-demaquillante-velours-tous-types-de-peaux-150-ml\/","name":"HELIABRINE VELVET HUILE DEMAQUILLANTE VELOURS TOUS TYPES DE PEAUX 150 ML - Paracherkaoui.ma","isPartOf":{"@id":"https:\/\/paracherkaoui.ma\/#website"},"primaryImageOfPage":{"@id":"https:\/\/paracherkaoui.ma\/index.php\/produit\/heliabrine-velvet-huile-demaquillante-velours-tous-types-de-peaux-150-ml\/#primaryimage"},"image":{"@id":"https:\/\/paracherkaoui.ma\/index.php\/produit\/heliabrine-velvet-huile-demaquillante-velours-tous-types-de-peaux-150-ml\/#primaryimage"},"thumbnailUrl":"https:\/\/paracherkaoui.ma\/wp-content\/uploads\/2025\/12\/heliabrine-heliabrine-velvet-huile-demaquillante-velours-tous-types-de-peaux-150-ml-nettoyants-visage.jpg","datePublished":"2025-12-12T17:05:08+00:00","dateModified":"2025-12-12T17:05:12+00:00","breadcrumb":{"@id":"https:\/\/paracherkaoui.ma\/index.php\/produit\/heliabrine-velvet-huile-demaquillante-velours-tous-types-de-peaux-150-ml\/#breadcrumb"},"inLanguage":"fr-FR","potentialAction":[{"@type":"ReadAction","target":["https:\/\/paracherkaoui.ma\/index.php\/produit\/heliabrine-velvet-huile-demaquillante-velours-tous-types-de-peaux-150-ml\/"]}]},{"@type":"ImageObject","inLanguage":"fr-FR","@id":"https:\/\/paracherkaoui.ma\/index.php\/produit\/heliabrine-velvet-huile-demaquillante-velours-tous-types-de-peaux-150-ml\/#primaryimage","url":"https:\/\/paracherkaoui.ma\/wp-content\/uploads\/2025\/12\/heliabrine-heliabrine-velvet-huile-demaquillante-velours-tous-types-de-peaux-150-ml-nettoyants-visage.jpg","contentUrl":"https:\/\/paracherkaoui.ma\/wp-content\/uploads\/2025\/12\/heliabrine-heliabrine-velvet-huile-demaquillante-velours-tous-types-de-peaux-150-ml-nettoyants-visage.jpg","width":700,"height":700},{"@type":"BreadcrumbList","@id":"https:\/\/paracherkaoui.ma\/index.php\/produit\/heliabrine-velvet-huile-demaquillante-velours-tous-types-de-peaux-150-ml\/#breadcrumb","itemListElement":[{"@type":"ListItem","position":1,"name":"Accueil","item":"https:\/\/paracherkaoui.ma\/"},{"@type":"ListItem","position":2,"name":"Boutique","item":"https:\/\/paracherkaoui.ma\/index.php\/boutique\/"},{"@type":"ListItem","position":3,"name":"HELIABRINE VELVET HUILE DEMAQUILLANTE VELOURS TOUS TYPES DE PEAUX 150 ML"}]},{"@type":"WebSite","@id":"https:\/\/paracherkaoui.ma\/#website","url":"https:\/\/paracherkaoui.ma\/","name":"Paracherkaoui.ma","description":"Achetez en ligne sur Paracherkaoui.ma","potentialAction":[{"@type":"SearchAction","target":{"@type":"EntryPoint","urlTemplate":"https:\/\/paracherkaoui.ma\/?s={search_term_string}"},"query-input":{"@type":"PropertyValueSpecification","valueRequired":true,"valueName":"search_term_string"}}],"inLanguage":"fr-FR"}]}},"_links":{"self":[{"href":"https:\/\/paracherkaoui.ma\/index.php\/wp-json\/wp\/v2\/product\/20641","targetHints":{"allow":["GET"]}}],"collection":[{"href":"https:\/\/paracherkaoui.ma\/index.php\/wp-json\/wp\/v2\/product"}],"about":[{"href":"https:\/\/paracherkaoui.ma\/index.php\/wp-json\/wp\/v2\/types\/product"}],"replies":[{"embeddable":true,"href":"https:\/\/paracherkaoui.ma\/index.php\/wp-json\/wp\/v2\/comments?post=20641"}],"version-history":[{"count":1,"href":"https:\/\/paracherkaoui.ma\/index.php\/wp-json\/wp\/v2\/product\/20641\/revisions"}],"predecessor-version":[{"id":20677,"href":"https:\/\/paracherkaoui.ma\/index.php\/wp-json\/wp\/v2\/product\/20641\/revisions\/20677"}],"wp:featuredmedia":[{"embeddable":true,"href":"https:\/\/paracherkaoui.ma\/index.php\/wp-json\/wp\/v2\/media\/20676"}],"wp:attachment":[{"href":"https:\/\/paracherkaoui.ma\/index.php\/wp-json\/wp\/v2\/media?parent=20641"}],"wp:term":[{"taxonomy":"product_brand","embeddable":true,"href":"https:\/\/paracherkaoui.ma\/index.php\/wp-json\/wp\/v2\/product_brand?post=20641"},{"taxonomy":"product_cat","embeddable":true,"href":"https:\/\/paracherkaoui.ma\/index.php\/wp-json\/wp\/v2\/product_cat?post=20641"},{"taxonomy":"product_tag","embeddable":true,"href":"https:\/\/paracherkaoui.ma\/index.php\/wp-json\/wp\/v2\/product_tag?post=20641"}],"curies":[{"name":"wp","href":"https:\/\/api.w.org\/{rel}","templated":true}]}}