{"id":20539,"date":"2025-12-12T18:05:00","date_gmt":"2025-12-12T17:05:00","guid":{"rendered":"https:\/\/test.ecbeaute.com\/?post_type=product&#038;p=20539"},"modified":"2025-12-12T18:05:02","modified_gmt":"2025-12-12T17:05:02","slug":"curaskin-hydracure-gel-nettoyant-surgras-200-ml","status":"publish","type":"product","link":"https:\/\/paracherkaoui.ma\/index.php\/produit\/curaskin-hydracure-gel-nettoyant-surgras-200-ml\/","title":{"rendered":"CURASKIN HYDRACURE GEL NETTOYANT SURGRAS 200 ML"},"content":{"rendered":"<p>Un gel moussant qui nettoie en douceur les peaux s\u00e8ches, d\u00e9shydrat\u00e9es ou fragilis\u00e9es, gr\u00e2ce \u00e0 une association d\u2019actifs qui assurent une hydratation instantan\u00e9e et profonde. HydraCure Gel surgras est id\u00e9al pour r\u00e9duire les sensations de grattages, renforcer la barri\u00e8re cutan\u00e9e et \u00e9liminer les impuret\u00e9s pour une peau propre, douce et nette. Un complexe enrichi en : &#8211; Actifs surgraissants: qui poss\u00e8dent de grandes vertus adoucissantes et hydratantes sur la peau et pr\u00e9servent le film protecteur de la peau. &#8211; Niacinamide: connue par sa capacit\u00e9 de restaurer la barri\u00e8re de la peau, de stimuler la production de collag\u00e8ne et de r\u00e9duire les rougeurs. &#8211; Pentavitin : permet une hydratation instantan\u00e9e qui dure jusqu&rsquo;\u00e0 72 heures, soulage les d\u00e9mangeaisons des peaux s\u00e8ches et squameuses et renforce les d\u00e9fenses naturelles de la peau.<br \/>\nConseils d&rsquo;utilisation:<br \/>\nAppliquez sur une peau pr\u00e9alablement mouill\u00e9e, massez d\u00e9licatement et rincer abondamment.<\/p>\n","protected":false},"excerpt":{"rendered":"<p>Un gel moussant qui nettoie en douceur les peaux s\u00e8ches, d\u00e9shydrat\u00e9es ou fragilis\u00e9es, gr\u00e2ce \u00e0 une association d\u2019actifs qui assurent<\/p>\n","protected":false},"featured_media":20570,"comment_status":"open","ping_status":"closed","template":"","meta":[],"product_brand":[363],"product_cat":[346],"product_tag":[],"class_list":{"0":"post-20539","1":"product","2":"type-product","3":"status-publish","4":"has-post-thumbnail","6":"product_brand-curaskin","7":"product_cat-demaquillants-et-nettoyants","9":"first","10":"instock","11":"sale","12":"shipping-taxable","13":"purchasable","14":"product-type-simple"},"yoast_head":"<!-- This site is optimized with the Yoast SEO plugin v26.6 - https:\/\/yoast.com\/wordpress\/plugins\/seo\/ -->\r\n<title>CURASKIN HYDRACURE GEL NETTOYANT SURGRAS 200 ML - Paracherkaoui.ma<\/title>\r\n<meta name=\"robots\" content=\"index, follow, max-snippet:-1, max-image-preview:large, max-video-preview:-1\" \/>\r\n<link rel=\"canonical\" href=\"https:\/\/paracherkaoui.ma\/index.php\/produit\/curaskin-hydracure-gel-nettoyant-surgras-200-ml\/\" \/>\r\n<meta property=\"og:locale\" content=\"fr_FR\" \/>\r\n<meta property=\"og:type\" content=\"article\" \/>\r\n<meta property=\"og:title\" content=\"CURASKIN HYDRACURE GEL NETTOYANT SURGRAS 200 ML - Paracherkaoui.ma\" \/>\r\n<meta property=\"og:description\" content=\"Un gel moussant qui nettoie en douceur les peaux s\u00e8ches, d\u00e9shydrat\u00e9es ou fragilis\u00e9es, gr\u00e2ce \u00e0 une association d\u2019actifs qui assurent\" \/>\r\n<meta property=\"og:url\" content=\"https:\/\/paracherkaoui.ma\/index.php\/produit\/curaskin-hydracure-gel-nettoyant-surgras-200-ml\/\" \/>\r\n<meta property=\"og:site_name\" content=\"Paracherkaoui.ma\" \/>\r\n<meta property=\"article:modified_time\" content=\"2025-12-12T17:05:02+00:00\" \/>\r\n<meta property=\"og:image\" content=\"https:\/\/paracherkaoui.ma\/wp-content\/uploads\/2025\/12\/curaskin-curaskin-hydracure-gel-nettoyant-surgras-200-ml-nettoyants-visage.jpg\" \/>\r\n\t<meta property=\"og:image:width\" content=\"700\" \/>\r\n\t<meta property=\"og:image:height\" content=\"700\" \/>\r\n\t<meta property=\"og:image:type\" content=\"image\/jpeg\" \/>\r\n<meta name=\"twitter:card\" content=\"summary_large_image\" \/>\r\n<meta name=\"twitter:label1\" content=\"Dur\u00e9e de lecture estim\u00e9e\" \/>\n\t<meta name=\"twitter:data1\" content=\"1 minute\" \/>\r\n<script type=\"application\/ld+json\" class=\"yoast-schema-graph\">{\"@context\":\"https:\/\/schema.org\",\"@graph\":[{\"@type\":\"WebPage\",\"@id\":\"https:\/\/paracherkaoui.ma\/index.php\/produit\/curaskin-hydracure-gel-nettoyant-surgras-200-ml\/\",\"url\":\"https:\/\/paracherkaoui.ma\/index.php\/produit\/curaskin-hydracure-gel-nettoyant-surgras-200-ml\/\",\"name\":\"CURASKIN HYDRACURE GEL NETTOYANT SURGRAS 200 ML - Paracherkaoui.ma\",\"isPartOf\":{\"@id\":\"https:\/\/paracherkaoui.ma\/#website\"},\"primaryImageOfPage\":{\"@id\":\"https:\/\/paracherkaoui.ma\/index.php\/produit\/curaskin-hydracure-gel-nettoyant-surgras-200-ml\/#primaryimage\"},\"image\":{\"@id\":\"https:\/\/paracherkaoui.ma\/index.php\/produit\/curaskin-hydracure-gel-nettoyant-surgras-200-ml\/#primaryimage\"},\"thumbnailUrl\":\"https:\/\/paracherkaoui.ma\/wp-content\/uploads\/2025\/12\/curaskin-curaskin-hydracure-gel-nettoyant-surgras-200-ml-nettoyants-visage.jpg\",\"datePublished\":\"2025-12-12T17:05:00+00:00\",\"dateModified\":\"2025-12-12T17:05:02+00:00\",\"breadcrumb\":{\"@id\":\"https:\/\/paracherkaoui.ma\/index.php\/produit\/curaskin-hydracure-gel-nettoyant-surgras-200-ml\/#breadcrumb\"},\"inLanguage\":\"fr-FR\",\"potentialAction\":[{\"@type\":\"ReadAction\",\"target\":[\"https:\/\/paracherkaoui.ma\/index.php\/produit\/curaskin-hydracure-gel-nettoyant-surgras-200-ml\/\"]}]},{\"@type\":\"ImageObject\",\"inLanguage\":\"fr-FR\",\"@id\":\"https:\/\/paracherkaoui.ma\/index.php\/produit\/curaskin-hydracure-gel-nettoyant-surgras-200-ml\/#primaryimage\",\"url\":\"https:\/\/paracherkaoui.ma\/wp-content\/uploads\/2025\/12\/curaskin-curaskin-hydracure-gel-nettoyant-surgras-200-ml-nettoyants-visage.jpg\",\"contentUrl\":\"https:\/\/paracherkaoui.ma\/wp-content\/uploads\/2025\/12\/curaskin-curaskin-hydracure-gel-nettoyant-surgras-200-ml-nettoyants-visage.jpg\",\"width\":700,\"height\":700},{\"@type\":\"BreadcrumbList\",\"@id\":\"https:\/\/paracherkaoui.ma\/index.php\/produit\/curaskin-hydracure-gel-nettoyant-surgras-200-ml\/#breadcrumb\",\"itemListElement\":[{\"@type\":\"ListItem\",\"position\":1,\"name\":\"Accueil\",\"item\":\"https:\/\/paracherkaoui.ma\/\"},{\"@type\":\"ListItem\",\"position\":2,\"name\":\"Boutique\",\"item\":\"https:\/\/paracherkaoui.ma\/index.php\/boutique\/\"},{\"@type\":\"ListItem\",\"position\":3,\"name\":\"CURASKIN HYDRACURE GEL NETTOYANT SURGRAS 200 ML\"}]},{\"@type\":\"WebSite\",\"@id\":\"https:\/\/paracherkaoui.ma\/#website\",\"url\":\"https:\/\/paracherkaoui.ma\/\",\"name\":\"Paracherkaoui.ma\",\"description\":\"Achetez en ligne sur Paracherkaoui.ma\",\"potentialAction\":[{\"@type\":\"SearchAction\",\"target\":{\"@type\":\"EntryPoint\",\"urlTemplate\":\"https:\/\/paracherkaoui.ma\/?s={search_term_string}\"},\"query-input\":{\"@type\":\"PropertyValueSpecification\",\"valueRequired\":true,\"valueName\":\"search_term_string\"}}],\"inLanguage\":\"fr-FR\"}]}<\/script>\r\n<!-- \/ Yoast SEO plugin. -->","yoast_head_json":{"title":"CURASKIN HYDRACURE GEL NETTOYANT SURGRAS 200 ML - Paracherkaoui.ma","robots":{"index":"index","follow":"follow","max-snippet":"max-snippet:-1","max-image-preview":"max-image-preview:large","max-video-preview":"max-video-preview:-1"},"canonical":"https:\/\/paracherkaoui.ma\/index.php\/produit\/curaskin-hydracure-gel-nettoyant-surgras-200-ml\/","og_locale":"fr_FR","og_type":"article","og_title":"CURASKIN HYDRACURE GEL NETTOYANT SURGRAS 200 ML - Paracherkaoui.ma","og_description":"Un gel moussant qui nettoie en douceur les peaux s\u00e8ches, d\u00e9shydrat\u00e9es ou fragilis\u00e9es, gr\u00e2ce \u00e0 une association d\u2019actifs qui assurent","og_url":"https:\/\/paracherkaoui.ma\/index.php\/produit\/curaskin-hydracure-gel-nettoyant-surgras-200-ml\/","og_site_name":"Paracherkaoui.ma","article_modified_time":"2025-12-12T17:05:02+00:00","og_image":[{"width":700,"height":700,"url":"https:\/\/paracherkaoui.ma\/wp-content\/uploads\/2025\/12\/curaskin-curaskin-hydracure-gel-nettoyant-surgras-200-ml-nettoyants-visage.jpg","type":"image\/jpeg"}],"twitter_card":"summary_large_image","twitter_misc":{"Dur\u00e9e de lecture estim\u00e9e":"1 minute"},"schema":{"@context":"https:\/\/schema.org","@graph":[{"@type":"WebPage","@id":"https:\/\/paracherkaoui.ma\/index.php\/produit\/curaskin-hydracure-gel-nettoyant-surgras-200-ml\/","url":"https:\/\/paracherkaoui.ma\/index.php\/produit\/curaskin-hydracure-gel-nettoyant-surgras-200-ml\/","name":"CURASKIN HYDRACURE GEL NETTOYANT SURGRAS 200 ML - Paracherkaoui.ma","isPartOf":{"@id":"https:\/\/paracherkaoui.ma\/#website"},"primaryImageOfPage":{"@id":"https:\/\/paracherkaoui.ma\/index.php\/produit\/curaskin-hydracure-gel-nettoyant-surgras-200-ml\/#primaryimage"},"image":{"@id":"https:\/\/paracherkaoui.ma\/index.php\/produit\/curaskin-hydracure-gel-nettoyant-surgras-200-ml\/#primaryimage"},"thumbnailUrl":"https:\/\/paracherkaoui.ma\/wp-content\/uploads\/2025\/12\/curaskin-curaskin-hydracure-gel-nettoyant-surgras-200-ml-nettoyants-visage.jpg","datePublished":"2025-12-12T17:05:00+00:00","dateModified":"2025-12-12T17:05:02+00:00","breadcrumb":{"@id":"https:\/\/paracherkaoui.ma\/index.php\/produit\/curaskin-hydracure-gel-nettoyant-surgras-200-ml\/#breadcrumb"},"inLanguage":"fr-FR","potentialAction":[{"@type":"ReadAction","target":["https:\/\/paracherkaoui.ma\/index.php\/produit\/curaskin-hydracure-gel-nettoyant-surgras-200-ml\/"]}]},{"@type":"ImageObject","inLanguage":"fr-FR","@id":"https:\/\/paracherkaoui.ma\/index.php\/produit\/curaskin-hydracure-gel-nettoyant-surgras-200-ml\/#primaryimage","url":"https:\/\/paracherkaoui.ma\/wp-content\/uploads\/2025\/12\/curaskin-curaskin-hydracure-gel-nettoyant-surgras-200-ml-nettoyants-visage.jpg","contentUrl":"https:\/\/paracherkaoui.ma\/wp-content\/uploads\/2025\/12\/curaskin-curaskin-hydracure-gel-nettoyant-surgras-200-ml-nettoyants-visage.jpg","width":700,"height":700},{"@type":"BreadcrumbList","@id":"https:\/\/paracherkaoui.ma\/index.php\/produit\/curaskin-hydracure-gel-nettoyant-surgras-200-ml\/#breadcrumb","itemListElement":[{"@type":"ListItem","position":1,"name":"Accueil","item":"https:\/\/paracherkaoui.ma\/"},{"@type":"ListItem","position":2,"name":"Boutique","item":"https:\/\/paracherkaoui.ma\/index.php\/boutique\/"},{"@type":"ListItem","position":3,"name":"CURASKIN HYDRACURE GEL NETTOYANT SURGRAS 200 ML"}]},{"@type":"WebSite","@id":"https:\/\/paracherkaoui.ma\/#website","url":"https:\/\/paracherkaoui.ma\/","name":"Paracherkaoui.ma","description":"Achetez en ligne sur Paracherkaoui.ma","potentialAction":[{"@type":"SearchAction","target":{"@type":"EntryPoint","urlTemplate":"https:\/\/paracherkaoui.ma\/?s={search_term_string}"},"query-input":{"@type":"PropertyValueSpecification","valueRequired":true,"valueName":"search_term_string"}}],"inLanguage":"fr-FR"}]}},"_links":{"self":[{"href":"https:\/\/paracherkaoui.ma\/index.php\/wp-json\/wp\/v2\/product\/20539","targetHints":{"allow":["GET"]}}],"collection":[{"href":"https:\/\/paracherkaoui.ma\/index.php\/wp-json\/wp\/v2\/product"}],"about":[{"href":"https:\/\/paracherkaoui.ma\/index.php\/wp-json\/wp\/v2\/types\/product"}],"replies":[{"embeddable":true,"href":"https:\/\/paracherkaoui.ma\/index.php\/wp-json\/wp\/v2\/comments?post=20539"}],"version-history":[{"count":1,"href":"https:\/\/paracherkaoui.ma\/index.php\/wp-json\/wp\/v2\/product\/20539\/revisions"}],"predecessor-version":[{"id":20571,"href":"https:\/\/paracherkaoui.ma\/index.php\/wp-json\/wp\/v2\/product\/20539\/revisions\/20571"}],"wp:featuredmedia":[{"embeddable":true,"href":"https:\/\/paracherkaoui.ma\/index.php\/wp-json\/wp\/v2\/media\/20570"}],"wp:attachment":[{"href":"https:\/\/paracherkaoui.ma\/index.php\/wp-json\/wp\/v2\/media?parent=20539"}],"wp:term":[{"taxonomy":"product_brand","embeddable":true,"href":"https:\/\/paracherkaoui.ma\/index.php\/wp-json\/wp\/v2\/product_brand?post=20539"},{"taxonomy":"product_cat","embeddable":true,"href":"https:\/\/paracherkaoui.ma\/index.php\/wp-json\/wp\/v2\/product_cat?post=20539"},{"taxonomy":"product_tag","embeddable":true,"href":"https:\/\/paracherkaoui.ma\/index.php\/wp-json\/wp\/v2\/product_tag?post=20539"}],"curies":[{"name":"wp","href":"https:\/\/api.w.org\/{rel}","templated":true}]}}