{"id":20288,"date":"2025-12-12T18:04:38","date_gmt":"2025-12-12T17:04:38","guid":{"rendered":"https:\/\/test.ecbeaute.com\/?post_type=product&#038;p=20288"},"modified":"2025-12-12T18:04:40","modified_gmt":"2025-12-12T17:04:40","slug":"svr-topialyse-demaquillant-palpebral-gelee-micellaire-yeux-125-ml-3","status":"publish","type":"product","link":"https:\/\/paracherkaoui.ma\/index.php\/produit\/svr-topialyse-demaquillant-palpebral-gelee-micellaire-yeux-125-ml-3\/","title":{"rendered":"SVR TOPIALYSE DEMAQUILLANT PALPEBRAL GELEE MICELLAIRE YEUX 125 ML"},"content":{"rendered":"<p>Svr Topialyse Palpebral D\u00e9maquillant Gel\u00e9e Micellaire Yeux 125 ml\u00a0\u00e9limine en douceur tous les maquillages, m\u00eame waterproof sans agresser le contour des yeux. Pour les paupi\u00e8res et contours des yeux hypersensibles, secs, irrit\u00e9s.<\/p>\n<p>Conseils d&rsquo;utilisation<br \/>\nD\u00e9poser une noisette de gel\u00e9e sur un disque de coton. Appliquer sur l\u2019\u0153il ferm\u00e9. Laisser poser quelques secondes, puis \u00e9tirer vers les tempes sans frotter. Peux s\u2019utiliser sans coton.<\/p>\n","protected":false},"excerpt":{"rendered":"<p>Svr Topialyse Palpebral D\u00e9maquillant Gel\u00e9e Micellaire Yeux 125 ml\u00a0\u00e9limine en douceur tous les maquillages, m\u00eame waterproof sans agresser le contour<\/p>\n","protected":false},"featured_media":11398,"comment_status":"open","ping_status":"closed","template":"","meta":[],"product_brand":[133],"product_cat":[346],"product_tag":[],"class_list":{"0":"post-20288","1":"product","2":"type-product","3":"status-publish","4":"has-post-thumbnail","6":"product_brand-svr","7":"product_cat-demaquillants-et-nettoyants","9":"first","10":"instock","11":"sale","12":"shipping-taxable","13":"purchasable","14":"product-type-simple"},"yoast_head":"<!-- This site is optimized with the Yoast SEO plugin v26.6 - https:\/\/yoast.com\/wordpress\/plugins\/seo\/ -->\r\n<title>SVR TOPIALYSE DEMAQUILLANT PALPEBRAL GELEE MICELLAIRE YEUX 125 ML - Paracherkaoui.ma<\/title>\r\n<meta name=\"robots\" content=\"index, follow, max-snippet:-1, max-image-preview:large, max-video-preview:-1\" \/>\r\n<link rel=\"canonical\" href=\"https:\/\/paracherkaoui.ma\/index.php\/produit\/svr-topialyse-demaquillant-palpebral-gelee-micellaire-yeux-125-ml-3\/\" \/>\r\n<meta property=\"og:locale\" content=\"fr_FR\" \/>\r\n<meta property=\"og:type\" content=\"article\" \/>\r\n<meta property=\"og:title\" content=\"SVR TOPIALYSE DEMAQUILLANT PALPEBRAL GELEE MICELLAIRE YEUX 125 ML - Paracherkaoui.ma\" \/>\r\n<meta property=\"og:description\" content=\"Svr Topialyse Palpebral D\u00e9maquillant Gel\u00e9e Micellaire Yeux 125 ml\u00a0\u00e9limine en douceur tous les maquillages, m\u00eame waterproof sans agresser le contour\" \/>\r\n<meta property=\"og:url\" content=\"https:\/\/paracherkaoui.ma\/index.php\/produit\/svr-topialyse-demaquillant-palpebral-gelee-micellaire-yeux-125-ml-3\/\" \/>\r\n<meta property=\"og:site_name\" content=\"Paracherkaoui.ma\" \/>\r\n<meta property=\"article:modified_time\" content=\"2025-12-12T17:04:40+00:00\" \/>\r\n<meta property=\"og:image\" content=\"https:\/\/paracherkaoui.ma\/wp-content\/uploads\/2025\/12\/svr-svr-topialyse-demaquillant-palpebral-gelee-micellaire-yeux-125-ml-nettoyants-visage.jpg\" \/>\r\n\t<meta property=\"og:image:width\" content=\"700\" \/>\r\n\t<meta property=\"og:image:height\" content=\"700\" \/>\r\n\t<meta property=\"og:image:type\" content=\"image\/jpeg\" \/>\r\n<meta name=\"twitter:card\" content=\"summary_large_image\" \/>\r\n<script type=\"application\/ld+json\" class=\"yoast-schema-graph\">{\"@context\":\"https:\/\/schema.org\",\"@graph\":[{\"@type\":\"WebPage\",\"@id\":\"https:\/\/paracherkaoui.ma\/index.php\/produit\/svr-topialyse-demaquillant-palpebral-gelee-micellaire-yeux-125-ml-3\/\",\"url\":\"https:\/\/paracherkaoui.ma\/index.php\/produit\/svr-topialyse-demaquillant-palpebral-gelee-micellaire-yeux-125-ml-3\/\",\"name\":\"SVR TOPIALYSE DEMAQUILLANT PALPEBRAL GELEE MICELLAIRE YEUX 125 ML - Paracherkaoui.ma\",\"isPartOf\":{\"@id\":\"https:\/\/paracherkaoui.ma\/#website\"},\"primaryImageOfPage\":{\"@id\":\"https:\/\/paracherkaoui.ma\/index.php\/produit\/svr-topialyse-demaquillant-palpebral-gelee-micellaire-yeux-125-ml-3\/#primaryimage\"},\"image\":{\"@id\":\"https:\/\/paracherkaoui.ma\/index.php\/produit\/svr-topialyse-demaquillant-palpebral-gelee-micellaire-yeux-125-ml-3\/#primaryimage\"},\"thumbnailUrl\":\"https:\/\/paracherkaoui.ma\/wp-content\/uploads\/2025\/12\/svr-svr-topialyse-demaquillant-palpebral-gelee-micellaire-yeux-125-ml-nettoyants-visage.jpg\",\"datePublished\":\"2025-12-12T17:04:38+00:00\",\"dateModified\":\"2025-12-12T17:04:40+00:00\",\"breadcrumb\":{\"@id\":\"https:\/\/paracherkaoui.ma\/index.php\/produit\/svr-topialyse-demaquillant-palpebral-gelee-micellaire-yeux-125-ml-3\/#breadcrumb\"},\"inLanguage\":\"fr-FR\",\"potentialAction\":[{\"@type\":\"ReadAction\",\"target\":[\"https:\/\/paracherkaoui.ma\/index.php\/produit\/svr-topialyse-demaquillant-palpebral-gelee-micellaire-yeux-125-ml-3\/\"]}]},{\"@type\":\"ImageObject\",\"inLanguage\":\"fr-FR\",\"@id\":\"https:\/\/paracherkaoui.ma\/index.php\/produit\/svr-topialyse-demaquillant-palpebral-gelee-micellaire-yeux-125-ml-3\/#primaryimage\",\"url\":\"https:\/\/paracherkaoui.ma\/wp-content\/uploads\/2025\/12\/svr-svr-topialyse-demaquillant-palpebral-gelee-micellaire-yeux-125-ml-nettoyants-visage.jpg\",\"contentUrl\":\"https:\/\/paracherkaoui.ma\/wp-content\/uploads\/2025\/12\/svr-svr-topialyse-demaquillant-palpebral-gelee-micellaire-yeux-125-ml-nettoyants-visage.jpg\",\"width\":700,\"height\":700},{\"@type\":\"BreadcrumbList\",\"@id\":\"https:\/\/paracherkaoui.ma\/index.php\/produit\/svr-topialyse-demaquillant-palpebral-gelee-micellaire-yeux-125-ml-3\/#breadcrumb\",\"itemListElement\":[{\"@type\":\"ListItem\",\"position\":1,\"name\":\"Accueil\",\"item\":\"https:\/\/paracherkaoui.ma\/\"},{\"@type\":\"ListItem\",\"position\":2,\"name\":\"Boutique\",\"item\":\"https:\/\/paracherkaoui.ma\/index.php\/boutique\/\"},{\"@type\":\"ListItem\",\"position\":3,\"name\":\"SVR TOPIALYSE DEMAQUILLANT PALPEBRAL GELEE MICELLAIRE YEUX 125 ML\"}]},{\"@type\":\"WebSite\",\"@id\":\"https:\/\/paracherkaoui.ma\/#website\",\"url\":\"https:\/\/paracherkaoui.ma\/\",\"name\":\"Paracherkaoui.ma\",\"description\":\"Achetez en ligne sur Paracherkaoui.ma\",\"potentialAction\":[{\"@type\":\"SearchAction\",\"target\":{\"@type\":\"EntryPoint\",\"urlTemplate\":\"https:\/\/paracherkaoui.ma\/?s={search_term_string}\"},\"query-input\":{\"@type\":\"PropertyValueSpecification\",\"valueRequired\":true,\"valueName\":\"search_term_string\"}}],\"inLanguage\":\"fr-FR\"}]}<\/script>\r\n<!-- \/ Yoast SEO plugin. -->","yoast_head_json":{"title":"SVR TOPIALYSE DEMAQUILLANT PALPEBRAL GELEE MICELLAIRE YEUX 125 ML - Paracherkaoui.ma","robots":{"index":"index","follow":"follow","max-snippet":"max-snippet:-1","max-image-preview":"max-image-preview:large","max-video-preview":"max-video-preview:-1"},"canonical":"https:\/\/paracherkaoui.ma\/index.php\/produit\/svr-topialyse-demaquillant-palpebral-gelee-micellaire-yeux-125-ml-3\/","og_locale":"fr_FR","og_type":"article","og_title":"SVR TOPIALYSE DEMAQUILLANT PALPEBRAL GELEE MICELLAIRE YEUX 125 ML - Paracherkaoui.ma","og_description":"Svr Topialyse Palpebral D\u00e9maquillant Gel\u00e9e Micellaire Yeux 125 ml\u00a0\u00e9limine en douceur tous les maquillages, m\u00eame waterproof sans agresser le contour","og_url":"https:\/\/paracherkaoui.ma\/index.php\/produit\/svr-topialyse-demaquillant-palpebral-gelee-micellaire-yeux-125-ml-3\/","og_site_name":"Paracherkaoui.ma","article_modified_time":"2025-12-12T17:04:40+00:00","og_image":[{"width":700,"height":700,"url":"https:\/\/paracherkaoui.ma\/wp-content\/uploads\/2025\/12\/svr-svr-topialyse-demaquillant-palpebral-gelee-micellaire-yeux-125-ml-nettoyants-visage.jpg","type":"image\/jpeg"}],"twitter_card":"summary_large_image","schema":{"@context":"https:\/\/schema.org","@graph":[{"@type":"WebPage","@id":"https:\/\/paracherkaoui.ma\/index.php\/produit\/svr-topialyse-demaquillant-palpebral-gelee-micellaire-yeux-125-ml-3\/","url":"https:\/\/paracherkaoui.ma\/index.php\/produit\/svr-topialyse-demaquillant-palpebral-gelee-micellaire-yeux-125-ml-3\/","name":"SVR TOPIALYSE DEMAQUILLANT PALPEBRAL GELEE MICELLAIRE YEUX 125 ML - Paracherkaoui.ma","isPartOf":{"@id":"https:\/\/paracherkaoui.ma\/#website"},"primaryImageOfPage":{"@id":"https:\/\/paracherkaoui.ma\/index.php\/produit\/svr-topialyse-demaquillant-palpebral-gelee-micellaire-yeux-125-ml-3\/#primaryimage"},"image":{"@id":"https:\/\/paracherkaoui.ma\/index.php\/produit\/svr-topialyse-demaquillant-palpebral-gelee-micellaire-yeux-125-ml-3\/#primaryimage"},"thumbnailUrl":"https:\/\/paracherkaoui.ma\/wp-content\/uploads\/2025\/12\/svr-svr-topialyse-demaquillant-palpebral-gelee-micellaire-yeux-125-ml-nettoyants-visage.jpg","datePublished":"2025-12-12T17:04:38+00:00","dateModified":"2025-12-12T17:04:40+00:00","breadcrumb":{"@id":"https:\/\/paracherkaoui.ma\/index.php\/produit\/svr-topialyse-demaquillant-palpebral-gelee-micellaire-yeux-125-ml-3\/#breadcrumb"},"inLanguage":"fr-FR","potentialAction":[{"@type":"ReadAction","target":["https:\/\/paracherkaoui.ma\/index.php\/produit\/svr-topialyse-demaquillant-palpebral-gelee-micellaire-yeux-125-ml-3\/"]}]},{"@type":"ImageObject","inLanguage":"fr-FR","@id":"https:\/\/paracherkaoui.ma\/index.php\/produit\/svr-topialyse-demaquillant-palpebral-gelee-micellaire-yeux-125-ml-3\/#primaryimage","url":"https:\/\/paracherkaoui.ma\/wp-content\/uploads\/2025\/12\/svr-svr-topialyse-demaquillant-palpebral-gelee-micellaire-yeux-125-ml-nettoyants-visage.jpg","contentUrl":"https:\/\/paracherkaoui.ma\/wp-content\/uploads\/2025\/12\/svr-svr-topialyse-demaquillant-palpebral-gelee-micellaire-yeux-125-ml-nettoyants-visage.jpg","width":700,"height":700},{"@type":"BreadcrumbList","@id":"https:\/\/paracherkaoui.ma\/index.php\/produit\/svr-topialyse-demaquillant-palpebral-gelee-micellaire-yeux-125-ml-3\/#breadcrumb","itemListElement":[{"@type":"ListItem","position":1,"name":"Accueil","item":"https:\/\/paracherkaoui.ma\/"},{"@type":"ListItem","position":2,"name":"Boutique","item":"https:\/\/paracherkaoui.ma\/index.php\/boutique\/"},{"@type":"ListItem","position":3,"name":"SVR TOPIALYSE DEMAQUILLANT PALPEBRAL GELEE MICELLAIRE YEUX 125 ML"}]},{"@type":"WebSite","@id":"https:\/\/paracherkaoui.ma\/#website","url":"https:\/\/paracherkaoui.ma\/","name":"Paracherkaoui.ma","description":"Achetez en ligne sur Paracherkaoui.ma","potentialAction":[{"@type":"SearchAction","target":{"@type":"EntryPoint","urlTemplate":"https:\/\/paracherkaoui.ma\/?s={search_term_string}"},"query-input":{"@type":"PropertyValueSpecification","valueRequired":true,"valueName":"search_term_string"}}],"inLanguage":"fr-FR"}]}},"_links":{"self":[{"href":"https:\/\/paracherkaoui.ma\/index.php\/wp-json\/wp\/v2\/product\/20288","targetHints":{"allow":["GET"]}}],"collection":[{"href":"https:\/\/paracherkaoui.ma\/index.php\/wp-json\/wp\/v2\/product"}],"about":[{"href":"https:\/\/paracherkaoui.ma\/index.php\/wp-json\/wp\/v2\/types\/product"}],"replies":[{"embeddable":true,"href":"https:\/\/paracherkaoui.ma\/index.php\/wp-json\/wp\/v2\/comments?post=20288"}],"version-history":[{"count":1,"href":"https:\/\/paracherkaoui.ma\/index.php\/wp-json\/wp\/v2\/product\/20288\/revisions"}],"predecessor-version":[{"id":20324,"href":"https:\/\/paracherkaoui.ma\/index.php\/wp-json\/wp\/v2\/product\/20288\/revisions\/20324"}],"wp:featuredmedia":[{"embeddable":true,"href":"https:\/\/paracherkaoui.ma\/index.php\/wp-json\/wp\/v2\/media\/11398"}],"wp:attachment":[{"href":"https:\/\/paracherkaoui.ma\/index.php\/wp-json\/wp\/v2\/media?parent=20288"}],"wp:term":[{"taxonomy":"product_brand","embeddable":true,"href":"https:\/\/paracherkaoui.ma\/index.php\/wp-json\/wp\/v2\/product_brand?post=20288"},{"taxonomy":"product_cat","embeddable":true,"href":"https:\/\/paracherkaoui.ma\/index.php\/wp-json\/wp\/v2\/product_cat?post=20288"},{"taxonomy":"product_tag","embeddable":true,"href":"https:\/\/paracherkaoui.ma\/index.php\/wp-json\/wp\/v2\/product_tag?post=20288"}],"curies":[{"name":"wp","href":"https:\/\/api.w.org\/{rel}","templated":true}]}}