{"id":20287,"date":"2025-12-12T18:04:38","date_gmt":"2025-12-12T17:04:38","guid":{"rendered":"https:\/\/test.ecbeaute.com\/?post_type=product&#038;p=20287"},"modified":"2025-12-12T18:04:40","modified_gmt":"2025-12-12T17:04:40","slug":"ecladerm-nettoderm-gel-nettoyant-400-ml","status":"publish","type":"product","link":"https:\/\/paracherkaoui.ma\/index.php\/produit\/ecladerm-nettoderm-gel-nettoyant-400-ml\/","title":{"rendered":"ECLADERM NETTODERM GEL NETTOYANT 400 ML"},"content":{"rendered":"<p>Ecladerm Nettoderm Gel Nettoyant une solution efficace pour purifier votre peau en profondeur tout en pr\u00e9servant son \u00e9quilibre naturel. Formul\u00e9 avec des ingr\u00e9dients doux mais puissants, ce gel nettoyant \u00e9limine les impuret\u00e9s, l&rsquo;exc\u00e8s de s\u00e9bum et les traces de maquillage, laissant votre peau propre, fra\u00eeche et revitalis\u00e9e.<br \/>\nNettoyage en profondeur : \u00c9limine les impuret\u00e9s et le s\u00e9bum excessif.<br \/>\nFormule douce : Convient \u00e0 tous les types de peau, m\u00eame les plus sensibles.<br \/>\nRafra\u00eechissant : Laisse la peau propre, revitalis\u00e9e et pr\u00eate \u00e0 recevoir les soins suivants.<br \/>\nSans parab\u00e8nes ni sulfates : Respecte la sant\u00e9 de votre peau.<br \/>\nCONSEILS D&rsquo;UTILISATION:<br \/>\n\u00c9mulsionnez une noisette de gel nettoyant dans le creux de vos mains et appliquez le sur l\u2019ensemble du visage.<\/p>\n","protected":false},"excerpt":{"rendered":"<p>Ecladerm Nettoderm Gel Nettoyant une solution efficace pour purifier votre peau en profondeur tout en pr\u00e9servant son \u00e9quilibre naturel. Formul\u00e9<\/p>\n","protected":false},"featured_media":20322,"comment_status":"open","ping_status":"closed","template":"","meta":[],"product_brand":[392],"product_cat":[346],"product_tag":[],"class_list":{"0":"post-20287","1":"product","2":"type-product","3":"status-publish","4":"has-post-thumbnail","6":"product_brand-ecladerm","7":"product_cat-demaquillants-et-nettoyants","9":"first","10":"instock","11":"sale","12":"shipping-taxable","13":"purchasable","14":"product-type-simple"},"yoast_head":"<!-- This site is optimized with the Yoast SEO plugin v26.6 - https:\/\/yoast.com\/wordpress\/plugins\/seo\/ -->\r\n<title>ECLADERM NETTODERM GEL NETTOYANT 400 ML - Paracherkaoui.ma<\/title>\r\n<meta name=\"robots\" content=\"index, follow, max-snippet:-1, max-image-preview:large, max-video-preview:-1\" \/>\r\n<link rel=\"canonical\" href=\"https:\/\/paracherkaoui.ma\/index.php\/produit\/ecladerm-nettoderm-gel-nettoyant-400-ml\/\" \/>\r\n<meta property=\"og:locale\" content=\"fr_FR\" \/>\r\n<meta property=\"og:type\" content=\"article\" \/>\r\n<meta property=\"og:title\" content=\"ECLADERM NETTODERM GEL NETTOYANT 400 ML - Paracherkaoui.ma\" \/>\r\n<meta property=\"og:description\" content=\"Ecladerm Nettoderm Gel Nettoyant une solution efficace pour purifier votre peau en profondeur tout en pr\u00e9servant son \u00e9quilibre naturel. Formul\u00e9\" \/>\r\n<meta property=\"og:url\" content=\"https:\/\/paracherkaoui.ma\/index.php\/produit\/ecladerm-nettoderm-gel-nettoyant-400-ml\/\" \/>\r\n<meta property=\"og:site_name\" content=\"Paracherkaoui.ma\" \/>\r\n<meta property=\"article:modified_time\" content=\"2025-12-12T17:04:40+00:00\" \/>\r\n<meta property=\"og:image\" content=\"https:\/\/paracherkaoui.ma\/wp-content\/uploads\/2025\/12\/ecladerm-ecladerm-nettoderm-gel-nettoyant-400-ml-nettoyants-visage.jpg\" \/>\r\n\t<meta property=\"og:image:width\" content=\"700\" \/>\r\n\t<meta property=\"og:image:height\" content=\"700\" \/>\r\n\t<meta property=\"og:image:type\" content=\"image\/jpeg\" \/>\r\n<meta name=\"twitter:card\" content=\"summary_large_image\" \/>\r\n<meta name=\"twitter:label1\" content=\"Dur\u00e9e de lecture estim\u00e9e\" \/>\n\t<meta name=\"twitter:data1\" content=\"1 minute\" \/>\r\n<script type=\"application\/ld+json\" class=\"yoast-schema-graph\">{\"@context\":\"https:\/\/schema.org\",\"@graph\":[{\"@type\":\"WebPage\",\"@id\":\"https:\/\/paracherkaoui.ma\/index.php\/produit\/ecladerm-nettoderm-gel-nettoyant-400-ml\/\",\"url\":\"https:\/\/paracherkaoui.ma\/index.php\/produit\/ecladerm-nettoderm-gel-nettoyant-400-ml\/\",\"name\":\"ECLADERM NETTODERM GEL NETTOYANT 400 ML - Paracherkaoui.ma\",\"isPartOf\":{\"@id\":\"https:\/\/paracherkaoui.ma\/#website\"},\"primaryImageOfPage\":{\"@id\":\"https:\/\/paracherkaoui.ma\/index.php\/produit\/ecladerm-nettoderm-gel-nettoyant-400-ml\/#primaryimage\"},\"image\":{\"@id\":\"https:\/\/paracherkaoui.ma\/index.php\/produit\/ecladerm-nettoderm-gel-nettoyant-400-ml\/#primaryimage\"},\"thumbnailUrl\":\"https:\/\/paracherkaoui.ma\/wp-content\/uploads\/2025\/12\/ecladerm-ecladerm-nettoderm-gel-nettoyant-400-ml-nettoyants-visage.jpg\",\"datePublished\":\"2025-12-12T17:04:38+00:00\",\"dateModified\":\"2025-12-12T17:04:40+00:00\",\"breadcrumb\":{\"@id\":\"https:\/\/paracherkaoui.ma\/index.php\/produit\/ecladerm-nettoderm-gel-nettoyant-400-ml\/#breadcrumb\"},\"inLanguage\":\"fr-FR\",\"potentialAction\":[{\"@type\":\"ReadAction\",\"target\":[\"https:\/\/paracherkaoui.ma\/index.php\/produit\/ecladerm-nettoderm-gel-nettoyant-400-ml\/\"]}]},{\"@type\":\"ImageObject\",\"inLanguage\":\"fr-FR\",\"@id\":\"https:\/\/paracherkaoui.ma\/index.php\/produit\/ecladerm-nettoderm-gel-nettoyant-400-ml\/#primaryimage\",\"url\":\"https:\/\/paracherkaoui.ma\/wp-content\/uploads\/2025\/12\/ecladerm-ecladerm-nettoderm-gel-nettoyant-400-ml-nettoyants-visage.jpg\",\"contentUrl\":\"https:\/\/paracherkaoui.ma\/wp-content\/uploads\/2025\/12\/ecladerm-ecladerm-nettoderm-gel-nettoyant-400-ml-nettoyants-visage.jpg\",\"width\":700,\"height\":700},{\"@type\":\"BreadcrumbList\",\"@id\":\"https:\/\/paracherkaoui.ma\/index.php\/produit\/ecladerm-nettoderm-gel-nettoyant-400-ml\/#breadcrumb\",\"itemListElement\":[{\"@type\":\"ListItem\",\"position\":1,\"name\":\"Accueil\",\"item\":\"https:\/\/paracherkaoui.ma\/\"},{\"@type\":\"ListItem\",\"position\":2,\"name\":\"Boutique\",\"item\":\"https:\/\/paracherkaoui.ma\/index.php\/boutique\/\"},{\"@type\":\"ListItem\",\"position\":3,\"name\":\"ECLADERM NETTODERM GEL NETTOYANT 400 ML\"}]},{\"@type\":\"WebSite\",\"@id\":\"https:\/\/paracherkaoui.ma\/#website\",\"url\":\"https:\/\/paracherkaoui.ma\/\",\"name\":\"Paracherkaoui.ma\",\"description\":\"Achetez en ligne sur Paracherkaoui.ma\",\"potentialAction\":[{\"@type\":\"SearchAction\",\"target\":{\"@type\":\"EntryPoint\",\"urlTemplate\":\"https:\/\/paracherkaoui.ma\/?s={search_term_string}\"},\"query-input\":{\"@type\":\"PropertyValueSpecification\",\"valueRequired\":true,\"valueName\":\"search_term_string\"}}],\"inLanguage\":\"fr-FR\"}]}<\/script>\r\n<!-- \/ Yoast SEO plugin. -->","yoast_head_json":{"title":"ECLADERM NETTODERM GEL NETTOYANT 400 ML - Paracherkaoui.ma","robots":{"index":"index","follow":"follow","max-snippet":"max-snippet:-1","max-image-preview":"max-image-preview:large","max-video-preview":"max-video-preview:-1"},"canonical":"https:\/\/paracherkaoui.ma\/index.php\/produit\/ecladerm-nettoderm-gel-nettoyant-400-ml\/","og_locale":"fr_FR","og_type":"article","og_title":"ECLADERM NETTODERM GEL NETTOYANT 400 ML - Paracherkaoui.ma","og_description":"Ecladerm Nettoderm Gel Nettoyant une solution efficace pour purifier votre peau en profondeur tout en pr\u00e9servant son \u00e9quilibre naturel. Formul\u00e9","og_url":"https:\/\/paracherkaoui.ma\/index.php\/produit\/ecladerm-nettoderm-gel-nettoyant-400-ml\/","og_site_name":"Paracherkaoui.ma","article_modified_time":"2025-12-12T17:04:40+00:00","og_image":[{"width":700,"height":700,"url":"https:\/\/paracherkaoui.ma\/wp-content\/uploads\/2025\/12\/ecladerm-ecladerm-nettoderm-gel-nettoyant-400-ml-nettoyants-visage.jpg","type":"image\/jpeg"}],"twitter_card":"summary_large_image","twitter_misc":{"Dur\u00e9e de lecture estim\u00e9e":"1 minute"},"schema":{"@context":"https:\/\/schema.org","@graph":[{"@type":"WebPage","@id":"https:\/\/paracherkaoui.ma\/index.php\/produit\/ecladerm-nettoderm-gel-nettoyant-400-ml\/","url":"https:\/\/paracherkaoui.ma\/index.php\/produit\/ecladerm-nettoderm-gel-nettoyant-400-ml\/","name":"ECLADERM NETTODERM GEL NETTOYANT 400 ML - Paracherkaoui.ma","isPartOf":{"@id":"https:\/\/paracherkaoui.ma\/#website"},"primaryImageOfPage":{"@id":"https:\/\/paracherkaoui.ma\/index.php\/produit\/ecladerm-nettoderm-gel-nettoyant-400-ml\/#primaryimage"},"image":{"@id":"https:\/\/paracherkaoui.ma\/index.php\/produit\/ecladerm-nettoderm-gel-nettoyant-400-ml\/#primaryimage"},"thumbnailUrl":"https:\/\/paracherkaoui.ma\/wp-content\/uploads\/2025\/12\/ecladerm-ecladerm-nettoderm-gel-nettoyant-400-ml-nettoyants-visage.jpg","datePublished":"2025-12-12T17:04:38+00:00","dateModified":"2025-12-12T17:04:40+00:00","breadcrumb":{"@id":"https:\/\/paracherkaoui.ma\/index.php\/produit\/ecladerm-nettoderm-gel-nettoyant-400-ml\/#breadcrumb"},"inLanguage":"fr-FR","potentialAction":[{"@type":"ReadAction","target":["https:\/\/paracherkaoui.ma\/index.php\/produit\/ecladerm-nettoderm-gel-nettoyant-400-ml\/"]}]},{"@type":"ImageObject","inLanguage":"fr-FR","@id":"https:\/\/paracherkaoui.ma\/index.php\/produit\/ecladerm-nettoderm-gel-nettoyant-400-ml\/#primaryimage","url":"https:\/\/paracherkaoui.ma\/wp-content\/uploads\/2025\/12\/ecladerm-ecladerm-nettoderm-gel-nettoyant-400-ml-nettoyants-visage.jpg","contentUrl":"https:\/\/paracherkaoui.ma\/wp-content\/uploads\/2025\/12\/ecladerm-ecladerm-nettoderm-gel-nettoyant-400-ml-nettoyants-visage.jpg","width":700,"height":700},{"@type":"BreadcrumbList","@id":"https:\/\/paracherkaoui.ma\/index.php\/produit\/ecladerm-nettoderm-gel-nettoyant-400-ml\/#breadcrumb","itemListElement":[{"@type":"ListItem","position":1,"name":"Accueil","item":"https:\/\/paracherkaoui.ma\/"},{"@type":"ListItem","position":2,"name":"Boutique","item":"https:\/\/paracherkaoui.ma\/index.php\/boutique\/"},{"@type":"ListItem","position":3,"name":"ECLADERM NETTODERM GEL NETTOYANT 400 ML"}]},{"@type":"WebSite","@id":"https:\/\/paracherkaoui.ma\/#website","url":"https:\/\/paracherkaoui.ma\/","name":"Paracherkaoui.ma","description":"Achetez en ligne sur Paracherkaoui.ma","potentialAction":[{"@type":"SearchAction","target":{"@type":"EntryPoint","urlTemplate":"https:\/\/paracherkaoui.ma\/?s={search_term_string}"},"query-input":{"@type":"PropertyValueSpecification","valueRequired":true,"valueName":"search_term_string"}}],"inLanguage":"fr-FR"}]}},"_links":{"self":[{"href":"https:\/\/paracherkaoui.ma\/index.php\/wp-json\/wp\/v2\/product\/20287","targetHints":{"allow":["GET"]}}],"collection":[{"href":"https:\/\/paracherkaoui.ma\/index.php\/wp-json\/wp\/v2\/product"}],"about":[{"href":"https:\/\/paracherkaoui.ma\/index.php\/wp-json\/wp\/v2\/types\/product"}],"replies":[{"embeddable":true,"href":"https:\/\/paracherkaoui.ma\/index.php\/wp-json\/wp\/v2\/comments?post=20287"}],"version-history":[{"count":1,"href":"https:\/\/paracherkaoui.ma\/index.php\/wp-json\/wp\/v2\/product\/20287\/revisions"}],"predecessor-version":[{"id":20323,"href":"https:\/\/paracherkaoui.ma\/index.php\/wp-json\/wp\/v2\/product\/20287\/revisions\/20323"}],"wp:featuredmedia":[{"embeddable":true,"href":"https:\/\/paracherkaoui.ma\/index.php\/wp-json\/wp\/v2\/media\/20322"}],"wp:attachment":[{"href":"https:\/\/paracherkaoui.ma\/index.php\/wp-json\/wp\/v2\/media?parent=20287"}],"wp:term":[{"taxonomy":"product_brand","embeddable":true,"href":"https:\/\/paracherkaoui.ma\/index.php\/wp-json\/wp\/v2\/product_brand?post=20287"},{"taxonomy":"product_cat","embeddable":true,"href":"https:\/\/paracherkaoui.ma\/index.php\/wp-json\/wp\/v2\/product_cat?post=20287"},{"taxonomy":"product_tag","embeddable":true,"href":"https:\/\/paracherkaoui.ma\/index.php\/wp-json\/wp\/v2\/product_tag?post=20287"}],"curies":[{"name":"wp","href":"https:\/\/api.w.org\/{rel}","templated":true}]}}