{"id":19914,"date":"2025-12-12T18:03:57","date_gmt":"2025-12-12T17:03:57","guid":{"rendered":"https:\/\/test.ecbeaute.com\/?post_type=product&#038;p=19914"},"modified":"2025-12-12T18:04:00","modified_gmt":"2025-12-12T17:04:00","slug":"sterilux-visage-coton-carres-45-unites","status":"publish","type":"product","link":"https:\/\/paracherkaoui.ma\/index.php\/produit\/sterilux-visage-coton-carres-45-unites\/","title":{"rendered":"STERILUX VISAGE COTON CARRES 45 UNITES"},"content":{"rendered":"<p>Les\u00a0cotons carr\u00e9s visage St\u00e9rilux\u00a0sont formul\u00e9s pour\u00a0d\u00e9maquiller\u00a0la peau le plus efficacement possible, tout en la pr\u00e9servant au mieux, mais aussi pour\u00a0prendre soin de la peau des b\u00e9b\u00e9s.<\/p>\n<p>Compos\u00e9s \u00e0 85\u00a0% de coton hydrophile et \u00e0 15\u00a0% de polyester, ces carr\u00e9s de coton ont un tr\u00e8s haut coefficient d\u2019absorption, et leur mati\u00e8re est id\u00e9ale pour bien pr\u00e9server votre peau, sans risquer de l\u2019ass\u00e9cher ou de la br\u00fbler, et lui offrir un peu de douceur dans le m\u00eame temps.<br \/>\nIls conviennent parfaitement \u00e0 tous types de peaux, m\u00eame pour les plus sensibles.<\/p>\n<p>Anti-peluches, ils permettent un\u00a0d\u00e9maquillage\u00a0propre sans r\u00e9sidus de coton, mais aussi un\u00a0nettoyage\u00a0et un soin de la peau des b\u00e9b\u00e9s sans risques de pertes r\u00e9siduelles ou de d\u00e9chirement du coton, assurant un vrai confort d\u2019utilisation. Avec leur forme carr\u00e9e, ils offrent un meilleur maintien du coton, et permettent donc un d\u00e9maquillage ou un nettoyage plus pr\u00e9cis.<\/p>\n<p>St\u00e9rilux\u00a0est une marque d\u00e9pos\u00e9e par le groupe\u00a0Hartmann, multi-sp\u00e9cialiste de la sant\u00e9 depuis plus de quarante ans, et qui offre des solutions en particulier pour le soin des plaies, la pr\u00e9vention des risques d\u2019infection, ou encore l\u2019hygi\u00e8ne g\u00e9n\u00e9rale.<\/p>\n<p>Conditionnement\u00a0: bo\u00eete de 45 cotons<\/p>\n<p>Retrouvez \u00e9galement sur notre blog tous nos conseils pour\u00a0bien choisir votre d\u00e9maquillant. Mais aussi plein d\u2019autres infos utiles\u00a0!<\/p>\n","protected":false},"excerpt":{"rendered":"<p>Les\u00a0cotons carr\u00e9s visage St\u00e9rilux\u00a0sont formul\u00e9s pour\u00a0d\u00e9maquiller\u00a0la peau le plus efficacement possible, tout en la pr\u00e9servant au mieux, mais aussi pour\u00a0prendre<\/p>\n","protected":false},"featured_media":19960,"comment_status":"open","ping_status":"closed","template":"","meta":[],"product_brand":[350],"product_cat":[346],"product_tag":[],"class_list":{"0":"post-19914","1":"product","2":"type-product","3":"status-publish","4":"has-post-thumbnail","6":"product_brand-sterilux","7":"product_cat-demaquillants-et-nettoyants","9":"first","10":"instock","11":"sale","12":"shipping-taxable","13":"purchasable","14":"product-type-simple"},"yoast_head":"<!-- This site is optimized with the Yoast SEO plugin v26.6 - https:\/\/yoast.com\/wordpress\/plugins\/seo\/ -->\r\n<title>STERILUX VISAGE COTON CARRES 45 UNITES - Paracherkaoui.ma<\/title>\r\n<meta name=\"robots\" content=\"index, follow, max-snippet:-1, max-image-preview:large, max-video-preview:-1\" \/>\r\n<link rel=\"canonical\" href=\"https:\/\/paracherkaoui.ma\/index.php\/produit\/sterilux-visage-coton-carres-45-unites\/\" \/>\r\n<meta property=\"og:locale\" content=\"fr_FR\" \/>\r\n<meta property=\"og:type\" content=\"article\" \/>\r\n<meta property=\"og:title\" content=\"STERILUX VISAGE COTON CARRES 45 UNITES - Paracherkaoui.ma\" \/>\r\n<meta property=\"og:description\" content=\"Les\u00a0cotons carr\u00e9s visage St\u00e9rilux\u00a0sont formul\u00e9s pour\u00a0d\u00e9maquiller\u00a0la peau le plus efficacement possible, tout en la pr\u00e9servant au mieux, mais aussi pour\u00a0prendre\" \/>\r\n<meta property=\"og:url\" content=\"https:\/\/paracherkaoui.ma\/index.php\/produit\/sterilux-visage-coton-carres-45-unites\/\" \/>\r\n<meta property=\"og:site_name\" content=\"Paracherkaoui.ma\" \/>\r\n<meta property=\"article:modified_time\" content=\"2025-12-12T17:04:00+00:00\" \/>\r\n<meta property=\"og:image\" content=\"https:\/\/paracherkaoui.ma\/wp-content\/uploads\/2025\/12\/sterilux-sterilux-visage-coton-carres-45-unites-accessoires.jpg\" \/>\r\n\t<meta property=\"og:image:width\" content=\"700\" \/>\r\n\t<meta property=\"og:image:height\" content=\"700\" \/>\r\n\t<meta property=\"og:image:type\" content=\"image\/jpeg\" \/>\r\n<meta name=\"twitter:card\" content=\"summary_large_image\" \/>\r\n<meta name=\"twitter:label1\" content=\"Dur\u00e9e de lecture estim\u00e9e\" \/>\n\t<meta name=\"twitter:data1\" content=\"1 minute\" \/>\r\n<script type=\"application\/ld+json\" class=\"yoast-schema-graph\">{\"@context\":\"https:\/\/schema.org\",\"@graph\":[{\"@type\":\"WebPage\",\"@id\":\"https:\/\/paracherkaoui.ma\/index.php\/produit\/sterilux-visage-coton-carres-45-unites\/\",\"url\":\"https:\/\/paracherkaoui.ma\/index.php\/produit\/sterilux-visage-coton-carres-45-unites\/\",\"name\":\"STERILUX VISAGE COTON CARRES 45 UNITES - Paracherkaoui.ma\",\"isPartOf\":{\"@id\":\"https:\/\/paracherkaoui.ma\/#website\"},\"primaryImageOfPage\":{\"@id\":\"https:\/\/paracherkaoui.ma\/index.php\/produit\/sterilux-visage-coton-carres-45-unites\/#primaryimage\"},\"image\":{\"@id\":\"https:\/\/paracherkaoui.ma\/index.php\/produit\/sterilux-visage-coton-carres-45-unites\/#primaryimage\"},\"thumbnailUrl\":\"https:\/\/paracherkaoui.ma\/wp-content\/uploads\/2025\/12\/sterilux-sterilux-visage-coton-carres-45-unites-accessoires.jpg\",\"datePublished\":\"2025-12-12T17:03:57+00:00\",\"dateModified\":\"2025-12-12T17:04:00+00:00\",\"breadcrumb\":{\"@id\":\"https:\/\/paracherkaoui.ma\/index.php\/produit\/sterilux-visage-coton-carres-45-unites\/#breadcrumb\"},\"inLanguage\":\"fr-FR\",\"potentialAction\":[{\"@type\":\"ReadAction\",\"target\":[\"https:\/\/paracherkaoui.ma\/index.php\/produit\/sterilux-visage-coton-carres-45-unites\/\"]}]},{\"@type\":\"ImageObject\",\"inLanguage\":\"fr-FR\",\"@id\":\"https:\/\/paracherkaoui.ma\/index.php\/produit\/sterilux-visage-coton-carres-45-unites\/#primaryimage\",\"url\":\"https:\/\/paracherkaoui.ma\/wp-content\/uploads\/2025\/12\/sterilux-sterilux-visage-coton-carres-45-unites-accessoires.jpg\",\"contentUrl\":\"https:\/\/paracherkaoui.ma\/wp-content\/uploads\/2025\/12\/sterilux-sterilux-visage-coton-carres-45-unites-accessoires.jpg\",\"width\":700,\"height\":700},{\"@type\":\"BreadcrumbList\",\"@id\":\"https:\/\/paracherkaoui.ma\/index.php\/produit\/sterilux-visage-coton-carres-45-unites\/#breadcrumb\",\"itemListElement\":[{\"@type\":\"ListItem\",\"position\":1,\"name\":\"Accueil\",\"item\":\"https:\/\/paracherkaoui.ma\/\"},{\"@type\":\"ListItem\",\"position\":2,\"name\":\"Boutique\",\"item\":\"https:\/\/paracherkaoui.ma\/index.php\/boutique\/\"},{\"@type\":\"ListItem\",\"position\":3,\"name\":\"STERILUX VISAGE COTON CARRES 45 UNITES\"}]},{\"@type\":\"WebSite\",\"@id\":\"https:\/\/paracherkaoui.ma\/#website\",\"url\":\"https:\/\/paracherkaoui.ma\/\",\"name\":\"Paracherkaoui.ma\",\"description\":\"Achetez en ligne sur Paracherkaoui.ma\",\"potentialAction\":[{\"@type\":\"SearchAction\",\"target\":{\"@type\":\"EntryPoint\",\"urlTemplate\":\"https:\/\/paracherkaoui.ma\/?s={search_term_string}\"},\"query-input\":{\"@type\":\"PropertyValueSpecification\",\"valueRequired\":true,\"valueName\":\"search_term_string\"}}],\"inLanguage\":\"fr-FR\"}]}<\/script>\r\n<!-- \/ Yoast SEO plugin. -->","yoast_head_json":{"title":"STERILUX VISAGE COTON CARRES 45 UNITES - Paracherkaoui.ma","robots":{"index":"index","follow":"follow","max-snippet":"max-snippet:-1","max-image-preview":"max-image-preview:large","max-video-preview":"max-video-preview:-1"},"canonical":"https:\/\/paracherkaoui.ma\/index.php\/produit\/sterilux-visage-coton-carres-45-unites\/","og_locale":"fr_FR","og_type":"article","og_title":"STERILUX VISAGE COTON CARRES 45 UNITES - Paracherkaoui.ma","og_description":"Les\u00a0cotons carr\u00e9s visage St\u00e9rilux\u00a0sont formul\u00e9s pour\u00a0d\u00e9maquiller\u00a0la peau le plus efficacement possible, tout en la pr\u00e9servant au mieux, mais aussi pour\u00a0prendre","og_url":"https:\/\/paracherkaoui.ma\/index.php\/produit\/sterilux-visage-coton-carres-45-unites\/","og_site_name":"Paracherkaoui.ma","article_modified_time":"2025-12-12T17:04:00+00:00","og_image":[{"width":700,"height":700,"url":"https:\/\/paracherkaoui.ma\/wp-content\/uploads\/2025\/12\/sterilux-sterilux-visage-coton-carres-45-unites-accessoires.jpg","type":"image\/jpeg"}],"twitter_card":"summary_large_image","twitter_misc":{"Dur\u00e9e de lecture estim\u00e9e":"1 minute"},"schema":{"@context":"https:\/\/schema.org","@graph":[{"@type":"WebPage","@id":"https:\/\/paracherkaoui.ma\/index.php\/produit\/sterilux-visage-coton-carres-45-unites\/","url":"https:\/\/paracherkaoui.ma\/index.php\/produit\/sterilux-visage-coton-carres-45-unites\/","name":"STERILUX VISAGE COTON CARRES 45 UNITES - Paracherkaoui.ma","isPartOf":{"@id":"https:\/\/paracherkaoui.ma\/#website"},"primaryImageOfPage":{"@id":"https:\/\/paracherkaoui.ma\/index.php\/produit\/sterilux-visage-coton-carres-45-unites\/#primaryimage"},"image":{"@id":"https:\/\/paracherkaoui.ma\/index.php\/produit\/sterilux-visage-coton-carres-45-unites\/#primaryimage"},"thumbnailUrl":"https:\/\/paracherkaoui.ma\/wp-content\/uploads\/2025\/12\/sterilux-sterilux-visage-coton-carres-45-unites-accessoires.jpg","datePublished":"2025-12-12T17:03:57+00:00","dateModified":"2025-12-12T17:04:00+00:00","breadcrumb":{"@id":"https:\/\/paracherkaoui.ma\/index.php\/produit\/sterilux-visage-coton-carres-45-unites\/#breadcrumb"},"inLanguage":"fr-FR","potentialAction":[{"@type":"ReadAction","target":["https:\/\/paracherkaoui.ma\/index.php\/produit\/sterilux-visage-coton-carres-45-unites\/"]}]},{"@type":"ImageObject","inLanguage":"fr-FR","@id":"https:\/\/paracherkaoui.ma\/index.php\/produit\/sterilux-visage-coton-carres-45-unites\/#primaryimage","url":"https:\/\/paracherkaoui.ma\/wp-content\/uploads\/2025\/12\/sterilux-sterilux-visage-coton-carres-45-unites-accessoires.jpg","contentUrl":"https:\/\/paracherkaoui.ma\/wp-content\/uploads\/2025\/12\/sterilux-sterilux-visage-coton-carres-45-unites-accessoires.jpg","width":700,"height":700},{"@type":"BreadcrumbList","@id":"https:\/\/paracherkaoui.ma\/index.php\/produit\/sterilux-visage-coton-carres-45-unites\/#breadcrumb","itemListElement":[{"@type":"ListItem","position":1,"name":"Accueil","item":"https:\/\/paracherkaoui.ma\/"},{"@type":"ListItem","position":2,"name":"Boutique","item":"https:\/\/paracherkaoui.ma\/index.php\/boutique\/"},{"@type":"ListItem","position":3,"name":"STERILUX VISAGE COTON CARRES 45 UNITES"}]},{"@type":"WebSite","@id":"https:\/\/paracherkaoui.ma\/#website","url":"https:\/\/paracherkaoui.ma\/","name":"Paracherkaoui.ma","description":"Achetez en ligne sur Paracherkaoui.ma","potentialAction":[{"@type":"SearchAction","target":{"@type":"EntryPoint","urlTemplate":"https:\/\/paracherkaoui.ma\/?s={search_term_string}"},"query-input":{"@type":"PropertyValueSpecification","valueRequired":true,"valueName":"search_term_string"}}],"inLanguage":"fr-FR"}]}},"_links":{"self":[{"href":"https:\/\/paracherkaoui.ma\/index.php\/wp-json\/wp\/v2\/product\/19914","targetHints":{"allow":["GET"]}}],"collection":[{"href":"https:\/\/paracherkaoui.ma\/index.php\/wp-json\/wp\/v2\/product"}],"about":[{"href":"https:\/\/paracherkaoui.ma\/index.php\/wp-json\/wp\/v2\/types\/product"}],"replies":[{"embeddable":true,"href":"https:\/\/paracherkaoui.ma\/index.php\/wp-json\/wp\/v2\/comments?post=19914"}],"version-history":[{"count":1,"href":"https:\/\/paracherkaoui.ma\/index.php\/wp-json\/wp\/v2\/product\/19914\/revisions"}],"predecessor-version":[{"id":19961,"href":"https:\/\/paracherkaoui.ma\/index.php\/wp-json\/wp\/v2\/product\/19914\/revisions\/19961"}],"wp:featuredmedia":[{"embeddable":true,"href":"https:\/\/paracherkaoui.ma\/index.php\/wp-json\/wp\/v2\/media\/19960"}],"wp:attachment":[{"href":"https:\/\/paracherkaoui.ma\/index.php\/wp-json\/wp\/v2\/media?parent=19914"}],"wp:term":[{"taxonomy":"product_brand","embeddable":true,"href":"https:\/\/paracherkaoui.ma\/index.php\/wp-json\/wp\/v2\/product_brand?post=19914"},{"taxonomy":"product_cat","embeddable":true,"href":"https:\/\/paracherkaoui.ma\/index.php\/wp-json\/wp\/v2\/product_cat?post=19914"},{"taxonomy":"product_tag","embeddable":true,"href":"https:\/\/paracherkaoui.ma\/index.php\/wp-json\/wp\/v2\/product_tag?post=19914"}],"curies":[{"name":"wp","href":"https:\/\/api.w.org\/{rel}","templated":true}]}}