{"id":19753,"date":"2025-12-12T18:03:43","date_gmt":"2025-12-12T17:03:43","guid":{"rendered":"https:\/\/test.ecbeaute.com\/?post_type=product&#038;p=19753"},"modified":"2025-12-12T18:03:45","modified_gmt":"2025-12-12T17:03:45","slug":"novexpert-flash-eclat-mousse-nettoyante-150-ml","status":"publish","type":"product","link":"https:\/\/paracherkaoui.ma\/index.php\/produit\/novexpert-flash-eclat-mousse-nettoyante-150-ml\/","title":{"rendered":"NOVEXPERT FLASH \u00c9CLAT MOUSSE NETTOYANTE 150 ML"},"content":{"rendered":"<p>DESCRIPTION :<br \/>\n1 seul geste pour 3 actions :\u00a0nettoyer, d\u00e9maquiller\u00a0et\u00a0exfolier. Chaque jour un effet \u2018\u2019peau neuve\u2018\u2019<br \/>\nConseils d&rsquo;utilisation:<br \/>\nAppliquez sur visage humide la Mousse Nettoyante Flash \u00c9clat,\u00a0laissez agir 20 secondes puis massez pendant 10 secondes, rincez et s\u00e9cher. Un seul nettoyage par jour est suffisant et de pr\u00e9f\u00e9rence le soir. Il est id\u00e9al aussi en soin pour pr\u00e9venir les poils incarn\u00e9s de la barbe des hommes.<\/p>\n","protected":false},"excerpt":{"rendered":"<p>DESCRIPTION : 1 seul geste pour 3 actions :\u00a0nettoyer, d\u00e9maquiller\u00a0et\u00a0exfolier. Chaque jour un effet \u2018\u2019peau neuve\u2018\u2019 Conseils d&rsquo;utilisation: Appliquez sur<\/p>\n","protected":false},"featured_media":19789,"comment_status":"open","ping_status":"closed","template":"","meta":[],"product_brand":[349],"product_cat":[346],"product_tag":[],"class_list":{"0":"post-19753","1":"product","2":"type-product","3":"status-publish","4":"has-post-thumbnail","6":"product_brand-novexpert","7":"product_cat-demaquillants-et-nettoyants","9":"first","10":"instock","11":"sale","12":"shipping-taxable","13":"purchasable","14":"product-type-simple"},"yoast_head":"<!-- This site is optimized with the Yoast SEO plugin v26.6 - https:\/\/yoast.com\/wordpress\/plugins\/seo\/ -->\r\n<title>NOVEXPERT FLASH \u00c9CLAT MOUSSE NETTOYANTE 150 ML - Paracherkaoui.ma<\/title>\r\n<meta name=\"robots\" content=\"index, follow, max-snippet:-1, max-image-preview:large, max-video-preview:-1\" \/>\r\n<link rel=\"canonical\" href=\"https:\/\/paracherkaoui.ma\/index.php\/produit\/novexpert-flash-eclat-mousse-nettoyante-150-ml\/\" \/>\r\n<meta property=\"og:locale\" content=\"fr_FR\" \/>\r\n<meta property=\"og:type\" content=\"article\" \/>\r\n<meta property=\"og:title\" content=\"NOVEXPERT FLASH \u00c9CLAT MOUSSE NETTOYANTE 150 ML - Paracherkaoui.ma\" \/>\r\n<meta property=\"og:description\" content=\"DESCRIPTION : 1 seul geste pour 3 actions :\u00a0nettoyer, d\u00e9maquiller\u00a0et\u00a0exfolier. Chaque jour un effet \u2018\u2019peau neuve\u2018\u2019 Conseils d&rsquo;utilisation: Appliquez sur\" \/>\r\n<meta property=\"og:url\" content=\"https:\/\/paracherkaoui.ma\/index.php\/produit\/novexpert-flash-eclat-mousse-nettoyante-150-ml\/\" \/>\r\n<meta property=\"og:site_name\" content=\"Paracherkaoui.ma\" \/>\r\n<meta property=\"article:modified_time\" content=\"2025-12-12T17:03:45+00:00\" \/>\r\n<meta property=\"og:image\" content=\"https:\/\/paracherkaoui.ma\/wp-content\/uploads\/2025\/12\/novexpert-novexpert-flash-eclat-mousse-nettoyante-150-ml-nettoyants-visage.jpg\" \/>\r\n\t<meta property=\"og:image:width\" content=\"700\" \/>\r\n\t<meta property=\"og:image:height\" content=\"700\" \/>\r\n\t<meta property=\"og:image:type\" content=\"image\/jpeg\" \/>\r\n<meta name=\"twitter:card\" content=\"summary_large_image\" \/>\r\n<script type=\"application\/ld+json\" class=\"yoast-schema-graph\">{\"@context\":\"https:\/\/schema.org\",\"@graph\":[{\"@type\":\"WebPage\",\"@id\":\"https:\/\/paracherkaoui.ma\/index.php\/produit\/novexpert-flash-eclat-mousse-nettoyante-150-ml\/\",\"url\":\"https:\/\/paracherkaoui.ma\/index.php\/produit\/novexpert-flash-eclat-mousse-nettoyante-150-ml\/\",\"name\":\"NOVEXPERT FLASH \u00c9CLAT MOUSSE NETTOYANTE 150 ML - Paracherkaoui.ma\",\"isPartOf\":{\"@id\":\"https:\/\/paracherkaoui.ma\/#website\"},\"primaryImageOfPage\":{\"@id\":\"https:\/\/paracherkaoui.ma\/index.php\/produit\/novexpert-flash-eclat-mousse-nettoyante-150-ml\/#primaryimage\"},\"image\":{\"@id\":\"https:\/\/paracherkaoui.ma\/index.php\/produit\/novexpert-flash-eclat-mousse-nettoyante-150-ml\/#primaryimage\"},\"thumbnailUrl\":\"https:\/\/paracherkaoui.ma\/wp-content\/uploads\/2025\/12\/novexpert-novexpert-flash-eclat-mousse-nettoyante-150-ml-nettoyants-visage.jpg\",\"datePublished\":\"2025-12-12T17:03:43+00:00\",\"dateModified\":\"2025-12-12T17:03:45+00:00\",\"breadcrumb\":{\"@id\":\"https:\/\/paracherkaoui.ma\/index.php\/produit\/novexpert-flash-eclat-mousse-nettoyante-150-ml\/#breadcrumb\"},\"inLanguage\":\"fr-FR\",\"potentialAction\":[{\"@type\":\"ReadAction\",\"target\":[\"https:\/\/paracherkaoui.ma\/index.php\/produit\/novexpert-flash-eclat-mousse-nettoyante-150-ml\/\"]}]},{\"@type\":\"ImageObject\",\"inLanguage\":\"fr-FR\",\"@id\":\"https:\/\/paracherkaoui.ma\/index.php\/produit\/novexpert-flash-eclat-mousse-nettoyante-150-ml\/#primaryimage\",\"url\":\"https:\/\/paracherkaoui.ma\/wp-content\/uploads\/2025\/12\/novexpert-novexpert-flash-eclat-mousse-nettoyante-150-ml-nettoyants-visage.jpg\",\"contentUrl\":\"https:\/\/paracherkaoui.ma\/wp-content\/uploads\/2025\/12\/novexpert-novexpert-flash-eclat-mousse-nettoyante-150-ml-nettoyants-visage.jpg\",\"width\":700,\"height\":700},{\"@type\":\"BreadcrumbList\",\"@id\":\"https:\/\/paracherkaoui.ma\/index.php\/produit\/novexpert-flash-eclat-mousse-nettoyante-150-ml\/#breadcrumb\",\"itemListElement\":[{\"@type\":\"ListItem\",\"position\":1,\"name\":\"Accueil\",\"item\":\"https:\/\/paracherkaoui.ma\/\"},{\"@type\":\"ListItem\",\"position\":2,\"name\":\"Boutique\",\"item\":\"https:\/\/paracherkaoui.ma\/index.php\/boutique\/\"},{\"@type\":\"ListItem\",\"position\":3,\"name\":\"NOVEXPERT FLASH \u00c9CLAT MOUSSE NETTOYANTE 150 ML\"}]},{\"@type\":\"WebSite\",\"@id\":\"https:\/\/paracherkaoui.ma\/#website\",\"url\":\"https:\/\/paracherkaoui.ma\/\",\"name\":\"Paracherkaoui.ma\",\"description\":\"Achetez en ligne sur Paracherkaoui.ma\",\"potentialAction\":[{\"@type\":\"SearchAction\",\"target\":{\"@type\":\"EntryPoint\",\"urlTemplate\":\"https:\/\/paracherkaoui.ma\/?s={search_term_string}\"},\"query-input\":{\"@type\":\"PropertyValueSpecification\",\"valueRequired\":true,\"valueName\":\"search_term_string\"}}],\"inLanguage\":\"fr-FR\"}]}<\/script>\r\n<!-- \/ Yoast SEO plugin. -->","yoast_head_json":{"title":"NOVEXPERT FLASH \u00c9CLAT MOUSSE NETTOYANTE 150 ML - Paracherkaoui.ma","robots":{"index":"index","follow":"follow","max-snippet":"max-snippet:-1","max-image-preview":"max-image-preview:large","max-video-preview":"max-video-preview:-1"},"canonical":"https:\/\/paracherkaoui.ma\/index.php\/produit\/novexpert-flash-eclat-mousse-nettoyante-150-ml\/","og_locale":"fr_FR","og_type":"article","og_title":"NOVEXPERT FLASH \u00c9CLAT MOUSSE NETTOYANTE 150 ML - Paracherkaoui.ma","og_description":"DESCRIPTION : 1 seul geste pour 3 actions :\u00a0nettoyer, d\u00e9maquiller\u00a0et\u00a0exfolier. Chaque jour un effet \u2018\u2019peau neuve\u2018\u2019 Conseils d&rsquo;utilisation: Appliquez sur","og_url":"https:\/\/paracherkaoui.ma\/index.php\/produit\/novexpert-flash-eclat-mousse-nettoyante-150-ml\/","og_site_name":"Paracherkaoui.ma","article_modified_time":"2025-12-12T17:03:45+00:00","og_image":[{"width":700,"height":700,"url":"https:\/\/paracherkaoui.ma\/wp-content\/uploads\/2025\/12\/novexpert-novexpert-flash-eclat-mousse-nettoyante-150-ml-nettoyants-visage.jpg","type":"image\/jpeg"}],"twitter_card":"summary_large_image","schema":{"@context":"https:\/\/schema.org","@graph":[{"@type":"WebPage","@id":"https:\/\/paracherkaoui.ma\/index.php\/produit\/novexpert-flash-eclat-mousse-nettoyante-150-ml\/","url":"https:\/\/paracherkaoui.ma\/index.php\/produit\/novexpert-flash-eclat-mousse-nettoyante-150-ml\/","name":"NOVEXPERT FLASH \u00c9CLAT MOUSSE NETTOYANTE 150 ML - Paracherkaoui.ma","isPartOf":{"@id":"https:\/\/paracherkaoui.ma\/#website"},"primaryImageOfPage":{"@id":"https:\/\/paracherkaoui.ma\/index.php\/produit\/novexpert-flash-eclat-mousse-nettoyante-150-ml\/#primaryimage"},"image":{"@id":"https:\/\/paracherkaoui.ma\/index.php\/produit\/novexpert-flash-eclat-mousse-nettoyante-150-ml\/#primaryimage"},"thumbnailUrl":"https:\/\/paracherkaoui.ma\/wp-content\/uploads\/2025\/12\/novexpert-novexpert-flash-eclat-mousse-nettoyante-150-ml-nettoyants-visage.jpg","datePublished":"2025-12-12T17:03:43+00:00","dateModified":"2025-12-12T17:03:45+00:00","breadcrumb":{"@id":"https:\/\/paracherkaoui.ma\/index.php\/produit\/novexpert-flash-eclat-mousse-nettoyante-150-ml\/#breadcrumb"},"inLanguage":"fr-FR","potentialAction":[{"@type":"ReadAction","target":["https:\/\/paracherkaoui.ma\/index.php\/produit\/novexpert-flash-eclat-mousse-nettoyante-150-ml\/"]}]},{"@type":"ImageObject","inLanguage":"fr-FR","@id":"https:\/\/paracherkaoui.ma\/index.php\/produit\/novexpert-flash-eclat-mousse-nettoyante-150-ml\/#primaryimage","url":"https:\/\/paracherkaoui.ma\/wp-content\/uploads\/2025\/12\/novexpert-novexpert-flash-eclat-mousse-nettoyante-150-ml-nettoyants-visage.jpg","contentUrl":"https:\/\/paracherkaoui.ma\/wp-content\/uploads\/2025\/12\/novexpert-novexpert-flash-eclat-mousse-nettoyante-150-ml-nettoyants-visage.jpg","width":700,"height":700},{"@type":"BreadcrumbList","@id":"https:\/\/paracherkaoui.ma\/index.php\/produit\/novexpert-flash-eclat-mousse-nettoyante-150-ml\/#breadcrumb","itemListElement":[{"@type":"ListItem","position":1,"name":"Accueil","item":"https:\/\/paracherkaoui.ma\/"},{"@type":"ListItem","position":2,"name":"Boutique","item":"https:\/\/paracherkaoui.ma\/index.php\/boutique\/"},{"@type":"ListItem","position":3,"name":"NOVEXPERT FLASH \u00c9CLAT MOUSSE NETTOYANTE 150 ML"}]},{"@type":"WebSite","@id":"https:\/\/paracherkaoui.ma\/#website","url":"https:\/\/paracherkaoui.ma\/","name":"Paracherkaoui.ma","description":"Achetez en ligne sur Paracherkaoui.ma","potentialAction":[{"@type":"SearchAction","target":{"@type":"EntryPoint","urlTemplate":"https:\/\/paracherkaoui.ma\/?s={search_term_string}"},"query-input":{"@type":"PropertyValueSpecification","valueRequired":true,"valueName":"search_term_string"}}],"inLanguage":"fr-FR"}]}},"_links":{"self":[{"href":"https:\/\/paracherkaoui.ma\/index.php\/wp-json\/wp\/v2\/product\/19753","targetHints":{"allow":["GET"]}}],"collection":[{"href":"https:\/\/paracherkaoui.ma\/index.php\/wp-json\/wp\/v2\/product"}],"about":[{"href":"https:\/\/paracherkaoui.ma\/index.php\/wp-json\/wp\/v2\/types\/product"}],"replies":[{"embeddable":true,"href":"https:\/\/paracherkaoui.ma\/index.php\/wp-json\/wp\/v2\/comments?post=19753"}],"version-history":[{"count":1,"href":"https:\/\/paracherkaoui.ma\/index.php\/wp-json\/wp\/v2\/product\/19753\/revisions"}],"predecessor-version":[{"id":19790,"href":"https:\/\/paracherkaoui.ma\/index.php\/wp-json\/wp\/v2\/product\/19753\/revisions\/19790"}],"wp:featuredmedia":[{"embeddable":true,"href":"https:\/\/paracherkaoui.ma\/index.php\/wp-json\/wp\/v2\/media\/19789"}],"wp:attachment":[{"href":"https:\/\/paracherkaoui.ma\/index.php\/wp-json\/wp\/v2\/media?parent=19753"}],"wp:term":[{"taxonomy":"product_brand","embeddable":true,"href":"https:\/\/paracherkaoui.ma\/index.php\/wp-json\/wp\/v2\/product_brand?post=19753"},{"taxonomy":"product_cat","embeddable":true,"href":"https:\/\/paracherkaoui.ma\/index.php\/wp-json\/wp\/v2\/product_cat?post=19753"},{"taxonomy":"product_tag","embeddable":true,"href":"https:\/\/paracherkaoui.ma\/index.php\/wp-json\/wp\/v2\/product_tag?post=19753"}],"curies":[{"name":"wp","href":"https:\/\/api.w.org\/{rel}","templated":true}]}}