{"id":19745,"date":"2025-12-12T18:03:42","date_gmt":"2025-12-12T17:03:42","guid":{"rendered":"https:\/\/test.ecbeaute.com\/?post_type=product&#038;p=19745"},"modified":"2025-12-12T18:03:44","modified_gmt":"2025-12-12T17:03:44","slug":"cerave-creme-lavante-hydratante-473-ml-4","status":"publish","type":"product","link":"https:\/\/paracherkaoui.ma\/index.php\/produit\/cerave-creme-lavante-hydratante-473-ml-4\/","title":{"rendered":"CERAVE CREME LAVANTE HYDRATANTE 473 ML"},"content":{"rendered":"<p>.elementor-212 .elementor-element.elementor-element-78ddc643 .elementor-tab-title, .elementor-212 .elementor-element.elementor-element-78ddc643 .elementor-tab-title:before, .elementor-212 .elementor-element.elementor-element-78ddc643 .elementor-tab-title:after, .elementor-212 .elementor-element.elementor-element-78ddc643 .elementor-tab-content, .elementor-212 .elementor-element.elementor-element-78ddc643 .elementor-tabs-content-wrapper{border-width:0.5px;}.elementor-212 .elementor-element.elementor-element-78ddc643 .elementor-tab-title{color:#000000;}.elementor-212 .elementor-element.elementor-element-78ddc643 .elementor-tab-title.elementor-active{color:#00a28d;}.elementor-212 .elementor-element.elementor-element-78ddc643 .elementor-tab-content{color:#000000;}.elementor-212 .elementor-element.elementor-element-76fdd541{margin-top:-16px;margin-bottom:0px;}.elementor-212 .elementor-element.elementor-element-1b24846b > .elementor-widget-container{margin:-8px 0px 0px 0px;}.elementor-212 .elementor-element.elementor-element-45e0e792 > .elementor-widget-container{margin:-8px 0px 0px 0px;}.elementor-212 .elementor-element.elementor-element-1101063e > .elementor-widget-container{margin:-8px 0px 0px 0px;}.elementor-212 .elementor-element.elementor-element-271a91c7 > .elementor-widget-container{margin:-8px 0px 0px 0px;}.elementor-212 .elementor-element.elementor-element-edf16c6 > .elementor-widget-container{margin:-8px 0px 0px 0px;}.elementor-212 .elementor-element.elementor-element-30c4850b > .elementor-widget-container{margin:-8px 0px 0px 0px;}.elementor-212 .elementor-element.elementor-element-cec6269 > .elementor-element-populated{margin:54px 0px 0px 0px;}.elementor-212 .elementor-element.elementor-element-5b3b4a99{margin-top:-16px;margin-bottom:0px;}.elementor-212 .elementor-element.elementor-element-73a2c33f > .elementor-widget-container{margin:-46px 0px 0px 0px;}.elementor-212 .elementor-element.elementor-element-2f330755 > .elementor-widget-container{margin:-46px 0px 0px 0px;}.elementor-212 .elementor-element.elementor-element-309d111e > .elementor-widget-container{margin:-46px 0px 0px 0px;}.elementor-212 .elementor-element.elementor-element-18bd76e .axps-swiper-slider .swiper-slide img{width:auto;}.elementor-212 .elementor-element.elementor-element-18bd76e .wrapper-items:not(.swiper-container-initialized) .item{-ms-flex:0 0 calc(100%\/2);flex:0 0 calc(100%\/2);max-width:calc(100%\/2);}.elementor-212 .elementor-element.elementor-element-18bd76e .wrapper-items .swiper-slide{padding-left:calc(30px\/2);padding-right:calc(30px\/2);}.elementor-212 .elementor-element.elementor-element-18bd76e .wrapper-items .swiper-slide .item-inner{margin-bottom:30px;}.elementor-212 .elementor-element.elementor-element-18bd76e .wrapper-items{margin-left:calc(-30px\/2);margin-right:calc(-30px\/2);}.elementor-212 .elementor-element.elementor-element-18bd76e .swiper-wrapper .item-inner{text-align:center;}@media(max-width:1024px){.elementor-212 .elementor-element.elementor-element-1b24846b > .elementor-widget-container{margin:-33px 0px 0px 0px;}.elementor-212 .elementor-element.elementor-element-45e0e792 > .elementor-widget-container{margin:-33px 0px 0px 0px;}.elementor-212 .elementor-element.elementor-element-1101063e > .elementor-widget-container{margin:-33px 0px 0px 0px;}.elementor-212 .elementor-element.elementor-element-271a91c7 > .elementor-widget-container{margin:-33px 0px 0px 0px;}.elementor-212 .elementor-element.elementor-element-edf16c6 > .elementor-widget-container{margin:-33px 0px 0px 0px;}.elementor-212 .elementor-element.elementor-element-30c4850b > .elementor-widget-container{margin:-33px 0px 0px 0px;}.elementor-212 .elementor-element.elementor-element-73a2c33f > .elementor-widget-container{margin:-33px 0px 0px 0px;}.elementor-212 .elementor-element.elementor-element-2f330755 > .elementor-widget-container{margin:-33px 0px 0px 0px;}.elementor-212 .elementor-element.elementor-element-309d111e > .elementor-widget-container{margin:-33px 0px 0px 0px;}.elementor-212 .elementor-element.elementor-element-18bd76e .wrapper-items:not(.swiper-container-initialized) .item{-ms-flex:0 0 calc(100%\/2);flex:0 0 calc(100%\/2);max-width:calc(100%\/2);}.elementor-212 .elementor-element.elementor-element-18bd76e .wrapper-items .swiper-slide{padding-left:calc(20px\/2);padding-right:calc(20px\/2);}.elementor-212 .elementor-element.elementor-element-18bd76e .wrapper-items .swiper-slide .item-inner{margin-bottom:20px;}.elementor-212 .elementor-element.elementor-element-18bd76e .wrapper-items{margin-left:calc(-20px\/2);margin-right:calc(-20px\/2);}}@media(max-width:767px){.elementor-212 .elementor-element.elementor-element-3f463f0c{width:50%;}.elementor-212 .elementor-element.elementor-element-1b24846b > .elementor-widget-container{margin:-26px 0px 0px 0px;}.elementor-212 .elementor-element.elementor-element-1ec62cbd{width:50%;}.elementor-212 .elementor-element.elementor-element-45e0e792 > .elementor-widget-container{margin:-26px 0px 0px 0px;}.elementor-212 .elementor-element.elementor-element-2f1767df{width:50%;}.elementor-212 .elementor-element.elementor-element-1101063e > .elementor-widget-container{margin:-26px 0px 0px 0px;}.elementor-212 .elementor-element.elementor-element-5851fbba{width:50%;}.elementor-212 .elementor-element.elementor-element-271a91c7 > .elementor-widget-container{margin:-26px 0px 0px 0px;}.elementor-212 .elementor-element.elementor-element-69e4cd78{width:50%;}.elementor-212 .elementor-element.elementor-element-edf16c6 > .elementor-widget-container{margin:-26px 0px 0px 0px;}.elementor-212 .elementor-element.elementor-element-1473ea0e{width:50%;}.elementor-212 .elementor-element.elementor-element-30c4850b > .elementor-widget-container{margin:-26px 0px 0px 0px;}.elementor-212 .elementor-element.elementor-element-579e22f1{width:50%;}.elementor-212 .elementor-element.elementor-element-73a2c33f > .elementor-widget-container{margin:-26px 0px 0px 0px;}.elementor-212 .elementor-element.elementor-element-728d2200{width:50%;}.elementor-212 .elementor-element.elementor-element-2f330755 > .elementor-widget-container{margin:-26px 0px 0px 0px;}.elementor-212 .elementor-element.elementor-element-f07fa30{width:50%;}.elementor-212 .elementor-element.elementor-element-309d111e > .elementor-widget-container{margin:-26px 0px 0px 0px;}.elementor-212 .elementor-element.elementor-element-18bd76e .wrapper-items:not(.swiper-container-initialized) .item{-ms-flex:0 0 calc(100%\/1);flex:0 0 calc(100%\/1);max-width:calc(100%\/1);}.elementor-212 .elementor-element.elementor-element-18bd76e .wrapper-items .swiper-slide{padding-left:calc(10px\/2);padding-right:calc(10px\/2);}.elementor-212 .elementor-element.elementor-element-18bd76e .wrapper-items .swiper-slide .item-inner{margin-bottom:10px;}.elementor-212 .elementor-element.elementor-element-18bd76e .wrapper-items{margin-left:calc(-10px\/2);margin-right:calc(-10px\/2);}}<br \/>\nDescription<br \/>\nConseils d&rsquo;utilisation<br \/>\nComposition<br \/>\nDescription<br \/>\nSa texture cr\u00e9meuse et non moussante glisse d\u00e9licatement sur la peau pour \u00e9liminer les impuret\u00e9s sans provoquer d\u2019irritation ni dess\u00e9cher l&rsquo;\u00e9piderme. Gr\u00e2ce \u00e0 une association unique de trois c\u00e9ramides essentiels (1, 3 et 6-II) et d\u2019acide hyaluronique, la barri\u00e8re cutan\u00e9e est renforc\u00e9e, r\u00e9par\u00e9e et prot\u00e9g\u00e9e, tout en maintenant un niveau optimal d\u2019hydratation pendant 24 heures, gr\u00e2ce \u00e0 la technologie brevet\u00e9e MVE.<br \/>\nSans parfum, hypoallerg\u00e9nique et non-com\u00e9dog\u00e8ne, cette cr\u00e8me lavante convient \u00e0 toute la famille, m\u00eame aux peaux sensibles ou sujettes \u00e0 l\u2019ecz\u00e9ma. Elle peut \u00eatre utilis\u00e9e aussi bien sur le visage que sur le corps, pour une routine simple, efficace et ultra-douce. R\u00e9sultat : une peau propre, douce, souple et apais\u00e9e jour apr\u00e8s jour.<br \/>\nAdopt\u00e9e et approuv\u00e9e par les membres de l\u2019Association Fran\u00e7aise de l\u2019Ecz\u00e9ma, cette cr\u00e8me lavante hydratante est le geste quotidien incontournable pour maintenir une peau saine et confortable, sans agression.<br \/>\nConseils d&rsquo;utilisation<br \/>\nAppliquez quotidiennement sous la douche sur peau humide.<br \/>\nD\u00e9posez une noisette de cr\u00e8me dans vos mains.<br \/>\nMassez d\u00e9licatement sur le visage et le corps, en \u00e9vitant le contour des yeux.<br \/>\nRincez soigneusement \u00e0 l\u2019eau claire.<br \/>\nS\u00e9chez votre peau en tapotant avec une serviette douce.<br \/>\nAstuce : pour un confort optimal, appliquez ensuite un soin hydratant CeraVe.<br \/>\nComposition<br \/>\nAqua\/Water, Glycerin, Cetearyl Alcohol, Phenoxyethanol, Stearyl Alcohol, Cetyl Alcohol, PEG-40 Stearate, Behentrimonium Methosulfate, Glyceryl Stearate, Polysorbate 20, Ethylhexylglycerin, Potassium Phosphate, Disodium EDTA, Dipotassium Phosphate, Sodium Lauroyl Lactylate, Ceramide NP, Ceramide AP, Phytosphingosine, Cholesterol, Sodium Hyaluronate, Xanthan Gum, Carbomer, Tocopherol, Ceramide EOP<br \/>\nAjouter au Panier<br \/>\nAjouter au Panier<br \/>\nAjouter au Panier<br \/>\nAjouter au Panier<br \/>\nAjouter au Panier<br \/>\nAjouter au Panier<br \/>\nAjouter au Panier<br \/>\nAjouter au Panier<br \/>\nAjouter au Panier<\/p>\n","protected":false},"excerpt":{"rendered":"<p>.elementor-212 .elementor-element.elementor-element-78ddc643 .elementor-tab-title, .elementor-212 .elementor-element.elementor-element-78ddc643 .elementor-tab-title:before, .elementor-212 .elementor-element.elementor-element-78ddc643 .elementor-tab-title:after, .elementor-212 .elementor-element.elementor-element-78ddc643 .elementor-tab-content, .elementor-212 .elementor-element.elementor-element-78ddc643 .elementor-tabs-content-wrapper{border-width:0.5px;}.elementor-212 .elementor-element.elementor-element-78ddc643 .elementor-tab-title{color:#000000;}.elementor-212 .elementor-element.elementor-element-78ddc643 .elementor-tab-title.elementor-active{color:#00a28d;}.elementor-212 .elementor-element.elementor-element-78ddc643<\/p>\n","protected":false},"featured_media":11061,"comment_status":"open","ping_status":"closed","template":"","meta":[],"product_brand":[131],"product_cat":[346],"product_tag":[],"class_list":{"0":"post-19745","1":"product","2":"type-product","3":"status-publish","4":"has-post-thumbnail","6":"product_brand-cerave","7":"product_cat-demaquillants-et-nettoyants","9":"first","10":"instock","11":"sale","12":"shipping-taxable","13":"purchasable","14":"product-type-simple"},"yoast_head":"<!-- This site is optimized with the Yoast SEO plugin v26.6 - https:\/\/yoast.com\/wordpress\/plugins\/seo\/ -->\r\n<title>CERAVE CREME LAVANTE HYDRATANTE 473 ML - Paracherkaoui.ma<\/title>\r\n<meta name=\"robots\" content=\"index, follow, max-snippet:-1, max-image-preview:large, max-video-preview:-1\" \/>\r\n<link rel=\"canonical\" href=\"https:\/\/paracherkaoui.ma\/index.php\/produit\/cerave-creme-lavante-hydratante-473-ml-4\/\" \/>\r\n<meta property=\"og:locale\" content=\"fr_FR\" \/>\r\n<meta property=\"og:type\" content=\"article\" \/>\r\n<meta property=\"og:title\" content=\"CERAVE CREME LAVANTE HYDRATANTE 473 ML - Paracherkaoui.ma\" \/>\r\n<meta property=\"og:description\" content=\".elementor-212 .elementor-element.elementor-element-78ddc643 .elementor-tab-title, .elementor-212 .elementor-element.elementor-element-78ddc643 .elementor-tab-title:before, .elementor-212 .elementor-element.elementor-element-78ddc643 .elementor-tab-title:after, .elementor-212 .elementor-element.elementor-element-78ddc643 .elementor-tab-content, .elementor-212 .elementor-element.elementor-element-78ddc643 .elementor-tabs-content-wrapper{border-width:0.5px;}.elementor-212 .elementor-element.elementor-element-78ddc643 .elementor-tab-title{color:#000000;}.elementor-212 .elementor-element.elementor-element-78ddc643 .elementor-tab-title.elementor-active{color:#00a28d;}.elementor-212 .elementor-element.elementor-element-78ddc643\" \/>\r\n<meta property=\"og:url\" content=\"https:\/\/paracherkaoui.ma\/index.php\/produit\/cerave-creme-lavante-hydratante-473-ml-4\/\" \/>\r\n<meta property=\"og:site_name\" content=\"Paracherkaoui.ma\" \/>\r\n<meta property=\"article:modified_time\" content=\"2025-12-12T17:03:44+00:00\" \/>\r\n<meta property=\"og:image\" content=\"https:\/\/paracherkaoui.ma\/wp-content\/uploads\/2025\/12\/cerave-cerave-creme-lavante-hydratante-473-ml-accueil.jpg\" \/>\r\n\t<meta property=\"og:image:width\" content=\"700\" \/>\r\n\t<meta property=\"og:image:height\" content=\"700\" \/>\r\n\t<meta property=\"og:image:type\" content=\"image\/jpeg\" \/>\r\n<meta name=\"twitter:card\" content=\"summary_large_image\" \/>\r\n<meta name=\"twitter:label1\" content=\"Dur\u00e9e de lecture estim\u00e9e\" \/>\n\t<meta name=\"twitter:data1\" content=\"5 minutes\" \/>\r\n<script type=\"application\/ld+json\" class=\"yoast-schema-graph\">{\"@context\":\"https:\/\/schema.org\",\"@graph\":[{\"@type\":\"WebPage\",\"@id\":\"https:\/\/paracherkaoui.ma\/index.php\/produit\/cerave-creme-lavante-hydratante-473-ml-4\/\",\"url\":\"https:\/\/paracherkaoui.ma\/index.php\/produit\/cerave-creme-lavante-hydratante-473-ml-4\/\",\"name\":\"CERAVE CREME LAVANTE HYDRATANTE 473 ML - Paracherkaoui.ma\",\"isPartOf\":{\"@id\":\"https:\/\/paracherkaoui.ma\/#website\"},\"primaryImageOfPage\":{\"@id\":\"https:\/\/paracherkaoui.ma\/index.php\/produit\/cerave-creme-lavante-hydratante-473-ml-4\/#primaryimage\"},\"image\":{\"@id\":\"https:\/\/paracherkaoui.ma\/index.php\/produit\/cerave-creme-lavante-hydratante-473-ml-4\/#primaryimage\"},\"thumbnailUrl\":\"https:\/\/paracherkaoui.ma\/wp-content\/uploads\/2025\/12\/cerave-cerave-creme-lavante-hydratante-473-ml-accueil.jpg\",\"datePublished\":\"2025-12-12T17:03:42+00:00\",\"dateModified\":\"2025-12-12T17:03:44+00:00\",\"breadcrumb\":{\"@id\":\"https:\/\/paracherkaoui.ma\/index.php\/produit\/cerave-creme-lavante-hydratante-473-ml-4\/#breadcrumb\"},\"inLanguage\":\"fr-FR\",\"potentialAction\":[{\"@type\":\"ReadAction\",\"target\":[\"https:\/\/paracherkaoui.ma\/index.php\/produit\/cerave-creme-lavante-hydratante-473-ml-4\/\"]}]},{\"@type\":\"ImageObject\",\"inLanguage\":\"fr-FR\",\"@id\":\"https:\/\/paracherkaoui.ma\/index.php\/produit\/cerave-creme-lavante-hydratante-473-ml-4\/#primaryimage\",\"url\":\"https:\/\/paracherkaoui.ma\/wp-content\/uploads\/2025\/12\/cerave-cerave-creme-lavante-hydratante-473-ml-accueil.jpg\",\"contentUrl\":\"https:\/\/paracherkaoui.ma\/wp-content\/uploads\/2025\/12\/cerave-cerave-creme-lavante-hydratante-473-ml-accueil.jpg\",\"width\":700,\"height\":700},{\"@type\":\"BreadcrumbList\",\"@id\":\"https:\/\/paracherkaoui.ma\/index.php\/produit\/cerave-creme-lavante-hydratante-473-ml-4\/#breadcrumb\",\"itemListElement\":[{\"@type\":\"ListItem\",\"position\":1,\"name\":\"Accueil\",\"item\":\"https:\/\/paracherkaoui.ma\/\"},{\"@type\":\"ListItem\",\"position\":2,\"name\":\"Boutique\",\"item\":\"https:\/\/paracherkaoui.ma\/index.php\/boutique\/\"},{\"@type\":\"ListItem\",\"position\":3,\"name\":\"CERAVE CREME LAVANTE HYDRATANTE 473 ML\"}]},{\"@type\":\"WebSite\",\"@id\":\"https:\/\/paracherkaoui.ma\/#website\",\"url\":\"https:\/\/paracherkaoui.ma\/\",\"name\":\"Paracherkaoui.ma\",\"description\":\"Achetez en ligne sur Paracherkaoui.ma\",\"potentialAction\":[{\"@type\":\"SearchAction\",\"target\":{\"@type\":\"EntryPoint\",\"urlTemplate\":\"https:\/\/paracherkaoui.ma\/?s={search_term_string}\"},\"query-input\":{\"@type\":\"PropertyValueSpecification\",\"valueRequired\":true,\"valueName\":\"search_term_string\"}}],\"inLanguage\":\"fr-FR\"}]}<\/script>\r\n<!-- \/ Yoast SEO plugin. -->","yoast_head_json":{"title":"CERAVE CREME LAVANTE HYDRATANTE 473 ML - Paracherkaoui.ma","robots":{"index":"index","follow":"follow","max-snippet":"max-snippet:-1","max-image-preview":"max-image-preview:large","max-video-preview":"max-video-preview:-1"},"canonical":"https:\/\/paracherkaoui.ma\/index.php\/produit\/cerave-creme-lavante-hydratante-473-ml-4\/","og_locale":"fr_FR","og_type":"article","og_title":"CERAVE CREME LAVANTE HYDRATANTE 473 ML - Paracherkaoui.ma","og_description":".elementor-212 .elementor-element.elementor-element-78ddc643 .elementor-tab-title, .elementor-212 .elementor-element.elementor-element-78ddc643 .elementor-tab-title:before, .elementor-212 .elementor-element.elementor-element-78ddc643 .elementor-tab-title:after, .elementor-212 .elementor-element.elementor-element-78ddc643 .elementor-tab-content, .elementor-212 .elementor-element.elementor-element-78ddc643 .elementor-tabs-content-wrapper{border-width:0.5px;}.elementor-212 .elementor-element.elementor-element-78ddc643 .elementor-tab-title{color:#000000;}.elementor-212 .elementor-element.elementor-element-78ddc643 .elementor-tab-title.elementor-active{color:#00a28d;}.elementor-212 .elementor-element.elementor-element-78ddc643","og_url":"https:\/\/paracherkaoui.ma\/index.php\/produit\/cerave-creme-lavante-hydratante-473-ml-4\/","og_site_name":"Paracherkaoui.ma","article_modified_time":"2025-12-12T17:03:44+00:00","og_image":[{"width":700,"height":700,"url":"https:\/\/paracherkaoui.ma\/wp-content\/uploads\/2025\/12\/cerave-cerave-creme-lavante-hydratante-473-ml-accueil.jpg","type":"image\/jpeg"}],"twitter_card":"summary_large_image","twitter_misc":{"Dur\u00e9e de lecture estim\u00e9e":"5 minutes"},"schema":{"@context":"https:\/\/schema.org","@graph":[{"@type":"WebPage","@id":"https:\/\/paracherkaoui.ma\/index.php\/produit\/cerave-creme-lavante-hydratante-473-ml-4\/","url":"https:\/\/paracherkaoui.ma\/index.php\/produit\/cerave-creme-lavante-hydratante-473-ml-4\/","name":"CERAVE CREME LAVANTE HYDRATANTE 473 ML - Paracherkaoui.ma","isPartOf":{"@id":"https:\/\/paracherkaoui.ma\/#website"},"primaryImageOfPage":{"@id":"https:\/\/paracherkaoui.ma\/index.php\/produit\/cerave-creme-lavante-hydratante-473-ml-4\/#primaryimage"},"image":{"@id":"https:\/\/paracherkaoui.ma\/index.php\/produit\/cerave-creme-lavante-hydratante-473-ml-4\/#primaryimage"},"thumbnailUrl":"https:\/\/paracherkaoui.ma\/wp-content\/uploads\/2025\/12\/cerave-cerave-creme-lavante-hydratante-473-ml-accueil.jpg","datePublished":"2025-12-12T17:03:42+00:00","dateModified":"2025-12-12T17:03:44+00:00","breadcrumb":{"@id":"https:\/\/paracherkaoui.ma\/index.php\/produit\/cerave-creme-lavante-hydratante-473-ml-4\/#breadcrumb"},"inLanguage":"fr-FR","potentialAction":[{"@type":"ReadAction","target":["https:\/\/paracherkaoui.ma\/index.php\/produit\/cerave-creme-lavante-hydratante-473-ml-4\/"]}]},{"@type":"ImageObject","inLanguage":"fr-FR","@id":"https:\/\/paracherkaoui.ma\/index.php\/produit\/cerave-creme-lavante-hydratante-473-ml-4\/#primaryimage","url":"https:\/\/paracherkaoui.ma\/wp-content\/uploads\/2025\/12\/cerave-cerave-creme-lavante-hydratante-473-ml-accueil.jpg","contentUrl":"https:\/\/paracherkaoui.ma\/wp-content\/uploads\/2025\/12\/cerave-cerave-creme-lavante-hydratante-473-ml-accueil.jpg","width":700,"height":700},{"@type":"BreadcrumbList","@id":"https:\/\/paracherkaoui.ma\/index.php\/produit\/cerave-creme-lavante-hydratante-473-ml-4\/#breadcrumb","itemListElement":[{"@type":"ListItem","position":1,"name":"Accueil","item":"https:\/\/paracherkaoui.ma\/"},{"@type":"ListItem","position":2,"name":"Boutique","item":"https:\/\/paracherkaoui.ma\/index.php\/boutique\/"},{"@type":"ListItem","position":3,"name":"CERAVE CREME LAVANTE HYDRATANTE 473 ML"}]},{"@type":"WebSite","@id":"https:\/\/paracherkaoui.ma\/#website","url":"https:\/\/paracherkaoui.ma\/","name":"Paracherkaoui.ma","description":"Achetez en ligne sur Paracherkaoui.ma","potentialAction":[{"@type":"SearchAction","target":{"@type":"EntryPoint","urlTemplate":"https:\/\/paracherkaoui.ma\/?s={search_term_string}"},"query-input":{"@type":"PropertyValueSpecification","valueRequired":true,"valueName":"search_term_string"}}],"inLanguage":"fr-FR"}]}},"_links":{"self":[{"href":"https:\/\/paracherkaoui.ma\/index.php\/wp-json\/wp\/v2\/product\/19745","targetHints":{"allow":["GET"]}}],"collection":[{"href":"https:\/\/paracherkaoui.ma\/index.php\/wp-json\/wp\/v2\/product"}],"about":[{"href":"https:\/\/paracherkaoui.ma\/index.php\/wp-json\/wp\/v2\/types\/product"}],"replies":[{"embeddable":true,"href":"https:\/\/paracherkaoui.ma\/index.php\/wp-json\/wp\/v2\/comments?post=19745"}],"version-history":[{"count":1,"href":"https:\/\/paracherkaoui.ma\/index.php\/wp-json\/wp\/v2\/product\/19745\/revisions"}],"predecessor-version":[{"id":19777,"href":"https:\/\/paracherkaoui.ma\/index.php\/wp-json\/wp\/v2\/product\/19745\/revisions\/19777"}],"wp:featuredmedia":[{"embeddable":true,"href":"https:\/\/paracherkaoui.ma\/index.php\/wp-json\/wp\/v2\/media\/11061"}],"wp:attachment":[{"href":"https:\/\/paracherkaoui.ma\/index.php\/wp-json\/wp\/v2\/media?parent=19745"}],"wp:term":[{"taxonomy":"product_brand","embeddable":true,"href":"https:\/\/paracherkaoui.ma\/index.php\/wp-json\/wp\/v2\/product_brand?post=19745"},{"taxonomy":"product_cat","embeddable":true,"href":"https:\/\/paracherkaoui.ma\/index.php\/wp-json\/wp\/v2\/product_cat?post=19745"},{"taxonomy":"product_tag","embeddable":true,"href":"https:\/\/paracherkaoui.ma\/index.php\/wp-json\/wp\/v2\/product_tag?post=19745"}],"curies":[{"name":"wp","href":"https:\/\/api.w.org\/{rel}","templated":true}]}}