{"id":19661,"date":"2025-12-12T18:03:35","date_gmt":"2025-12-12T17:03:35","guid":{"rendered":"https:\/\/test.ecbeaute.com\/?post_type=product&#038;p=19661"},"modified":"2025-12-12T18:03:38","modified_gmt":"2025-12-12T17:03:38","slug":"elcea-coloration-permanente-6-34-chatain-claire","status":"publish","type":"product","link":"https:\/\/paracherkaoui.ma\/index.php\/produit\/elcea-coloration-permanente-6-34-chatain-claire\/","title":{"rendered":"ELCEA COLORATION PERMANENTE 6.34 CHATAIN CLAIRE"},"content":{"rendered":"<p>Elc\u00e9a Coloration Experte Permanente 6. 34 chatain clair cuivr\u00e9 est formul\u00e9e sans ammoniaque, sans paraben, sans r\u00e9sorcine ni p-ph\u00e9nyl\u00e8nediamine. Sa composition respecte la nature du cheveu ainsi que la fragilit\u00e9 du cuir chevelu. Cette coloration cr\u00e8me permet de couvrir tous les cheveux blancs, et assure une tenue de longue dur\u00e9e. Couleur Blond Dor\u00e9.<\/p>\n","protected":false},"excerpt":{"rendered":"<p>Elc\u00e9a Coloration Experte Permanente 6. 34 chatain clair cuivr\u00e9 est formul\u00e9e sans ammoniaque, sans paraben, sans r\u00e9sorcine ni p-ph\u00e9nyl\u00e8nediamine. Sa<\/p>\n","protected":false},"featured_media":19698,"comment_status":"open","ping_status":"closed","template":"","meta":[],"product_brand":[344],"product_cat":[338],"product_tag":[],"class_list":{"0":"post-19661","1":"product","2":"type-product","3":"status-publish","4":"has-post-thumbnail","6":"product_brand-elcea","7":"product_cat-coloration-cheveux","9":"first","10":"instock","11":"sale","12":"shipping-taxable","13":"purchasable","14":"product-type-simple"},"yoast_head":"<!-- This site is optimized with the Yoast SEO plugin v26.6 - https:\/\/yoast.com\/wordpress\/plugins\/seo\/ -->\r\n<title>ELCEA COLORATION PERMANENTE 6.34 CHATAIN CLAIRE - Paracherkaoui.ma<\/title>\r\n<meta name=\"robots\" content=\"index, follow, max-snippet:-1, max-image-preview:large, max-video-preview:-1\" \/>\r\n<link rel=\"canonical\" href=\"https:\/\/paracherkaoui.ma\/index.php\/produit\/elcea-coloration-permanente-6-34-chatain-claire\/\" \/>\r\n<meta property=\"og:locale\" content=\"fr_FR\" \/>\r\n<meta property=\"og:type\" content=\"article\" \/>\r\n<meta property=\"og:title\" content=\"ELCEA COLORATION PERMANENTE 6.34 CHATAIN CLAIRE - Paracherkaoui.ma\" \/>\r\n<meta property=\"og:description\" content=\"Elc\u00e9a Coloration Experte Permanente 6. 34 chatain clair cuivr\u00e9 est formul\u00e9e sans ammoniaque, sans paraben, sans r\u00e9sorcine ni p-ph\u00e9nyl\u00e8nediamine. Sa\" \/>\r\n<meta property=\"og:url\" content=\"https:\/\/paracherkaoui.ma\/index.php\/produit\/elcea-coloration-permanente-6-34-chatain-claire\/\" \/>\r\n<meta property=\"og:site_name\" content=\"Paracherkaoui.ma\" \/>\r\n<meta property=\"article:modified_time\" content=\"2025-12-12T17:03:38+00:00\" \/>\r\n<meta property=\"og:image\" content=\"https:\/\/paracherkaoui.ma\/wp-content\/uploads\/2025\/12\/elcea-elcea-coloration-permanente-634-chatain-claire-coloration.jpg\" \/>\r\n\t<meta property=\"og:image:width\" content=\"700\" \/>\r\n\t<meta property=\"og:image:height\" content=\"700\" \/>\r\n\t<meta property=\"og:image:type\" content=\"image\/jpeg\" \/>\r\n<meta name=\"twitter:card\" content=\"summary_large_image\" \/>\r\n<script type=\"application\/ld+json\" class=\"yoast-schema-graph\">{\"@context\":\"https:\/\/schema.org\",\"@graph\":[{\"@type\":\"WebPage\",\"@id\":\"https:\/\/paracherkaoui.ma\/index.php\/produit\/elcea-coloration-permanente-6-34-chatain-claire\/\",\"url\":\"https:\/\/paracherkaoui.ma\/index.php\/produit\/elcea-coloration-permanente-6-34-chatain-claire\/\",\"name\":\"ELCEA COLORATION PERMANENTE 6.34 CHATAIN CLAIRE - Paracherkaoui.ma\",\"isPartOf\":{\"@id\":\"https:\/\/paracherkaoui.ma\/#website\"},\"primaryImageOfPage\":{\"@id\":\"https:\/\/paracherkaoui.ma\/index.php\/produit\/elcea-coloration-permanente-6-34-chatain-claire\/#primaryimage\"},\"image\":{\"@id\":\"https:\/\/paracherkaoui.ma\/index.php\/produit\/elcea-coloration-permanente-6-34-chatain-claire\/#primaryimage\"},\"thumbnailUrl\":\"https:\/\/paracherkaoui.ma\/wp-content\/uploads\/2025\/12\/elcea-elcea-coloration-permanente-634-chatain-claire-coloration.jpg\",\"datePublished\":\"2025-12-12T17:03:35+00:00\",\"dateModified\":\"2025-12-12T17:03:38+00:00\",\"breadcrumb\":{\"@id\":\"https:\/\/paracherkaoui.ma\/index.php\/produit\/elcea-coloration-permanente-6-34-chatain-claire\/#breadcrumb\"},\"inLanguage\":\"fr-FR\",\"potentialAction\":[{\"@type\":\"ReadAction\",\"target\":[\"https:\/\/paracherkaoui.ma\/index.php\/produit\/elcea-coloration-permanente-6-34-chatain-claire\/\"]}]},{\"@type\":\"ImageObject\",\"inLanguage\":\"fr-FR\",\"@id\":\"https:\/\/paracherkaoui.ma\/index.php\/produit\/elcea-coloration-permanente-6-34-chatain-claire\/#primaryimage\",\"url\":\"https:\/\/paracherkaoui.ma\/wp-content\/uploads\/2025\/12\/elcea-elcea-coloration-permanente-634-chatain-claire-coloration.jpg\",\"contentUrl\":\"https:\/\/paracherkaoui.ma\/wp-content\/uploads\/2025\/12\/elcea-elcea-coloration-permanente-634-chatain-claire-coloration.jpg\",\"width\":700,\"height\":700},{\"@type\":\"BreadcrumbList\",\"@id\":\"https:\/\/paracherkaoui.ma\/index.php\/produit\/elcea-coloration-permanente-6-34-chatain-claire\/#breadcrumb\",\"itemListElement\":[{\"@type\":\"ListItem\",\"position\":1,\"name\":\"Accueil\",\"item\":\"https:\/\/paracherkaoui.ma\/\"},{\"@type\":\"ListItem\",\"position\":2,\"name\":\"Boutique\",\"item\":\"https:\/\/paracherkaoui.ma\/index.php\/boutique\/\"},{\"@type\":\"ListItem\",\"position\":3,\"name\":\"ELCEA COLORATION PERMANENTE 6.34 CHATAIN CLAIRE\"}]},{\"@type\":\"WebSite\",\"@id\":\"https:\/\/paracherkaoui.ma\/#website\",\"url\":\"https:\/\/paracherkaoui.ma\/\",\"name\":\"Paracherkaoui.ma\",\"description\":\"Achetez en ligne sur Paracherkaoui.ma\",\"potentialAction\":[{\"@type\":\"SearchAction\",\"target\":{\"@type\":\"EntryPoint\",\"urlTemplate\":\"https:\/\/paracherkaoui.ma\/?s={search_term_string}\"},\"query-input\":{\"@type\":\"PropertyValueSpecification\",\"valueRequired\":true,\"valueName\":\"search_term_string\"}}],\"inLanguage\":\"fr-FR\"}]}<\/script>\r\n<!-- \/ Yoast SEO plugin. -->","yoast_head_json":{"title":"ELCEA COLORATION PERMANENTE 6.34 CHATAIN CLAIRE - Paracherkaoui.ma","robots":{"index":"index","follow":"follow","max-snippet":"max-snippet:-1","max-image-preview":"max-image-preview:large","max-video-preview":"max-video-preview:-1"},"canonical":"https:\/\/paracherkaoui.ma\/index.php\/produit\/elcea-coloration-permanente-6-34-chatain-claire\/","og_locale":"fr_FR","og_type":"article","og_title":"ELCEA COLORATION PERMANENTE 6.34 CHATAIN CLAIRE - Paracherkaoui.ma","og_description":"Elc\u00e9a Coloration Experte Permanente 6. 34 chatain clair cuivr\u00e9 est formul\u00e9e sans ammoniaque, sans paraben, sans r\u00e9sorcine ni p-ph\u00e9nyl\u00e8nediamine. Sa","og_url":"https:\/\/paracherkaoui.ma\/index.php\/produit\/elcea-coloration-permanente-6-34-chatain-claire\/","og_site_name":"Paracherkaoui.ma","article_modified_time":"2025-12-12T17:03:38+00:00","og_image":[{"width":700,"height":700,"url":"https:\/\/paracherkaoui.ma\/wp-content\/uploads\/2025\/12\/elcea-elcea-coloration-permanente-634-chatain-claire-coloration.jpg","type":"image\/jpeg"}],"twitter_card":"summary_large_image","schema":{"@context":"https:\/\/schema.org","@graph":[{"@type":"WebPage","@id":"https:\/\/paracherkaoui.ma\/index.php\/produit\/elcea-coloration-permanente-6-34-chatain-claire\/","url":"https:\/\/paracherkaoui.ma\/index.php\/produit\/elcea-coloration-permanente-6-34-chatain-claire\/","name":"ELCEA COLORATION PERMANENTE 6.34 CHATAIN CLAIRE - Paracherkaoui.ma","isPartOf":{"@id":"https:\/\/paracherkaoui.ma\/#website"},"primaryImageOfPage":{"@id":"https:\/\/paracherkaoui.ma\/index.php\/produit\/elcea-coloration-permanente-6-34-chatain-claire\/#primaryimage"},"image":{"@id":"https:\/\/paracherkaoui.ma\/index.php\/produit\/elcea-coloration-permanente-6-34-chatain-claire\/#primaryimage"},"thumbnailUrl":"https:\/\/paracherkaoui.ma\/wp-content\/uploads\/2025\/12\/elcea-elcea-coloration-permanente-634-chatain-claire-coloration.jpg","datePublished":"2025-12-12T17:03:35+00:00","dateModified":"2025-12-12T17:03:38+00:00","breadcrumb":{"@id":"https:\/\/paracherkaoui.ma\/index.php\/produit\/elcea-coloration-permanente-6-34-chatain-claire\/#breadcrumb"},"inLanguage":"fr-FR","potentialAction":[{"@type":"ReadAction","target":["https:\/\/paracherkaoui.ma\/index.php\/produit\/elcea-coloration-permanente-6-34-chatain-claire\/"]}]},{"@type":"ImageObject","inLanguage":"fr-FR","@id":"https:\/\/paracherkaoui.ma\/index.php\/produit\/elcea-coloration-permanente-6-34-chatain-claire\/#primaryimage","url":"https:\/\/paracherkaoui.ma\/wp-content\/uploads\/2025\/12\/elcea-elcea-coloration-permanente-634-chatain-claire-coloration.jpg","contentUrl":"https:\/\/paracherkaoui.ma\/wp-content\/uploads\/2025\/12\/elcea-elcea-coloration-permanente-634-chatain-claire-coloration.jpg","width":700,"height":700},{"@type":"BreadcrumbList","@id":"https:\/\/paracherkaoui.ma\/index.php\/produit\/elcea-coloration-permanente-6-34-chatain-claire\/#breadcrumb","itemListElement":[{"@type":"ListItem","position":1,"name":"Accueil","item":"https:\/\/paracherkaoui.ma\/"},{"@type":"ListItem","position":2,"name":"Boutique","item":"https:\/\/paracherkaoui.ma\/index.php\/boutique\/"},{"@type":"ListItem","position":3,"name":"ELCEA COLORATION PERMANENTE 6.34 CHATAIN CLAIRE"}]},{"@type":"WebSite","@id":"https:\/\/paracherkaoui.ma\/#website","url":"https:\/\/paracherkaoui.ma\/","name":"Paracherkaoui.ma","description":"Achetez en ligne sur Paracherkaoui.ma","potentialAction":[{"@type":"SearchAction","target":{"@type":"EntryPoint","urlTemplate":"https:\/\/paracherkaoui.ma\/?s={search_term_string}"},"query-input":{"@type":"PropertyValueSpecification","valueRequired":true,"valueName":"search_term_string"}}],"inLanguage":"fr-FR"}]}},"_links":{"self":[{"href":"https:\/\/paracherkaoui.ma\/index.php\/wp-json\/wp\/v2\/product\/19661","targetHints":{"allow":["GET"]}}],"collection":[{"href":"https:\/\/paracherkaoui.ma\/index.php\/wp-json\/wp\/v2\/product"}],"about":[{"href":"https:\/\/paracherkaoui.ma\/index.php\/wp-json\/wp\/v2\/types\/product"}],"replies":[{"embeddable":true,"href":"https:\/\/paracherkaoui.ma\/index.php\/wp-json\/wp\/v2\/comments?post=19661"}],"version-history":[{"count":1,"href":"https:\/\/paracherkaoui.ma\/index.php\/wp-json\/wp\/v2\/product\/19661\/revisions"}],"predecessor-version":[{"id":19699,"href":"https:\/\/paracherkaoui.ma\/index.php\/wp-json\/wp\/v2\/product\/19661\/revisions\/19699"}],"wp:featuredmedia":[{"embeddable":true,"href":"https:\/\/paracherkaoui.ma\/index.php\/wp-json\/wp\/v2\/media\/19698"}],"wp:attachment":[{"href":"https:\/\/paracherkaoui.ma\/index.php\/wp-json\/wp\/v2\/media?parent=19661"}],"wp:term":[{"taxonomy":"product_brand","embeddable":true,"href":"https:\/\/paracherkaoui.ma\/index.php\/wp-json\/wp\/v2\/product_brand?post=19661"},{"taxonomy":"product_cat","embeddable":true,"href":"https:\/\/paracherkaoui.ma\/index.php\/wp-json\/wp\/v2\/product_cat?post=19661"},{"taxonomy":"product_tag","embeddable":true,"href":"https:\/\/paracherkaoui.ma\/index.php\/wp-json\/wp\/v2\/product_tag?post=19661"}],"curies":[{"name":"wp","href":"https:\/\/api.w.org\/{rel}","templated":true}]}}