{"id":18738,"date":"2025-12-12T18:01:44","date_gmt":"2025-12-12T17:01:44","guid":{"rendered":"https:\/\/test.ecbeaute.com\/?post_type=product&#038;p=18738"},"modified":"2025-12-12T18:01:47","modified_gmt":"2025-12-12T17:01:47","slug":"ecrinal-soins-cappilaires-shampooing-anti-pelliculaire-200-ml","status":"publish","type":"product","link":"https:\/\/paracherkaoui.ma\/index.php\/produit\/ecrinal-soins-cappilaires-shampooing-anti-pelliculaire-200-ml\/","title":{"rendered":"ECRINAL SOINS CAPPILAIRES SHAMPOOING ANTI PELLICULAIRE 200 ML"},"content":{"rendered":"<p>Les pellicules sont souvent le r\u00e9sultat d&rsquo;un renouvellement cellulaire acc\u00e9l\u00e9r\u00e9 du cuir chevelu, caus\u00e9 par divers facteurs comme l&rsquo;utilisation de produits agressifs, le stress, un d\u00e9r\u00e8glement hormonal ou m\u00eame une r\u00e9action allergique. Elles se manifestent par des squames visibles, de couleur gris\u00e2tre ou jaun\u00e2tre, pouvant \u00eatre pr\u00e9sentes sur des cuirs chevelus secs ou gras. ECRINAL Anti pelliculaire est sp\u00e9cialement formul\u00e9 pour r\u00e9pondre \u00e0 ces probl\u00e8mes, en offrant une action purifiante et apaisante.<br \/>\nL\u2019efficacit\u00e9 de ce shampooing repose sur la Piroctone Olamine, reconnue pour son action antifongique et antibact\u00e9rienne, qui aide \u00e0 \u00e9liminer les pellicules et \u00e0 apaiser les d\u00e9mangeaisons. Le D-Panth\u00e9nol, \u00e9galement connu sous le nom de pro-vitamine B5, hydrate et renforce les cheveux, tandis que l\u2019Undecylamidopropyl Beta\u00efne, un tensioactif doux, nettoie d\u00e9licatement sans agresser le cuir chevelu.<br \/>\nCe shampooing est non seulement efficace mais aussi agr\u00e9able \u00e0 utiliser. Sa texture douce facilite l&rsquo;application et offre une exp\u00e9rience sensorielle agr\u00e9able. Formul\u00e9 sous contr\u00f4le dermatologique, il est adapt\u00e9 aux cuirs chevelus sensibles, garantissant un nettoyage en profondeur sans irriter la peau.<br \/>\nConseils d&rsquo;utilisation<br \/>\nPour\u00a0obtenir les meilleurs r\u00e9sultats, il est recommand\u00e9 d&rsquo;utiliser ce shampooing trois fois par semaine. Appliquez une petite quantit\u00e9 sur les cheveux mouill\u00e9s, massez l\u00e9g\u00e8rement le cuir chevelu pour bien r\u00e9partir le produit, puis rincez abondamment. Ce rituel r\u00e9gulier aidera \u00e0 maintenir votre cuir chevelu purifi\u00e9 et vos cheveux sains, tout en limitant la r\u00e9apparition des pellicules.<\/p>\n","protected":false},"excerpt":{"rendered":"<p>Les pellicules sont souvent le r\u00e9sultat d&rsquo;un renouvellement cellulaire acc\u00e9l\u00e9r\u00e9 du cuir chevelu, caus\u00e9 par divers facteurs comme l&rsquo;utilisation de<\/p>\n","protected":false},"featured_media":18775,"comment_status":"open","ping_status":"closed","template":"","meta":[],"product_brand":[253],"product_cat":[316],"product_tag":[],"class_list":{"0":"post-18738","1":"product","2":"type-product","3":"status-publish","4":"has-post-thumbnail","6":"product_brand-ecrinal","7":"product_cat-shampoings-soins-des-cheveux-cheveux","9":"first","10":"instock","11":"sale","12":"shipping-taxable","13":"purchasable","14":"product-type-simple"},"yoast_head":"<!-- This site is optimized with the Yoast SEO plugin v26.6 - https:\/\/yoast.com\/wordpress\/plugins\/seo\/ -->\r\n<title>ECRINAL SOINS CAPPILAIRES SHAMPOOING ANTI PELLICULAIRE 200 ML - Paracherkaoui.ma<\/title>\r\n<meta name=\"robots\" content=\"index, follow, max-snippet:-1, max-image-preview:large, max-video-preview:-1\" \/>\r\n<link rel=\"canonical\" href=\"https:\/\/paracherkaoui.ma\/index.php\/produit\/ecrinal-soins-cappilaires-shampooing-anti-pelliculaire-200-ml\/\" \/>\r\n<meta property=\"og:locale\" content=\"fr_FR\" \/>\r\n<meta property=\"og:type\" content=\"article\" \/>\r\n<meta property=\"og:title\" content=\"ECRINAL SOINS CAPPILAIRES SHAMPOOING ANTI PELLICULAIRE 200 ML - Paracherkaoui.ma\" \/>\r\n<meta property=\"og:description\" content=\"Les pellicules sont souvent le r\u00e9sultat d&rsquo;un renouvellement cellulaire acc\u00e9l\u00e9r\u00e9 du cuir chevelu, caus\u00e9 par divers facteurs comme l&rsquo;utilisation de\" \/>\r\n<meta property=\"og:url\" content=\"https:\/\/paracherkaoui.ma\/index.php\/produit\/ecrinal-soins-cappilaires-shampooing-anti-pelliculaire-200-ml\/\" \/>\r\n<meta property=\"og:site_name\" content=\"Paracherkaoui.ma\" \/>\r\n<meta property=\"article:modified_time\" content=\"2025-12-12T17:01:47+00:00\" \/>\r\n<meta property=\"og:image\" content=\"https:\/\/paracherkaoui.ma\/wp-content\/uploads\/2025\/12\/ecrinal-ecrinal-soins-cappilaires-shampooing-anti-pelliculaire-200-ml-shampoings-anti-pelliculaires.jpg\" \/>\r\n\t<meta property=\"og:image:width\" content=\"700\" \/>\r\n\t<meta property=\"og:image:height\" content=\"700\" \/>\r\n\t<meta property=\"og:image:type\" content=\"image\/jpeg\" \/>\r\n<meta name=\"twitter:card\" content=\"summary_large_image\" \/>\r\n<meta name=\"twitter:label1\" content=\"Dur\u00e9e de lecture estim\u00e9e\" \/>\n\t<meta name=\"twitter:data1\" content=\"1 minute\" \/>\r\n<script type=\"application\/ld+json\" class=\"yoast-schema-graph\">{\"@context\":\"https:\/\/schema.org\",\"@graph\":[{\"@type\":\"WebPage\",\"@id\":\"https:\/\/paracherkaoui.ma\/index.php\/produit\/ecrinal-soins-cappilaires-shampooing-anti-pelliculaire-200-ml\/\",\"url\":\"https:\/\/paracherkaoui.ma\/index.php\/produit\/ecrinal-soins-cappilaires-shampooing-anti-pelliculaire-200-ml\/\",\"name\":\"ECRINAL SOINS CAPPILAIRES SHAMPOOING ANTI PELLICULAIRE 200 ML - Paracherkaoui.ma\",\"isPartOf\":{\"@id\":\"https:\/\/paracherkaoui.ma\/#website\"},\"primaryImageOfPage\":{\"@id\":\"https:\/\/paracherkaoui.ma\/index.php\/produit\/ecrinal-soins-cappilaires-shampooing-anti-pelliculaire-200-ml\/#primaryimage\"},\"image\":{\"@id\":\"https:\/\/paracherkaoui.ma\/index.php\/produit\/ecrinal-soins-cappilaires-shampooing-anti-pelliculaire-200-ml\/#primaryimage\"},\"thumbnailUrl\":\"https:\/\/paracherkaoui.ma\/wp-content\/uploads\/2025\/12\/ecrinal-ecrinal-soins-cappilaires-shampooing-anti-pelliculaire-200-ml-shampoings-anti-pelliculaires.jpg\",\"datePublished\":\"2025-12-12T17:01:44+00:00\",\"dateModified\":\"2025-12-12T17:01:47+00:00\",\"breadcrumb\":{\"@id\":\"https:\/\/paracherkaoui.ma\/index.php\/produit\/ecrinal-soins-cappilaires-shampooing-anti-pelliculaire-200-ml\/#breadcrumb\"},\"inLanguage\":\"fr-FR\",\"potentialAction\":[{\"@type\":\"ReadAction\",\"target\":[\"https:\/\/paracherkaoui.ma\/index.php\/produit\/ecrinal-soins-cappilaires-shampooing-anti-pelliculaire-200-ml\/\"]}]},{\"@type\":\"ImageObject\",\"inLanguage\":\"fr-FR\",\"@id\":\"https:\/\/paracherkaoui.ma\/index.php\/produit\/ecrinal-soins-cappilaires-shampooing-anti-pelliculaire-200-ml\/#primaryimage\",\"url\":\"https:\/\/paracherkaoui.ma\/wp-content\/uploads\/2025\/12\/ecrinal-ecrinal-soins-cappilaires-shampooing-anti-pelliculaire-200-ml-shampoings-anti-pelliculaires.jpg\",\"contentUrl\":\"https:\/\/paracherkaoui.ma\/wp-content\/uploads\/2025\/12\/ecrinal-ecrinal-soins-cappilaires-shampooing-anti-pelliculaire-200-ml-shampoings-anti-pelliculaires.jpg\",\"width\":700,\"height\":700},{\"@type\":\"BreadcrumbList\",\"@id\":\"https:\/\/paracherkaoui.ma\/index.php\/produit\/ecrinal-soins-cappilaires-shampooing-anti-pelliculaire-200-ml\/#breadcrumb\",\"itemListElement\":[{\"@type\":\"ListItem\",\"position\":1,\"name\":\"Accueil\",\"item\":\"https:\/\/paracherkaoui.ma\/\"},{\"@type\":\"ListItem\",\"position\":2,\"name\":\"Boutique\",\"item\":\"https:\/\/paracherkaoui.ma\/index.php\/boutique\/\"},{\"@type\":\"ListItem\",\"position\":3,\"name\":\"ECRINAL SOINS CAPPILAIRES SHAMPOOING ANTI PELLICULAIRE 200 ML\"}]},{\"@type\":\"WebSite\",\"@id\":\"https:\/\/paracherkaoui.ma\/#website\",\"url\":\"https:\/\/paracherkaoui.ma\/\",\"name\":\"Paracherkaoui.ma\",\"description\":\"Achetez en ligne sur Paracherkaoui.ma\",\"potentialAction\":[{\"@type\":\"SearchAction\",\"target\":{\"@type\":\"EntryPoint\",\"urlTemplate\":\"https:\/\/paracherkaoui.ma\/?s={search_term_string}\"},\"query-input\":{\"@type\":\"PropertyValueSpecification\",\"valueRequired\":true,\"valueName\":\"search_term_string\"}}],\"inLanguage\":\"fr-FR\"}]}<\/script>\r\n<!-- \/ Yoast SEO plugin. -->","yoast_head_json":{"title":"ECRINAL SOINS CAPPILAIRES SHAMPOOING ANTI PELLICULAIRE 200 ML - Paracherkaoui.ma","robots":{"index":"index","follow":"follow","max-snippet":"max-snippet:-1","max-image-preview":"max-image-preview:large","max-video-preview":"max-video-preview:-1"},"canonical":"https:\/\/paracherkaoui.ma\/index.php\/produit\/ecrinal-soins-cappilaires-shampooing-anti-pelliculaire-200-ml\/","og_locale":"fr_FR","og_type":"article","og_title":"ECRINAL SOINS CAPPILAIRES SHAMPOOING ANTI PELLICULAIRE 200 ML - Paracherkaoui.ma","og_description":"Les pellicules sont souvent le r\u00e9sultat d&rsquo;un renouvellement cellulaire acc\u00e9l\u00e9r\u00e9 du cuir chevelu, caus\u00e9 par divers facteurs comme l&rsquo;utilisation de","og_url":"https:\/\/paracherkaoui.ma\/index.php\/produit\/ecrinal-soins-cappilaires-shampooing-anti-pelliculaire-200-ml\/","og_site_name":"Paracherkaoui.ma","article_modified_time":"2025-12-12T17:01:47+00:00","og_image":[{"width":700,"height":700,"url":"https:\/\/paracherkaoui.ma\/wp-content\/uploads\/2025\/12\/ecrinal-ecrinal-soins-cappilaires-shampooing-anti-pelliculaire-200-ml-shampoings-anti-pelliculaires.jpg","type":"image\/jpeg"}],"twitter_card":"summary_large_image","twitter_misc":{"Dur\u00e9e de lecture estim\u00e9e":"1 minute"},"schema":{"@context":"https:\/\/schema.org","@graph":[{"@type":"WebPage","@id":"https:\/\/paracherkaoui.ma\/index.php\/produit\/ecrinal-soins-cappilaires-shampooing-anti-pelliculaire-200-ml\/","url":"https:\/\/paracherkaoui.ma\/index.php\/produit\/ecrinal-soins-cappilaires-shampooing-anti-pelliculaire-200-ml\/","name":"ECRINAL SOINS CAPPILAIRES SHAMPOOING ANTI PELLICULAIRE 200 ML - Paracherkaoui.ma","isPartOf":{"@id":"https:\/\/paracherkaoui.ma\/#website"},"primaryImageOfPage":{"@id":"https:\/\/paracherkaoui.ma\/index.php\/produit\/ecrinal-soins-cappilaires-shampooing-anti-pelliculaire-200-ml\/#primaryimage"},"image":{"@id":"https:\/\/paracherkaoui.ma\/index.php\/produit\/ecrinal-soins-cappilaires-shampooing-anti-pelliculaire-200-ml\/#primaryimage"},"thumbnailUrl":"https:\/\/paracherkaoui.ma\/wp-content\/uploads\/2025\/12\/ecrinal-ecrinal-soins-cappilaires-shampooing-anti-pelliculaire-200-ml-shampoings-anti-pelliculaires.jpg","datePublished":"2025-12-12T17:01:44+00:00","dateModified":"2025-12-12T17:01:47+00:00","breadcrumb":{"@id":"https:\/\/paracherkaoui.ma\/index.php\/produit\/ecrinal-soins-cappilaires-shampooing-anti-pelliculaire-200-ml\/#breadcrumb"},"inLanguage":"fr-FR","potentialAction":[{"@type":"ReadAction","target":["https:\/\/paracherkaoui.ma\/index.php\/produit\/ecrinal-soins-cappilaires-shampooing-anti-pelliculaire-200-ml\/"]}]},{"@type":"ImageObject","inLanguage":"fr-FR","@id":"https:\/\/paracherkaoui.ma\/index.php\/produit\/ecrinal-soins-cappilaires-shampooing-anti-pelliculaire-200-ml\/#primaryimage","url":"https:\/\/paracherkaoui.ma\/wp-content\/uploads\/2025\/12\/ecrinal-ecrinal-soins-cappilaires-shampooing-anti-pelliculaire-200-ml-shampoings-anti-pelliculaires.jpg","contentUrl":"https:\/\/paracherkaoui.ma\/wp-content\/uploads\/2025\/12\/ecrinal-ecrinal-soins-cappilaires-shampooing-anti-pelliculaire-200-ml-shampoings-anti-pelliculaires.jpg","width":700,"height":700},{"@type":"BreadcrumbList","@id":"https:\/\/paracherkaoui.ma\/index.php\/produit\/ecrinal-soins-cappilaires-shampooing-anti-pelliculaire-200-ml\/#breadcrumb","itemListElement":[{"@type":"ListItem","position":1,"name":"Accueil","item":"https:\/\/paracherkaoui.ma\/"},{"@type":"ListItem","position":2,"name":"Boutique","item":"https:\/\/paracherkaoui.ma\/index.php\/boutique\/"},{"@type":"ListItem","position":3,"name":"ECRINAL SOINS CAPPILAIRES SHAMPOOING ANTI PELLICULAIRE 200 ML"}]},{"@type":"WebSite","@id":"https:\/\/paracherkaoui.ma\/#website","url":"https:\/\/paracherkaoui.ma\/","name":"Paracherkaoui.ma","description":"Achetez en ligne sur Paracherkaoui.ma","potentialAction":[{"@type":"SearchAction","target":{"@type":"EntryPoint","urlTemplate":"https:\/\/paracherkaoui.ma\/?s={search_term_string}"},"query-input":{"@type":"PropertyValueSpecification","valueRequired":true,"valueName":"search_term_string"}}],"inLanguage":"fr-FR"}]}},"_links":{"self":[{"href":"https:\/\/paracherkaoui.ma\/index.php\/wp-json\/wp\/v2\/product\/18738","targetHints":{"allow":["GET"]}}],"collection":[{"href":"https:\/\/paracherkaoui.ma\/index.php\/wp-json\/wp\/v2\/product"}],"about":[{"href":"https:\/\/paracherkaoui.ma\/index.php\/wp-json\/wp\/v2\/types\/product"}],"replies":[{"embeddable":true,"href":"https:\/\/paracherkaoui.ma\/index.php\/wp-json\/wp\/v2\/comments?post=18738"}],"version-history":[{"count":1,"href":"https:\/\/paracherkaoui.ma\/index.php\/wp-json\/wp\/v2\/product\/18738\/revisions"}],"predecessor-version":[{"id":18776,"href":"https:\/\/paracherkaoui.ma\/index.php\/wp-json\/wp\/v2\/product\/18738\/revisions\/18776"}],"wp:featuredmedia":[{"embeddable":true,"href":"https:\/\/paracherkaoui.ma\/index.php\/wp-json\/wp\/v2\/media\/18775"}],"wp:attachment":[{"href":"https:\/\/paracherkaoui.ma\/index.php\/wp-json\/wp\/v2\/media?parent=18738"}],"wp:term":[{"taxonomy":"product_brand","embeddable":true,"href":"https:\/\/paracherkaoui.ma\/index.php\/wp-json\/wp\/v2\/product_brand?post=18738"},{"taxonomy":"product_cat","embeddable":true,"href":"https:\/\/paracherkaoui.ma\/index.php\/wp-json\/wp\/v2\/product_cat?post=18738"},{"taxonomy":"product_tag","embeddable":true,"href":"https:\/\/paracherkaoui.ma\/index.php\/wp-json\/wp\/v2\/product_tag?post=18738"}],"curies":[{"name":"wp","href":"https:\/\/api.w.org\/{rel}","templated":true}]}}