{"id":18666,"date":"2025-12-12T18:01:36","date_gmt":"2025-12-12T17:01:36","guid":{"rendered":"https:\/\/test.ecbeaute.com\/?post_type=product&#038;p=18666"},"modified":"2025-12-12T18:01:42","modified_gmt":"2025-12-12T17:01:42","slug":"foligain-shampoing-triple-action-volumateur-homme-2-trioxidil-236-ml","status":"publish","type":"product","link":"https:\/\/paracherkaoui.ma\/index.php\/produit\/foligain-shampoing-triple-action-volumateur-homme-2-trioxidil-236-ml\/","title":{"rendered":"FOLIGAIN SHAMPOING TRIPLE ACTION VOLUMATEUR HOMME 2% TRIOXIDIL 236 ML"},"content":{"rendered":"<p>Le shampooing Foligain contient du Trioxidil, une formule innovante qui cible la sant\u00e9 capillaire de trois fa\u00e7ons. En \u00e9liminant en douceur les accumulations, il rajeunit les cheveux et revigore le cuir chevelu, offrant une apparence de pl\u00e9nitude et de corps. Cette technologie inclut des ingr\u00e9dients bioactifs, des plantes naturelles, et une m\u00e9thode de verrouillage de l&rsquo;humidit\u00e9.<br \/>\nCe shampooing est enrichi en biotine, cellules souches de fruits, herbes et extraits puissants. Ces nutriments cl\u00e9s favorisent une croissance saine des cheveux et am\u00e9liorent la sant\u00e9 globale du cuir chevelu, pr\u00e9venant les cheveux mous, ternes et secs ainsi que les desquamations disgracieuses.<br \/>\nLe shampooing Foligain offre des cheveux plus \u00e9pais et volumineux sans ingr\u00e9dients agressifs.<br \/>\nCOMPOSITION<br \/>\nAqua, Disodium Laureth Sulfosuccinate, Cocamidopropyl Betaine, Sodium Cocoyl Isethionate, Glycol Stearate, Cocamide MEA, Butyl\u00e8ne Glycol, Dextran, Ac\u00e9tyl Tetrapeptide-3, Trifolium Pratense (Tr\u00e8fle) Extrait de fleur, Polysorbate 80, Glyc\u00e9rine, Esters de jojoba hydrolys\u00e9s, Acide citrique, PEG -40 Huile de ricin hydrog\u00e9n\u00e9e, polysorbate 20, acide salicylique, prot\u00e9ine de bl\u00e9 hydrolys\u00e9e, prot\u00e9ine de soja hydrolys\u00e9e, t\u00e9trast\u00e9arate de penta\u00e9rythrityle PEG-150, glyc\u00e9rides capriques\/capryliques PEG-6, chlorhydrate d&rsquo;arginine, amidon de ma\u00efs hydrolys\u00e9, s\u00e9rine, thr\u00e9onine, Foeniculum Vulgare (fenouil) Extrait de fruit, extrait d&rsquo;humulus lupulus (houblon), extrait de feuille de m\u00e9lisse officinale (m\u00e9lisse), extrait de feuille de viscum album (gui), extrait de fleur de chamomilla recutita (matricaria), extrait d&rsquo;achillea millefolium (achill\u00e9e millefeuille), ur\u00e9e, allanto\u00efne, Equisetum arvense (pr\u00eale). ) Extrait, palmitate de r\u00e9tinyle (vitamine A), tocoph\u00e9rol (vitamine E), extrait de racine de b\u00eata vulgaris (betterave), extrait de feuille de Gingko biloba, extrait de fruit d&rsquo;Olea Europaea (olive), extrait de feuille d&rsquo;Aspalathus Linearis (Rooibos), Camellia Sinensis (th\u00e9 blanc ) Extrait de feuille, extrait de feuille de Camellia Sinensis (th\u00e9 vert), biotine, ph\u00e9noxy\u00e9thanol, parfum<br \/>\nCONSEIL D\u2019UTILISATION<br \/>\nAppliquez une quantit\u00e9 g\u00e9n\u00e9reuse sur cheveux mouill\u00e9s. Massez d\u00e9licatement le cuir chevelu et les cheveux pendant 1-2 minutes pour permettre aux ingr\u00e9dients actifs de p\u00e9n\u00e9trer. Rincez bien pour enlever toutes les traces de shampooing.<br \/>\nCe shampooing de 236 ml est parfait pour ceux qui cherchent une solution efficace et abordable pour des cheveux plus \u00e9pais et plus sains.<\/p>\n","protected":false},"excerpt":{"rendered":"<p>Le shampooing Foligain contient du Trioxidil, une formule innovante qui cible la sant\u00e9 capillaire de trois fa\u00e7ons. En \u00e9liminant en<\/p>\n","protected":false},"featured_media":18716,"comment_status":"open","ping_status":"closed","template":"","meta":[],"product_brand":[207],"product_cat":[316],"product_tag":[],"class_list":{"0":"post-18666","1":"product","2":"type-product","3":"status-publish","4":"has-post-thumbnail","6":"product_brand-foligain","7":"product_cat-shampoings-soins-des-cheveux-cheveux","9":"first","10":"instock","11":"sale","12":"shipping-taxable","13":"purchasable","14":"product-type-simple"},"yoast_head":"<!-- This site is optimized with the Yoast SEO plugin v26.6 - https:\/\/yoast.com\/wordpress\/plugins\/seo\/ -->\r\n<title>FOLIGAIN SHAMPOING TRIPLE ACTION VOLUMATEUR HOMME 2% TRIOXIDIL 236 ML - Paracherkaoui.ma<\/title>\r\n<meta name=\"robots\" content=\"index, follow, max-snippet:-1, max-image-preview:large, max-video-preview:-1\" \/>\r\n<link rel=\"canonical\" href=\"https:\/\/paracherkaoui.ma\/index.php\/produit\/foligain-shampoing-triple-action-volumateur-homme-2-trioxidil-236-ml\/\" \/>\r\n<meta property=\"og:locale\" content=\"fr_FR\" \/>\r\n<meta property=\"og:type\" content=\"article\" \/>\r\n<meta property=\"og:title\" content=\"FOLIGAIN SHAMPOING TRIPLE ACTION VOLUMATEUR HOMME 2% TRIOXIDIL 236 ML - Paracherkaoui.ma\" \/>\r\n<meta property=\"og:description\" content=\"Le shampooing Foligain contient du Trioxidil, une formule innovante qui cible la sant\u00e9 capillaire de trois fa\u00e7ons. En \u00e9liminant en\" \/>\r\n<meta property=\"og:url\" content=\"https:\/\/paracherkaoui.ma\/index.php\/produit\/foligain-shampoing-triple-action-volumateur-homme-2-trioxidil-236-ml\/\" \/>\r\n<meta property=\"og:site_name\" content=\"Paracherkaoui.ma\" \/>\r\n<meta property=\"article:modified_time\" content=\"2025-12-12T17:01:42+00:00\" \/>\r\n<meta property=\"og:image\" content=\"https:\/\/paracherkaoui.ma\/wp-content\/uploads\/2025\/12\/foligain-foligain-shampoing-triple-action-volumateur-homme-2-trioxidil-236-ml-shampoings-anti-chute.jpg\" \/>\r\n\t<meta property=\"og:image:width\" content=\"700\" \/>\r\n\t<meta property=\"og:image:height\" content=\"700\" \/>\r\n\t<meta property=\"og:image:type\" content=\"image\/jpeg\" \/>\r\n<meta name=\"twitter:card\" content=\"summary_large_image\" \/>\r\n<meta name=\"twitter:label1\" content=\"Dur\u00e9e de lecture estim\u00e9e\" \/>\n\t<meta name=\"twitter:data1\" content=\"2 minutes\" \/>\r\n<script type=\"application\/ld+json\" class=\"yoast-schema-graph\">{\"@context\":\"https:\/\/schema.org\",\"@graph\":[{\"@type\":\"WebPage\",\"@id\":\"https:\/\/paracherkaoui.ma\/index.php\/produit\/foligain-shampoing-triple-action-volumateur-homme-2-trioxidil-236-ml\/\",\"url\":\"https:\/\/paracherkaoui.ma\/index.php\/produit\/foligain-shampoing-triple-action-volumateur-homme-2-trioxidil-236-ml\/\",\"name\":\"FOLIGAIN SHAMPOING TRIPLE ACTION VOLUMATEUR HOMME 2% TRIOXIDIL 236 ML - Paracherkaoui.ma\",\"isPartOf\":{\"@id\":\"https:\/\/paracherkaoui.ma\/#website\"},\"primaryImageOfPage\":{\"@id\":\"https:\/\/paracherkaoui.ma\/index.php\/produit\/foligain-shampoing-triple-action-volumateur-homme-2-trioxidil-236-ml\/#primaryimage\"},\"image\":{\"@id\":\"https:\/\/paracherkaoui.ma\/index.php\/produit\/foligain-shampoing-triple-action-volumateur-homme-2-trioxidil-236-ml\/#primaryimage\"},\"thumbnailUrl\":\"https:\/\/paracherkaoui.ma\/wp-content\/uploads\/2025\/12\/foligain-foligain-shampoing-triple-action-volumateur-homme-2-trioxidil-236-ml-shampoings-anti-chute.jpg\",\"datePublished\":\"2025-12-12T17:01:36+00:00\",\"dateModified\":\"2025-12-12T17:01:42+00:00\",\"breadcrumb\":{\"@id\":\"https:\/\/paracherkaoui.ma\/index.php\/produit\/foligain-shampoing-triple-action-volumateur-homme-2-trioxidil-236-ml\/#breadcrumb\"},\"inLanguage\":\"fr-FR\",\"potentialAction\":[{\"@type\":\"ReadAction\",\"target\":[\"https:\/\/paracherkaoui.ma\/index.php\/produit\/foligain-shampoing-triple-action-volumateur-homme-2-trioxidil-236-ml\/\"]}]},{\"@type\":\"ImageObject\",\"inLanguage\":\"fr-FR\",\"@id\":\"https:\/\/paracherkaoui.ma\/index.php\/produit\/foligain-shampoing-triple-action-volumateur-homme-2-trioxidil-236-ml\/#primaryimage\",\"url\":\"https:\/\/paracherkaoui.ma\/wp-content\/uploads\/2025\/12\/foligain-foligain-shampoing-triple-action-volumateur-homme-2-trioxidil-236-ml-shampoings-anti-chute.jpg\",\"contentUrl\":\"https:\/\/paracherkaoui.ma\/wp-content\/uploads\/2025\/12\/foligain-foligain-shampoing-triple-action-volumateur-homme-2-trioxidil-236-ml-shampoings-anti-chute.jpg\",\"width\":700,\"height\":700},{\"@type\":\"BreadcrumbList\",\"@id\":\"https:\/\/paracherkaoui.ma\/index.php\/produit\/foligain-shampoing-triple-action-volumateur-homme-2-trioxidil-236-ml\/#breadcrumb\",\"itemListElement\":[{\"@type\":\"ListItem\",\"position\":1,\"name\":\"Accueil\",\"item\":\"https:\/\/paracherkaoui.ma\/\"},{\"@type\":\"ListItem\",\"position\":2,\"name\":\"Boutique\",\"item\":\"https:\/\/paracherkaoui.ma\/index.php\/boutique\/\"},{\"@type\":\"ListItem\",\"position\":3,\"name\":\"FOLIGAIN SHAMPOING TRIPLE ACTION VOLUMATEUR HOMME 2% TRIOXIDIL 236 ML\"}]},{\"@type\":\"WebSite\",\"@id\":\"https:\/\/paracherkaoui.ma\/#website\",\"url\":\"https:\/\/paracherkaoui.ma\/\",\"name\":\"Paracherkaoui.ma\",\"description\":\"Achetez en ligne sur Paracherkaoui.ma\",\"potentialAction\":[{\"@type\":\"SearchAction\",\"target\":{\"@type\":\"EntryPoint\",\"urlTemplate\":\"https:\/\/paracherkaoui.ma\/?s={search_term_string}\"},\"query-input\":{\"@type\":\"PropertyValueSpecification\",\"valueRequired\":true,\"valueName\":\"search_term_string\"}}],\"inLanguage\":\"fr-FR\"}]}<\/script>\r\n<!-- \/ Yoast SEO plugin. -->","yoast_head_json":{"title":"FOLIGAIN SHAMPOING TRIPLE ACTION VOLUMATEUR HOMME 2% TRIOXIDIL 236 ML - Paracherkaoui.ma","robots":{"index":"index","follow":"follow","max-snippet":"max-snippet:-1","max-image-preview":"max-image-preview:large","max-video-preview":"max-video-preview:-1"},"canonical":"https:\/\/paracherkaoui.ma\/index.php\/produit\/foligain-shampoing-triple-action-volumateur-homme-2-trioxidil-236-ml\/","og_locale":"fr_FR","og_type":"article","og_title":"FOLIGAIN SHAMPOING TRIPLE ACTION VOLUMATEUR HOMME 2% TRIOXIDIL 236 ML - Paracherkaoui.ma","og_description":"Le shampooing Foligain contient du Trioxidil, une formule innovante qui cible la sant\u00e9 capillaire de trois fa\u00e7ons. En \u00e9liminant en","og_url":"https:\/\/paracherkaoui.ma\/index.php\/produit\/foligain-shampoing-triple-action-volumateur-homme-2-trioxidil-236-ml\/","og_site_name":"Paracherkaoui.ma","article_modified_time":"2025-12-12T17:01:42+00:00","og_image":[{"width":700,"height":700,"url":"https:\/\/paracherkaoui.ma\/wp-content\/uploads\/2025\/12\/foligain-foligain-shampoing-triple-action-volumateur-homme-2-trioxidil-236-ml-shampoings-anti-chute.jpg","type":"image\/jpeg"}],"twitter_card":"summary_large_image","twitter_misc":{"Dur\u00e9e de lecture estim\u00e9e":"2 minutes"},"schema":{"@context":"https:\/\/schema.org","@graph":[{"@type":"WebPage","@id":"https:\/\/paracherkaoui.ma\/index.php\/produit\/foligain-shampoing-triple-action-volumateur-homme-2-trioxidil-236-ml\/","url":"https:\/\/paracherkaoui.ma\/index.php\/produit\/foligain-shampoing-triple-action-volumateur-homme-2-trioxidil-236-ml\/","name":"FOLIGAIN SHAMPOING TRIPLE ACTION VOLUMATEUR HOMME 2% TRIOXIDIL 236 ML - Paracherkaoui.ma","isPartOf":{"@id":"https:\/\/paracherkaoui.ma\/#website"},"primaryImageOfPage":{"@id":"https:\/\/paracherkaoui.ma\/index.php\/produit\/foligain-shampoing-triple-action-volumateur-homme-2-trioxidil-236-ml\/#primaryimage"},"image":{"@id":"https:\/\/paracherkaoui.ma\/index.php\/produit\/foligain-shampoing-triple-action-volumateur-homme-2-trioxidil-236-ml\/#primaryimage"},"thumbnailUrl":"https:\/\/paracherkaoui.ma\/wp-content\/uploads\/2025\/12\/foligain-foligain-shampoing-triple-action-volumateur-homme-2-trioxidil-236-ml-shampoings-anti-chute.jpg","datePublished":"2025-12-12T17:01:36+00:00","dateModified":"2025-12-12T17:01:42+00:00","breadcrumb":{"@id":"https:\/\/paracherkaoui.ma\/index.php\/produit\/foligain-shampoing-triple-action-volumateur-homme-2-trioxidil-236-ml\/#breadcrumb"},"inLanguage":"fr-FR","potentialAction":[{"@type":"ReadAction","target":["https:\/\/paracherkaoui.ma\/index.php\/produit\/foligain-shampoing-triple-action-volumateur-homme-2-trioxidil-236-ml\/"]}]},{"@type":"ImageObject","inLanguage":"fr-FR","@id":"https:\/\/paracherkaoui.ma\/index.php\/produit\/foligain-shampoing-triple-action-volumateur-homme-2-trioxidil-236-ml\/#primaryimage","url":"https:\/\/paracherkaoui.ma\/wp-content\/uploads\/2025\/12\/foligain-foligain-shampoing-triple-action-volumateur-homme-2-trioxidil-236-ml-shampoings-anti-chute.jpg","contentUrl":"https:\/\/paracherkaoui.ma\/wp-content\/uploads\/2025\/12\/foligain-foligain-shampoing-triple-action-volumateur-homme-2-trioxidil-236-ml-shampoings-anti-chute.jpg","width":700,"height":700},{"@type":"BreadcrumbList","@id":"https:\/\/paracherkaoui.ma\/index.php\/produit\/foligain-shampoing-triple-action-volumateur-homme-2-trioxidil-236-ml\/#breadcrumb","itemListElement":[{"@type":"ListItem","position":1,"name":"Accueil","item":"https:\/\/paracherkaoui.ma\/"},{"@type":"ListItem","position":2,"name":"Boutique","item":"https:\/\/paracherkaoui.ma\/index.php\/boutique\/"},{"@type":"ListItem","position":3,"name":"FOLIGAIN SHAMPOING TRIPLE ACTION VOLUMATEUR HOMME 2% TRIOXIDIL 236 ML"}]},{"@type":"WebSite","@id":"https:\/\/paracherkaoui.ma\/#website","url":"https:\/\/paracherkaoui.ma\/","name":"Paracherkaoui.ma","description":"Achetez en ligne sur Paracherkaoui.ma","potentialAction":[{"@type":"SearchAction","target":{"@type":"EntryPoint","urlTemplate":"https:\/\/paracherkaoui.ma\/?s={search_term_string}"},"query-input":{"@type":"PropertyValueSpecification","valueRequired":true,"valueName":"search_term_string"}}],"inLanguage":"fr-FR"}]}},"_links":{"self":[{"href":"https:\/\/paracherkaoui.ma\/index.php\/wp-json\/wp\/v2\/product\/18666","targetHints":{"allow":["GET"]}}],"collection":[{"href":"https:\/\/paracherkaoui.ma\/index.php\/wp-json\/wp\/v2\/product"}],"about":[{"href":"https:\/\/paracherkaoui.ma\/index.php\/wp-json\/wp\/v2\/types\/product"}],"replies":[{"embeddable":true,"href":"https:\/\/paracherkaoui.ma\/index.php\/wp-json\/wp\/v2\/comments?post=18666"}],"version-history":[{"count":1,"href":"https:\/\/paracherkaoui.ma\/index.php\/wp-json\/wp\/v2\/product\/18666\/revisions"}],"predecessor-version":[{"id":18717,"href":"https:\/\/paracherkaoui.ma\/index.php\/wp-json\/wp\/v2\/product\/18666\/revisions\/18717"}],"wp:featuredmedia":[{"embeddable":true,"href":"https:\/\/paracherkaoui.ma\/index.php\/wp-json\/wp\/v2\/media\/18716"}],"wp:attachment":[{"href":"https:\/\/paracherkaoui.ma\/index.php\/wp-json\/wp\/v2\/media?parent=18666"}],"wp:term":[{"taxonomy":"product_brand","embeddable":true,"href":"https:\/\/paracherkaoui.ma\/index.php\/wp-json\/wp\/v2\/product_brand?post=18666"},{"taxonomy":"product_cat","embeddable":true,"href":"https:\/\/paracherkaoui.ma\/index.php\/wp-json\/wp\/v2\/product_cat?post=18666"},{"taxonomy":"product_tag","embeddable":true,"href":"https:\/\/paracherkaoui.ma\/index.php\/wp-json\/wp\/v2\/product_tag?post=18666"}],"curies":[{"name":"wp","href":"https:\/\/api.w.org\/{rel}","templated":true}]}}