{"id":18577,"date":"2025-12-12T18:01:29","date_gmt":"2025-12-12T17:01:29","guid":{"rendered":"https:\/\/test.ecbeaute.com\/?post_type=product&#038;p=18577"},"modified":"2025-12-12T18:01:32","modified_gmt":"2025-12-12T17:01:32","slug":"biokap-shampoing-douche-cheveux-et-corps-lavande","status":"publish","type":"product","link":"https:\/\/paracherkaoui.ma\/index.php\/produit\/biokap-shampoing-douche-cheveux-et-corps-lavande\/","title":{"rendered":"BIOKAP SHAMPOING DOUCHE CHEVEUX ET CORPS LAVANDE"},"content":{"rendered":"<p>Description:<br \/>\nFormul\u00e9 \u00e0 partir de plantes issues de l\u2019agriculture biologique, le shampoing douche BioKap lave en douceur. Il est recommand\u00e9 pour ses propri\u00e9t\u00e9s hydratantes, apaisantes et adoucissantes. Doux pour la peau, il apporte \u00e9galement volume et brillance aux cheveux. Id\u00e9al pour toute la famille. Gr\u00e2ce \u00e0 la pr\u00e9sence des huiles essentielles de\u00a0 Thym et de Lavande \u00e0 action dermopurifiante, le produit est particuli\u00e8rement adapt\u00e9 apr\u00e8s une s\u00e9ance de gym ou de piscine.\u00a0Contenance:\u00a0200ml<br \/>\nCONSEILS D\u2019UTILISATION<br \/>\nAppliquer sur cheveux et corps mouill\u00e9s, masser pour former<\/p>\n","protected":false},"excerpt":{"rendered":"<p>Description: Formul\u00e9 \u00e0 partir de plantes issues de l\u2019agriculture biologique, le shampoing douche BioKap lave en douceur. Il est recommand\u00e9<\/p>\n","protected":false},"featured_media":18617,"comment_status":"open","ping_status":"closed","template":"","meta":[],"product_brand":[229],"product_cat":[316],"product_tag":[],"class_list":{"0":"post-18577","1":"product","2":"type-product","3":"status-publish","4":"has-post-thumbnail","6":"product_brand-biokap","7":"product_cat-shampoings-soins-des-cheveux-cheveux","9":"first","10":"instock","11":"sale","12":"shipping-taxable","13":"purchasable","14":"product-type-simple"},"yoast_head":"<!-- This site is optimized with the Yoast SEO plugin v26.6 - https:\/\/yoast.com\/wordpress\/plugins\/seo\/ -->\r\n<title>BIOKAP SHAMPOING DOUCHE CHEVEUX ET CORPS LAVANDE - Paracherkaoui.ma<\/title>\r\n<meta name=\"robots\" content=\"index, follow, max-snippet:-1, max-image-preview:large, max-video-preview:-1\" \/>\r\n<link rel=\"canonical\" href=\"https:\/\/paracherkaoui.ma\/index.php\/produit\/biokap-shampoing-douche-cheveux-et-corps-lavande\/\" \/>\r\n<meta property=\"og:locale\" content=\"fr_FR\" \/>\r\n<meta property=\"og:type\" content=\"article\" \/>\r\n<meta property=\"og:title\" content=\"BIOKAP SHAMPOING DOUCHE CHEVEUX ET CORPS LAVANDE - Paracherkaoui.ma\" \/>\r\n<meta property=\"og:description\" content=\"Description: Formul\u00e9 \u00e0 partir de plantes issues de l\u2019agriculture biologique, le shampoing douche BioKap lave en douceur. Il est recommand\u00e9\" \/>\r\n<meta property=\"og:url\" content=\"https:\/\/paracherkaoui.ma\/index.php\/produit\/biokap-shampoing-douche-cheveux-et-corps-lavande\/\" \/>\r\n<meta property=\"og:site_name\" content=\"Paracherkaoui.ma\" \/>\r\n<meta property=\"article:modified_time\" content=\"2025-12-12T17:01:32+00:00\" \/>\r\n<meta property=\"og:image\" content=\"https:\/\/paracherkaoui.ma\/wp-content\/uploads\/2025\/12\/biokap-shampoing-douche-cheveux-et-corps-lavande.jpg\" \/>\r\n\t<meta property=\"og:image:width\" content=\"700\" \/>\r\n\t<meta property=\"og:image:height\" content=\"700\" \/>\r\n\t<meta property=\"og:image:type\" content=\"image\/jpeg\" \/>\r\n<meta name=\"twitter:card\" content=\"summary_large_image\" \/>\r\n<script type=\"application\/ld+json\" class=\"yoast-schema-graph\">{\"@context\":\"https:\/\/schema.org\",\"@graph\":[{\"@type\":\"WebPage\",\"@id\":\"https:\/\/paracherkaoui.ma\/index.php\/produit\/biokap-shampoing-douche-cheveux-et-corps-lavande\/\",\"url\":\"https:\/\/paracherkaoui.ma\/index.php\/produit\/biokap-shampoing-douche-cheveux-et-corps-lavande\/\",\"name\":\"BIOKAP SHAMPOING DOUCHE CHEVEUX ET CORPS LAVANDE - Paracherkaoui.ma\",\"isPartOf\":{\"@id\":\"https:\/\/paracherkaoui.ma\/#website\"},\"primaryImageOfPage\":{\"@id\":\"https:\/\/paracherkaoui.ma\/index.php\/produit\/biokap-shampoing-douche-cheveux-et-corps-lavande\/#primaryimage\"},\"image\":{\"@id\":\"https:\/\/paracherkaoui.ma\/index.php\/produit\/biokap-shampoing-douche-cheveux-et-corps-lavande\/#primaryimage\"},\"thumbnailUrl\":\"https:\/\/paracherkaoui.ma\/wp-content\/uploads\/2025\/12\/biokap-shampoing-douche-cheveux-et-corps-lavande.jpg\",\"datePublished\":\"2025-12-12T17:01:29+00:00\",\"dateModified\":\"2025-12-12T17:01:32+00:00\",\"breadcrumb\":{\"@id\":\"https:\/\/paracherkaoui.ma\/index.php\/produit\/biokap-shampoing-douche-cheveux-et-corps-lavande\/#breadcrumb\"},\"inLanguage\":\"fr-FR\",\"potentialAction\":[{\"@type\":\"ReadAction\",\"target\":[\"https:\/\/paracherkaoui.ma\/index.php\/produit\/biokap-shampoing-douche-cheveux-et-corps-lavande\/\"]}]},{\"@type\":\"ImageObject\",\"inLanguage\":\"fr-FR\",\"@id\":\"https:\/\/paracherkaoui.ma\/index.php\/produit\/biokap-shampoing-douche-cheveux-et-corps-lavande\/#primaryimage\",\"url\":\"https:\/\/paracherkaoui.ma\/wp-content\/uploads\/2025\/12\/biokap-shampoing-douche-cheveux-et-corps-lavande.jpg\",\"contentUrl\":\"https:\/\/paracherkaoui.ma\/wp-content\/uploads\/2025\/12\/biokap-shampoing-douche-cheveux-et-corps-lavande.jpg\",\"width\":700,\"height\":700},{\"@type\":\"BreadcrumbList\",\"@id\":\"https:\/\/paracherkaoui.ma\/index.php\/produit\/biokap-shampoing-douche-cheveux-et-corps-lavande\/#breadcrumb\",\"itemListElement\":[{\"@type\":\"ListItem\",\"position\":1,\"name\":\"Accueil\",\"item\":\"https:\/\/paracherkaoui.ma\/\"},{\"@type\":\"ListItem\",\"position\":2,\"name\":\"Boutique\",\"item\":\"https:\/\/paracherkaoui.ma\/index.php\/boutique\/\"},{\"@type\":\"ListItem\",\"position\":3,\"name\":\"BIOKAP SHAMPOING DOUCHE CHEVEUX ET CORPS LAVANDE\"}]},{\"@type\":\"WebSite\",\"@id\":\"https:\/\/paracherkaoui.ma\/#website\",\"url\":\"https:\/\/paracherkaoui.ma\/\",\"name\":\"Paracherkaoui.ma\",\"description\":\"Achetez en ligne sur Paracherkaoui.ma\",\"potentialAction\":[{\"@type\":\"SearchAction\",\"target\":{\"@type\":\"EntryPoint\",\"urlTemplate\":\"https:\/\/paracherkaoui.ma\/?s={search_term_string}\"},\"query-input\":{\"@type\":\"PropertyValueSpecification\",\"valueRequired\":true,\"valueName\":\"search_term_string\"}}],\"inLanguage\":\"fr-FR\"}]}<\/script>\r\n<!-- \/ Yoast SEO plugin. -->","yoast_head_json":{"title":"BIOKAP SHAMPOING DOUCHE CHEVEUX ET CORPS LAVANDE - Paracherkaoui.ma","robots":{"index":"index","follow":"follow","max-snippet":"max-snippet:-1","max-image-preview":"max-image-preview:large","max-video-preview":"max-video-preview:-1"},"canonical":"https:\/\/paracherkaoui.ma\/index.php\/produit\/biokap-shampoing-douche-cheveux-et-corps-lavande\/","og_locale":"fr_FR","og_type":"article","og_title":"BIOKAP SHAMPOING DOUCHE CHEVEUX ET CORPS LAVANDE - Paracherkaoui.ma","og_description":"Description: Formul\u00e9 \u00e0 partir de plantes issues de l\u2019agriculture biologique, le shampoing douche BioKap lave en douceur. Il est recommand\u00e9","og_url":"https:\/\/paracherkaoui.ma\/index.php\/produit\/biokap-shampoing-douche-cheveux-et-corps-lavande\/","og_site_name":"Paracherkaoui.ma","article_modified_time":"2025-12-12T17:01:32+00:00","og_image":[{"width":700,"height":700,"url":"https:\/\/paracherkaoui.ma\/wp-content\/uploads\/2025\/12\/biokap-shampoing-douche-cheveux-et-corps-lavande.jpg","type":"image\/jpeg"}],"twitter_card":"summary_large_image","schema":{"@context":"https:\/\/schema.org","@graph":[{"@type":"WebPage","@id":"https:\/\/paracherkaoui.ma\/index.php\/produit\/biokap-shampoing-douche-cheveux-et-corps-lavande\/","url":"https:\/\/paracherkaoui.ma\/index.php\/produit\/biokap-shampoing-douche-cheveux-et-corps-lavande\/","name":"BIOKAP SHAMPOING DOUCHE CHEVEUX ET CORPS LAVANDE - Paracherkaoui.ma","isPartOf":{"@id":"https:\/\/paracherkaoui.ma\/#website"},"primaryImageOfPage":{"@id":"https:\/\/paracherkaoui.ma\/index.php\/produit\/biokap-shampoing-douche-cheveux-et-corps-lavande\/#primaryimage"},"image":{"@id":"https:\/\/paracherkaoui.ma\/index.php\/produit\/biokap-shampoing-douche-cheveux-et-corps-lavande\/#primaryimage"},"thumbnailUrl":"https:\/\/paracherkaoui.ma\/wp-content\/uploads\/2025\/12\/biokap-shampoing-douche-cheveux-et-corps-lavande.jpg","datePublished":"2025-12-12T17:01:29+00:00","dateModified":"2025-12-12T17:01:32+00:00","breadcrumb":{"@id":"https:\/\/paracherkaoui.ma\/index.php\/produit\/biokap-shampoing-douche-cheveux-et-corps-lavande\/#breadcrumb"},"inLanguage":"fr-FR","potentialAction":[{"@type":"ReadAction","target":["https:\/\/paracherkaoui.ma\/index.php\/produit\/biokap-shampoing-douche-cheveux-et-corps-lavande\/"]}]},{"@type":"ImageObject","inLanguage":"fr-FR","@id":"https:\/\/paracherkaoui.ma\/index.php\/produit\/biokap-shampoing-douche-cheveux-et-corps-lavande\/#primaryimage","url":"https:\/\/paracherkaoui.ma\/wp-content\/uploads\/2025\/12\/biokap-shampoing-douche-cheveux-et-corps-lavande.jpg","contentUrl":"https:\/\/paracherkaoui.ma\/wp-content\/uploads\/2025\/12\/biokap-shampoing-douche-cheveux-et-corps-lavande.jpg","width":700,"height":700},{"@type":"BreadcrumbList","@id":"https:\/\/paracherkaoui.ma\/index.php\/produit\/biokap-shampoing-douche-cheveux-et-corps-lavande\/#breadcrumb","itemListElement":[{"@type":"ListItem","position":1,"name":"Accueil","item":"https:\/\/paracherkaoui.ma\/"},{"@type":"ListItem","position":2,"name":"Boutique","item":"https:\/\/paracherkaoui.ma\/index.php\/boutique\/"},{"@type":"ListItem","position":3,"name":"BIOKAP SHAMPOING DOUCHE CHEVEUX ET CORPS LAVANDE"}]},{"@type":"WebSite","@id":"https:\/\/paracherkaoui.ma\/#website","url":"https:\/\/paracherkaoui.ma\/","name":"Paracherkaoui.ma","description":"Achetez en ligne sur Paracherkaoui.ma","potentialAction":[{"@type":"SearchAction","target":{"@type":"EntryPoint","urlTemplate":"https:\/\/paracherkaoui.ma\/?s={search_term_string}"},"query-input":{"@type":"PropertyValueSpecification","valueRequired":true,"valueName":"search_term_string"}}],"inLanguage":"fr-FR"}]}},"_links":{"self":[{"href":"https:\/\/paracherkaoui.ma\/index.php\/wp-json\/wp\/v2\/product\/18577","targetHints":{"allow":["GET"]}}],"collection":[{"href":"https:\/\/paracherkaoui.ma\/index.php\/wp-json\/wp\/v2\/product"}],"about":[{"href":"https:\/\/paracherkaoui.ma\/index.php\/wp-json\/wp\/v2\/types\/product"}],"replies":[{"embeddable":true,"href":"https:\/\/paracherkaoui.ma\/index.php\/wp-json\/wp\/v2\/comments?post=18577"}],"version-history":[{"count":1,"href":"https:\/\/paracherkaoui.ma\/index.php\/wp-json\/wp\/v2\/product\/18577\/revisions"}],"predecessor-version":[{"id":18618,"href":"https:\/\/paracherkaoui.ma\/index.php\/wp-json\/wp\/v2\/product\/18577\/revisions\/18618"}],"wp:featuredmedia":[{"embeddable":true,"href":"https:\/\/paracherkaoui.ma\/index.php\/wp-json\/wp\/v2\/media\/18617"}],"wp:attachment":[{"href":"https:\/\/paracherkaoui.ma\/index.php\/wp-json\/wp\/v2\/media?parent=18577"}],"wp:term":[{"taxonomy":"product_brand","embeddable":true,"href":"https:\/\/paracherkaoui.ma\/index.php\/wp-json\/wp\/v2\/product_brand?post=18577"},{"taxonomy":"product_cat","embeddable":true,"href":"https:\/\/paracherkaoui.ma\/index.php\/wp-json\/wp\/v2\/product_cat?post=18577"},{"taxonomy":"product_tag","embeddable":true,"href":"https:\/\/paracherkaoui.ma\/index.php\/wp-json\/wp\/v2\/product_tag?post=18577"}],"curies":[{"name":"wp","href":"https:\/\/api.w.org\/{rel}","templated":true}]}}