{"id":18496,"date":"2025-12-12T18:01:22","date_gmt":"2025-12-12T17:01:22","guid":{"rendered":"https:\/\/test.ecbeaute.com\/?post_type=product&#038;p=18496"},"modified":"2025-12-12T18:01:27","modified_gmt":"2025-12-12T17:01:27","slug":"crescina-shampoing-hfsc-femmes-200-ml","status":"publish","type":"product","link":"https:\/\/paracherkaoui.ma\/index.php\/produit\/crescina-shampoing-hfsc-femmes-200-ml\/","title":{"rendered":"CRESCINA SHAMPOING HFSC FEMMES 200 ML"},"content":{"rendered":"<p>Crescina HFSC Transdermic Woman Shampoo 200ml\u00a0est un shampooing stimulant la croissance des cheveux sp\u00e9cialement con\u00e7u pour les cheveux des femmes. En particulier, ce shampooing garantit un cuir chevelu parfaitement propre sans aucune trace de salet\u00e9, d&rsquo;huile ou m\u00eame de pellicules. \u00c0 son tour, cela est possible gr\u00e2ce \u00e0 l&rsquo;action exfoliante qui finit par soulever toutes les impuret\u00e9s de la peau puis les \u00e9liminer, ce qui donne un cuir chevelu rafra\u00eechi et propre. De plus, ce shampooing obtient un point culminant particulier car il finit par pr\u00e9parer les cheveux \u00e0 recevoir le traitement ou les ampoules Crescina HFSC Transdermic\u00a0. Fondamentalement, il garantit que ces produits p\u00e9n\u00e8trent beaucoup plus facilement dans le cuir chevelu, favorisant ainsi sa croissance forte et saine.<br \/>\nD&rsquo;autre part, ce shampooing contient \u00e9galement des ingr\u00e9dients actifs de Crescina Re-Growth HFSC, \u00e0 savoir la cyst\u00e9ine, la lysine, la glycoprot\u00e9ine et le moteur souche. De plus, enrichi de 3 stimulants tels que le Pentyl\u00e8ne, le D\u00e9cyl\u00e8ne et le Caprylyl Glycol, il am\u00e9liore les performances des principes actifs. Ainsi, ce shampooing favorise la croissance des cheveux, \u00e9limine efficacement la salet\u00e9, l&rsquo;exc\u00e8s de s\u00e9bum et les pellicules, et \u00e9limine l&rsquo;\u00e9lectricit\u00e9 statique sans provoquer d&rsquo;effet agressif sur le cuir chevelu sensible.<br \/>\nConseils d&rsquo;utilisation:<br \/>\nAppliquez Crescina HFSC Transdermic Woman Shampoo 200ml\u00a0sur les cheveux humides. Effectuez des mouvements de massage jusqu&rsquo;\u00e0 ce qu&rsquo;une mousse souple se forme. Ensuite, attendez 2 \u00e0 5 minutes et rincez abondamment \u00e0 l&rsquo;eau. Utiliser uniquement pour le lavage du cuir chevelu, pas plus de 1 \u00e0 2 fois par semaine pour le cuir chevelu sec et 2 \u00e0 3 fois pour le cuir chevelu gras.<\/p>\n","protected":false},"excerpt":{"rendered":"<p>Crescina HFSC Transdermic Woman Shampoo 200ml\u00a0est un shampooing stimulant la croissance des cheveux sp\u00e9cialement con\u00e7u pour les cheveux des femmes.<\/p>\n","protected":false},"featured_media":18550,"comment_status":"open","ping_status":"closed","template":"","meta":[],"product_brand":[281],"product_cat":[316],"product_tag":[],"class_list":{"0":"post-18496","1":"product","2":"type-product","3":"status-publish","4":"has-post-thumbnail","6":"product_brand-crescina","7":"product_cat-shampoings-soins-des-cheveux-cheveux","9":"first","10":"instock","11":"sale","12":"shipping-taxable","13":"purchasable","14":"product-type-simple"},"yoast_head":"<!-- This site is optimized with the Yoast SEO plugin v26.6 - https:\/\/yoast.com\/wordpress\/plugins\/seo\/ -->\r\n<title>CRESCINA SHAMPOING HFSC FEMMES 200 ML - Paracherkaoui.ma<\/title>\r\n<meta name=\"robots\" content=\"index, follow, max-snippet:-1, max-image-preview:large, max-video-preview:-1\" \/>\r\n<link rel=\"canonical\" href=\"https:\/\/paracherkaoui.ma\/index.php\/produit\/crescina-shampoing-hfsc-femmes-200-ml\/\" \/>\r\n<meta property=\"og:locale\" content=\"fr_FR\" \/>\r\n<meta property=\"og:type\" content=\"article\" \/>\r\n<meta property=\"og:title\" content=\"CRESCINA SHAMPOING HFSC FEMMES 200 ML - Paracherkaoui.ma\" \/>\r\n<meta property=\"og:description\" content=\"Crescina HFSC Transdermic Woman Shampoo 200ml\u00a0est un shampooing stimulant la croissance des cheveux sp\u00e9cialement con\u00e7u pour les cheveux des femmes.\" \/>\r\n<meta property=\"og:url\" content=\"https:\/\/paracherkaoui.ma\/index.php\/produit\/crescina-shampoing-hfsc-femmes-200-ml\/\" \/>\r\n<meta property=\"og:site_name\" content=\"Paracherkaoui.ma\" \/>\r\n<meta property=\"article:modified_time\" content=\"2025-12-12T17:01:27+00:00\" \/>\r\n<meta property=\"og:image\" content=\"https:\/\/paracherkaoui.ma\/wp-content\/uploads\/2025\/12\/crescina-crescina-shampoing-hfsc-femmes-200-ml-shampoings-usage-frequent.jpg\" \/>\r\n\t<meta property=\"og:image:width\" content=\"700\" \/>\r\n\t<meta property=\"og:image:height\" content=\"700\" \/>\r\n\t<meta property=\"og:image:type\" content=\"image\/jpeg\" \/>\r\n<meta name=\"twitter:card\" content=\"summary_large_image\" \/>\r\n<meta name=\"twitter:label1\" content=\"Dur\u00e9e de lecture estim\u00e9e\" \/>\n\t<meta name=\"twitter:data1\" content=\"1 minute\" \/>\r\n<script type=\"application\/ld+json\" class=\"yoast-schema-graph\">{\"@context\":\"https:\/\/schema.org\",\"@graph\":[{\"@type\":\"WebPage\",\"@id\":\"https:\/\/paracherkaoui.ma\/index.php\/produit\/crescina-shampoing-hfsc-femmes-200-ml\/\",\"url\":\"https:\/\/paracherkaoui.ma\/index.php\/produit\/crescina-shampoing-hfsc-femmes-200-ml\/\",\"name\":\"CRESCINA SHAMPOING HFSC FEMMES 200 ML - Paracherkaoui.ma\",\"isPartOf\":{\"@id\":\"https:\/\/paracherkaoui.ma\/#website\"},\"primaryImageOfPage\":{\"@id\":\"https:\/\/paracherkaoui.ma\/index.php\/produit\/crescina-shampoing-hfsc-femmes-200-ml\/#primaryimage\"},\"image\":{\"@id\":\"https:\/\/paracherkaoui.ma\/index.php\/produit\/crescina-shampoing-hfsc-femmes-200-ml\/#primaryimage\"},\"thumbnailUrl\":\"https:\/\/paracherkaoui.ma\/wp-content\/uploads\/2025\/12\/crescina-crescina-shampoing-hfsc-femmes-200-ml-shampoings-usage-frequent.jpg\",\"datePublished\":\"2025-12-12T17:01:22+00:00\",\"dateModified\":\"2025-12-12T17:01:27+00:00\",\"breadcrumb\":{\"@id\":\"https:\/\/paracherkaoui.ma\/index.php\/produit\/crescina-shampoing-hfsc-femmes-200-ml\/#breadcrumb\"},\"inLanguage\":\"fr-FR\",\"potentialAction\":[{\"@type\":\"ReadAction\",\"target\":[\"https:\/\/paracherkaoui.ma\/index.php\/produit\/crescina-shampoing-hfsc-femmes-200-ml\/\"]}]},{\"@type\":\"ImageObject\",\"inLanguage\":\"fr-FR\",\"@id\":\"https:\/\/paracherkaoui.ma\/index.php\/produit\/crescina-shampoing-hfsc-femmes-200-ml\/#primaryimage\",\"url\":\"https:\/\/paracherkaoui.ma\/wp-content\/uploads\/2025\/12\/crescina-crescina-shampoing-hfsc-femmes-200-ml-shampoings-usage-frequent.jpg\",\"contentUrl\":\"https:\/\/paracherkaoui.ma\/wp-content\/uploads\/2025\/12\/crescina-crescina-shampoing-hfsc-femmes-200-ml-shampoings-usage-frequent.jpg\",\"width\":700,\"height\":700},{\"@type\":\"BreadcrumbList\",\"@id\":\"https:\/\/paracherkaoui.ma\/index.php\/produit\/crescina-shampoing-hfsc-femmes-200-ml\/#breadcrumb\",\"itemListElement\":[{\"@type\":\"ListItem\",\"position\":1,\"name\":\"Accueil\",\"item\":\"https:\/\/paracherkaoui.ma\/\"},{\"@type\":\"ListItem\",\"position\":2,\"name\":\"Boutique\",\"item\":\"https:\/\/paracherkaoui.ma\/index.php\/boutique\/\"},{\"@type\":\"ListItem\",\"position\":3,\"name\":\"CRESCINA SHAMPOING HFSC FEMMES 200 ML\"}]},{\"@type\":\"WebSite\",\"@id\":\"https:\/\/paracherkaoui.ma\/#website\",\"url\":\"https:\/\/paracherkaoui.ma\/\",\"name\":\"Paracherkaoui.ma\",\"description\":\"Achetez en ligne sur Paracherkaoui.ma\",\"potentialAction\":[{\"@type\":\"SearchAction\",\"target\":{\"@type\":\"EntryPoint\",\"urlTemplate\":\"https:\/\/paracherkaoui.ma\/?s={search_term_string}\"},\"query-input\":{\"@type\":\"PropertyValueSpecification\",\"valueRequired\":true,\"valueName\":\"search_term_string\"}}],\"inLanguage\":\"fr-FR\"}]}<\/script>\r\n<!-- \/ Yoast SEO plugin. -->","yoast_head_json":{"title":"CRESCINA SHAMPOING HFSC FEMMES 200 ML - Paracherkaoui.ma","robots":{"index":"index","follow":"follow","max-snippet":"max-snippet:-1","max-image-preview":"max-image-preview:large","max-video-preview":"max-video-preview:-1"},"canonical":"https:\/\/paracherkaoui.ma\/index.php\/produit\/crescina-shampoing-hfsc-femmes-200-ml\/","og_locale":"fr_FR","og_type":"article","og_title":"CRESCINA SHAMPOING HFSC FEMMES 200 ML - Paracherkaoui.ma","og_description":"Crescina HFSC Transdermic Woman Shampoo 200ml\u00a0est un shampooing stimulant la croissance des cheveux sp\u00e9cialement con\u00e7u pour les cheveux des femmes.","og_url":"https:\/\/paracherkaoui.ma\/index.php\/produit\/crescina-shampoing-hfsc-femmes-200-ml\/","og_site_name":"Paracherkaoui.ma","article_modified_time":"2025-12-12T17:01:27+00:00","og_image":[{"width":700,"height":700,"url":"https:\/\/paracherkaoui.ma\/wp-content\/uploads\/2025\/12\/crescina-crescina-shampoing-hfsc-femmes-200-ml-shampoings-usage-frequent.jpg","type":"image\/jpeg"}],"twitter_card":"summary_large_image","twitter_misc":{"Dur\u00e9e de lecture estim\u00e9e":"1 minute"},"schema":{"@context":"https:\/\/schema.org","@graph":[{"@type":"WebPage","@id":"https:\/\/paracherkaoui.ma\/index.php\/produit\/crescina-shampoing-hfsc-femmes-200-ml\/","url":"https:\/\/paracherkaoui.ma\/index.php\/produit\/crescina-shampoing-hfsc-femmes-200-ml\/","name":"CRESCINA SHAMPOING HFSC FEMMES 200 ML - Paracherkaoui.ma","isPartOf":{"@id":"https:\/\/paracherkaoui.ma\/#website"},"primaryImageOfPage":{"@id":"https:\/\/paracherkaoui.ma\/index.php\/produit\/crescina-shampoing-hfsc-femmes-200-ml\/#primaryimage"},"image":{"@id":"https:\/\/paracherkaoui.ma\/index.php\/produit\/crescina-shampoing-hfsc-femmes-200-ml\/#primaryimage"},"thumbnailUrl":"https:\/\/paracherkaoui.ma\/wp-content\/uploads\/2025\/12\/crescina-crescina-shampoing-hfsc-femmes-200-ml-shampoings-usage-frequent.jpg","datePublished":"2025-12-12T17:01:22+00:00","dateModified":"2025-12-12T17:01:27+00:00","breadcrumb":{"@id":"https:\/\/paracherkaoui.ma\/index.php\/produit\/crescina-shampoing-hfsc-femmes-200-ml\/#breadcrumb"},"inLanguage":"fr-FR","potentialAction":[{"@type":"ReadAction","target":["https:\/\/paracherkaoui.ma\/index.php\/produit\/crescina-shampoing-hfsc-femmes-200-ml\/"]}]},{"@type":"ImageObject","inLanguage":"fr-FR","@id":"https:\/\/paracherkaoui.ma\/index.php\/produit\/crescina-shampoing-hfsc-femmes-200-ml\/#primaryimage","url":"https:\/\/paracherkaoui.ma\/wp-content\/uploads\/2025\/12\/crescina-crescina-shampoing-hfsc-femmes-200-ml-shampoings-usage-frequent.jpg","contentUrl":"https:\/\/paracherkaoui.ma\/wp-content\/uploads\/2025\/12\/crescina-crescina-shampoing-hfsc-femmes-200-ml-shampoings-usage-frequent.jpg","width":700,"height":700},{"@type":"BreadcrumbList","@id":"https:\/\/paracherkaoui.ma\/index.php\/produit\/crescina-shampoing-hfsc-femmes-200-ml\/#breadcrumb","itemListElement":[{"@type":"ListItem","position":1,"name":"Accueil","item":"https:\/\/paracherkaoui.ma\/"},{"@type":"ListItem","position":2,"name":"Boutique","item":"https:\/\/paracherkaoui.ma\/index.php\/boutique\/"},{"@type":"ListItem","position":3,"name":"CRESCINA SHAMPOING HFSC FEMMES 200 ML"}]},{"@type":"WebSite","@id":"https:\/\/paracherkaoui.ma\/#website","url":"https:\/\/paracherkaoui.ma\/","name":"Paracherkaoui.ma","description":"Achetez en ligne sur Paracherkaoui.ma","potentialAction":[{"@type":"SearchAction","target":{"@type":"EntryPoint","urlTemplate":"https:\/\/paracherkaoui.ma\/?s={search_term_string}"},"query-input":{"@type":"PropertyValueSpecification","valueRequired":true,"valueName":"search_term_string"}}],"inLanguage":"fr-FR"}]}},"_links":{"self":[{"href":"https:\/\/paracherkaoui.ma\/index.php\/wp-json\/wp\/v2\/product\/18496","targetHints":{"allow":["GET"]}}],"collection":[{"href":"https:\/\/paracherkaoui.ma\/index.php\/wp-json\/wp\/v2\/product"}],"about":[{"href":"https:\/\/paracherkaoui.ma\/index.php\/wp-json\/wp\/v2\/types\/product"}],"replies":[{"embeddable":true,"href":"https:\/\/paracherkaoui.ma\/index.php\/wp-json\/wp\/v2\/comments?post=18496"}],"version-history":[{"count":1,"href":"https:\/\/paracherkaoui.ma\/index.php\/wp-json\/wp\/v2\/product\/18496\/revisions"}],"predecessor-version":[{"id":18551,"href":"https:\/\/paracherkaoui.ma\/index.php\/wp-json\/wp\/v2\/product\/18496\/revisions\/18551"}],"wp:featuredmedia":[{"embeddable":true,"href":"https:\/\/paracherkaoui.ma\/index.php\/wp-json\/wp\/v2\/media\/18550"}],"wp:attachment":[{"href":"https:\/\/paracherkaoui.ma\/index.php\/wp-json\/wp\/v2\/media?parent=18496"}],"wp:term":[{"taxonomy":"product_brand","embeddable":true,"href":"https:\/\/paracherkaoui.ma\/index.php\/wp-json\/wp\/v2\/product_brand?post=18496"},{"taxonomy":"product_cat","embeddable":true,"href":"https:\/\/paracherkaoui.ma\/index.php\/wp-json\/wp\/v2\/product_cat?post=18496"},{"taxonomy":"product_tag","embeddable":true,"href":"https:\/\/paracherkaoui.ma\/index.php\/wp-json\/wp\/v2\/product_tag?post=18496"}],"curies":[{"name":"wp","href":"https:\/\/api.w.org\/{rel}","templated":true}]}}